{"id":42,"date":"2010-08-27T02:25:44","date_gmt":"2010-08-27T02:25:44","guid":{"rendered":"http:\/\/blog.espol.edu.ec\/karlaberru\/?page_id=42"},"modified":"2010-08-27T02:32:38","modified_gmt":"2010-08-27T02:32:38","slug":"proyecto-csect","status":"publish","type":"page","link":"https:\/\/blog.espol.edu.ec\/karlaberru\/proyecto-csect\/","title":{"rendered":"Proyecto  Csect"},"content":{"rendered":"<p style=\"text-align: center\"><strong><span style=\"color: #ff0000\">CONCURSO SEMESTRAL DE EMPRENDIMIENTO CIENCIA Y TECNLOGIA<\/span><\/strong><\/p>\n<p style=\"text-align: center\"><span style=\"color: #0000ff\">CSECT<\/span><\/p>\n<p style=\"text-align: center\"><span style=\"text-decoration: underline\"><span style=\"color: #003300\">NATURAL CARE<\/span><\/span><\/p>\n<h5 style=\"text-align: center\"><span style=\"color: #993366\">\u201cCuida tu piel\u2026.naturalmente\u201d<\/span><\/h5>\n<h5>\u00a0<br \/>\nNatural Care, es un producto innovador que ha sido elaborado exclusivamente para el cuidado de tu piel. El producto consiste en mascarillas a base de frutas y vegetales con propiedades curativas asociadas con la dermatolog\u00eda, es decir, disminuye los signos de la madurez de tu piel y ayuda a combatir el acn\u00e9.<\/h5>\n<p>OBJETIVOS:<\/p>\n<p>- Despu\u00e9s de 4 semanas de uso, consecutivo, obtener un rosto libre de impurezas y acn\u00e9, y m\u00e1s que todo humectado.<\/p>\n<p>- Contribuir con el medio ambiente, mediante el uso de materia prima de origen natural, para as\u00ed evitar contaminarlo.<\/p>\n<p>BENEFICIOS:<\/p>\n<p>\u2022En nuestra piel existen poros, en los cuales al estar abiertos se acumulan impurezas lo que provoca la aparici\u00f3n de puntos negros y los denominados \u201cbarritos\u201d. De manera que nuestro producto ayudara a cerrar dichos poros y<br \/>\n\u2022Tambi\u00e9n por las propiedades de las frutas utilizadas, tiene un efecto suavizante y ligeramente astringente sobre el cutis.<\/p>\n<p>PROCEDIMIENTO:<\/p>\n<p>\u2022Mascarilla de manzana<\/p>\n<p><a href=\"http:\/\/blog.espol.edu.ec\/karlaberru\/files\/2010\/08\/COCINA1.jpg\"><img loading=\"lazy\" decoding=\"async\" title=\"COCINA~1\" src=\"http:\/\/blog.espol.edu.ec\/karlaberru\/files\/2010\/08\/COCINA1-150x150.jpg\" alt=\"\" width=\"150\" height=\"150\" \/><\/a><\/p>\n<p>Materiales:<\/p>\n<p>\u202240 gr manzana<br \/>\n\u202210 gr de yogur natural<br \/>\n\u202210 gramos de zumo de lim\u00f3n<br \/>\n\u202210 gr de miel<br \/>\n\u202210 gr de lanolina<br \/>\n\u202220 gr de avena<br \/>\nPreparaci\u00f3n:<\/p>\n<p>Para la preparaci\u00f3n de esta mascarilla comenzamos cortando en rodajas los 40 gramos de la manzana, incluimos su piel, a continuaci\u00f3n agregamos 20 gramos de avena, luego a\u00f1adimos los 10 gramos de yogurt natural, los 10 gramos de zumo de lim\u00f3n y tambi\u00e9n los 10 gramos de miel. Una vez que tenemos juntos todos los ingredientes anteriormente mencionados procedemos a mezclar bien con una trituradora hasta obtener una pasta homog\u00e9nea.<\/p>\n<p>Luego procedemos a introducir en la mezcla el conservante, para finalmente envasar el producto.<\/p>\n<p>\u2022 Mascarilla de naranja<\/p>\n<p><a href=\"http:\/\/blog.espol.edu.ec\/karlaberru\/files\/2010\/08\/rodajas_narajas-300x168.jpg\"><img loading=\"lazy\" decoding=\"async\" title=\"rodajas_narajas-300x168\" src=\"http:\/\/blog.espol.edu.ec\/karlaberru\/files\/2010\/08\/rodajas_narajas-300x168-150x150.jpg\" alt=\"\" width=\"150\" height=\"150\" \/><\/a><\/p>\n<p>Materiales:<\/p>\n<p>\u2022La piel de una naranja (aproximadamente 40 gramos)<br \/>\n\u202220 gramos de yogur natural<br \/>\n\u202220 gramos de harina de avena<br \/>\n\u202210 gramos de miel<br \/>\n\u202210 gramos de lanolina<\/p>\n<p>Preparaci\u00f3n:<\/p>\n<p>Primero rallamos la piel de la naranja de tal manera que quede casi pulverizada, es recomendable usar un triturador para llevar a cabo este proceso. Luego a\u00f1adimos los 20 gramos de yogurt, los 20 gramos de avena y los 10 gramos de miel. Procedemos a licuar hasta obtener una pasta bien cremosa y homog\u00e9nea.<\/p>\n<p>Instrucciones de uso:<\/p>\n<p>Para proceder a aplicar, primero debemos lavar y dejar el \u00e1rea afectada libre de impurezas, para luego as\u00ed esparcir bien la mezcla por toda el \u00e1rea anteriormente mencionada y dejarla que act\u00fae de 15 a 20 minutos. Luego retiramos con agua tibia. Cabe recalcar que se debe aplicar con un m\u00ednimo de 3 veces por semana.<\/p>\n<p>Gigantografia del Proyecto<\/p>\n<p><a href=\"http:\/\/blog.espol.edu.ec\/karlaberru\/files\/2010\/08\/gigantografia1.jpg\"><img loading=\"lazy\" decoding=\"async\" class=\"alignright size-full wp-image-45\" title=\"gigantografia\" src=\"http:\/\/blog.espol.edu.ec\/karlaberru\/files\/2010\/08\/gigantografia1.jpg\" alt=\"\" width=\"775\" height=\"790\" srcset=\"https:\/\/blog.espol.edu.ec\/karlaberru\/files\/2010\/08\/gigantografia1.jpg 775w, https:\/\/blog.espol.edu.ec\/karlaberru\/files\/2010\/08\/gigantografia1-294x300.jpg 294w\" sizes=\"auto, (max-width: 775px) 100vw, 775px\" \/><\/a><\/p>\n","protected":false},"excerpt":{"rendered":"<p>CONCURSO SEMESTRAL DE EMPRENDIMIENTO CIENCIA Y TECNLOGIA CSECT NATURAL CARE \u201cCuida tu piel\u2026.naturalmente\u201d \u00a0 Natural Care, es un producto innovador que ha sido elaborado exclusivamente para el cuidado de tu piel. El producto consiste en mascarillas a base de frutas y vegetales con propiedades curativas asociadas con la dermatolog\u00eda, es decir, disminuye los signos de [&hellip;]<\/p>\n","protected":false},"author":4809,"featured_media":0,"parent":0,"menu_order":0,"comment_status":"open","ping_status":"open","template":"","meta":{"footnotes":""},"class_list":["post-42","page","type-page","status-publish","hentry"],"_links":{"self":[{"href":"https:\/\/blog.espol.edu.ec\/karlaberru\/wp-json\/wp\/v2\/pages\/42","targetHints":{"allow":["GET"]}}],"collection":[{"href":"https:\/\/blog.espol.edu.ec\/karlaberru\/wp-json\/wp\/v2\/pages"}],"about":[{"href":"https:\/\/blog.espol.edu.ec\/karlaberru\/wp-json\/wp\/v2\/types\/page"}],"author":[{"embeddable":true,"href":"https:\/\/blog.espol.edu.ec\/karlaberru\/wp-json\/wp\/v2\/users\/4809"}],"replies":[{"embeddable":true,"href":"https:\/\/blog.espol.edu.ec\/karlaberru\/wp-json\/wp\/v2\/comments?post=42"}],"version-history":[{"count":3,"href":"https:\/\/blog.espol.edu.ec\/karlaberru\/wp-json\/wp\/v2\/pages\/42\/revisions"}],"predecessor-version":[{"id":44,"href":"https:\/\/blog.espol.edu.ec\/karlaberru\/wp-json\/wp\/v2\/pages\/42\/revisions\/44"}],"wp:attachment":[{"href":"https:\/\/blog.espol.edu.ec\/karlaberru\/wp-json\/wp\/v2\/media?parent=42"}],"curies":[{"name":"wp","href":"https:\/\/api.w.org\/{rel}","templated":true}]}}