{"id":2,"date":"2011-05-29T19:44:19","date_gmt":"2011-05-29T19:44:19","guid":{"rendered":""},"modified":"2011-05-30T00:58:42","modified_gmt":"2011-05-30T00:58:42","slug":"about","status":"publish","type":"page","link":"https:\/\/blog.espol.edu.ec\/karliqui\/about\/","title":{"rendered":"Un Valor Para Cada Dia"},"content":{"rendered":"<p>Los valores es la caracter\u00edstica que uno mismo se pone en como es, como se comporta y como se siente. Desde muy peque\u00f1os los padres es el pilar de la ense\u00f1anza de aquellos valores pero est\u00e1 en nosotros ejercerlos como debe ser.\u00a0 El c\u00f3mo descubrimos que valores poseemos esta en nosotros mismo sabiendo que somos y siendo uno mismo.<\/p>\n<p>Ejercer un valor cada d\u00eda es la esencia de saber que cada acto de nosotros esta bien, es el hecho de hacer lo correcto y saber lo que se hace esta bien.\u00a0El valor es todo encerrado en las cosas, descubierto con mi inteligencia, deseado y querido por mi voluntad. Los valores dignifican y acompa\u00f1an la existencia de cualquier ser humano.<\/p>\n<p>El hombre podr\u00eda apreciarlos, si es educado en ellos. Y educar en los valores es lo mismo que educar moralmente, pues ser\u00e1n los valores los que ense\u00f1an al individuo a comportarse como hombre, como persona. Pero se necesita educar en una recta jerarqu\u00eda de valores.<\/p>\n<p>El valor, por lo tanto, es la convicci\u00f3n razonada y firme de que algo es bueno o malo y de que nos conviene m\u00e1s o menos.<\/p>\n<p>Valores tenemos muchos, pero \u00bfC\u00f3mo saber que valores estamos ejerciendo bien y cu\u00e1les mal?...<\/p>\n<p>Entre los valor que mas destacamos esta el Valor del Amor...<\/p>\n<div id=\"attachment_41\" style=\"width: 360px\" class=\"wp-caption alignleft\"><a href=\"http:\/\/blog.espol.edu.ec\/karliqui\/files\/2011\/05\/cosas-de-amor-romace-imagenes-de-amor.jpg\"><img loading=\"lazy\" decoding=\"async\" aria-describedby=\"caption-attachment-41\" class=\"size-full wp-image-41\" title=\"Imagen de Amor\" src=\"http:\/\/blog.espol.edu.ec\/karliqui\/files\/2011\/05\/cosas-de-amor-romace-imagenes-de-amor.jpg\" alt=\"Imagen de Amor\" width=\"350\" height=\"291\" srcset=\"https:\/\/blog.espol.edu.ec\/karliqui\/files\/2011\/05\/cosas-de-amor-romace-imagenes-de-amor.jpg 350w, https:\/\/blog.espol.edu.ec\/karliqui\/files\/2011\/05\/cosas-de-amor-romace-imagenes-de-amor-300x249.jpg 300w\" sizes=\"auto, (max-width: 350px) 100vw, 350px\" \/><\/a><p id=\"caption-attachment-41\" class=\"wp-caption-text\">Imagen de Amor<\/p><\/div>\n<p>Es el\u00a0sentimiento\u00a0m\u00e1s fuerte y sincero que posee el ser humano. Este valor con solo cuatro letras; dos vocales y dos consonantes, puede hacer que lo imposible se vuelva posible, no es el hecho de amar y ser amado, aunque es lo que uno busca cuando ama, pero tambi\u00e9n hay amores desinteresados que no busca que los dem\u00e1s los amen si no que solo se ama y ya, aqu\u00ed encontramos el amor familiar y entre amigos.<\/p>\n<p>El amor como valor se convierte en el punto m\u00e1s elevado en la escala de valores, pero es del amor de donde derivan todos los dem\u00e1s valores tales como la bondad, la humildad, entre otros, el amor perdura como uno de los valores fundamentales del ser humano. El amor tiene una enorme virtud la cual es de persistir contra toda adversidad y vencer obst\u00e1culos.<\/p>\n<p>El amor es como un lente que al coloc\u00e1rnoslo hace que visualicemos las cosas de un punto de vista positivo, lograr que hagamos las cosas con much\u00edsimo entusiasmo.<\/p>\n<p>La manera m\u00e1s sencilla de cultivar el amor es irlo alimentando de peque\u00f1os detalles, de esos detalles que nos alegran un d\u00eda por completo, de esos que nos recuerdan lo bella que es la vida.<\/p>\n<p>Sin detalles es muy poco probable que este valor se vaya alimentando, porque es en los peque\u00f1os detalles que se encuentra el verdadero significado de este valor tan hermoso como es el amor. Qu\u00e9 bonito es recibir un abrazo inesperado de una persona que lo hace con el mayor desinter\u00e9s de recibir algo a cambio, y si ese abrazo nunca llega se preguntaran, entonces seamos nosotros quien le regalemos el abrazo a una persona, tanto recibir como dar detalles ya sea un fuerte abrazo lleno de alegr\u00eda o quiz\u00e1s una sonrisa del coraz\u00f3n alimentaran al amor, hacen el amor crezca.<\/p>\n<p>El amor es el sentimiento m\u00e1s importante de los seres humanos. El amor es comprender, servir, dar, compartir, querer, respetar y convivir. A trav\u00e9s del amor podemos compartir cosas buenas y malas con lo que nos rodean. No s\u00f3lo sentimos amor por nuestros padres, sino tambi\u00e9n por nosotros mismo, por nuestros semejantes y por el medio ambiente que nos rodea.<\/p>\n<p>Se podr\u00eda escribir libros enteros sobre este valor, pero muy pocos saben lo que si es el amor...<\/p>\n","protected":false},"excerpt":{"rendered":"<p>Los valores es la caracter\u00edstica que uno mismo se pone en como es, como se comporta y como se siente. Desde muy peque\u00f1os los padres es el pilar de la ense\u00f1anza de aquellos valores pero est\u00e1 en nosotros ejercerlos como debe ser.\u00a0 El c\u00f3mo descubrimos que valores poseemos esta en nosotros mismo sabiendo que somos [&hellip;]<\/p>\n","protected":false},"author":5735,"featured_media":0,"parent":0,"menu_order":0,"comment_status":"open","ping_status":"open","template":"","meta":{"footnotes":""},"class_list":["post-2","page","type-page","status-publish","hentry"],"_links":{"self":[{"href":"https:\/\/blog.espol.edu.ec\/karliqui\/wp-json\/wp\/v2\/pages\/2","targetHints":{"allow":["GET"]}}],"collection":[{"href":"https:\/\/blog.espol.edu.ec\/karliqui\/wp-json\/wp\/v2\/pages"}],"about":[{"href":"https:\/\/blog.espol.edu.ec\/karliqui\/wp-json\/wp\/v2\/types\/page"}],"author":[{"embeddable":true,"href":"https:\/\/blog.espol.edu.ec\/karliqui\/wp-json\/wp\/v2\/users\/5735"}],"replies":[{"embeddable":true,"href":"https:\/\/blog.espol.edu.ec\/karliqui\/wp-json\/wp\/v2\/comments?post=2"}],"version-history":[{"count":3,"href":"https:\/\/blog.espol.edu.ec\/karliqui\/wp-json\/wp\/v2\/pages\/2\/revisions"}],"predecessor-version":[{"id":43,"href":"https:\/\/blog.espol.edu.ec\/karliqui\/wp-json\/wp\/v2\/pages\/2\/revisions\/43"}],"wp:attachment":[{"href":"https:\/\/blog.espol.edu.ec\/karliqui\/wp-json\/wp\/v2\/media?parent=2"}],"curies":[{"name":"wp","href":"https:\/\/api.w.org\/{rel}","templated":true}]}}