{"id":58,"date":"2014-06-09T23:58:13","date_gmt":"2014-06-10T04:58:13","guid":{"rendered":"http:\/\/blog.espol.edu.ec\/karmavil\/?page_id=58"},"modified":"2014-06-09T23:59:40","modified_gmt":"2014-06-10T04:59:40","slug":"praga","status":"publish","type":"page","link":"https:\/\/blog.espol.edu.ec\/karmavil\/praga\/","title":{"rendered":"Praga"},"content":{"rendered":"<p>Capital de Rep\u00fablica Checa, s<span style=\"color: #252525\">ituada en las orillas del r\u00edo\u00a0<\/span>Moldava<span style=\"color: #252525\">, tiene aproximadamente 1,2 millones de habitantes, lo que la convierte en la ciudad m\u00e1s poblada del pa\u00eds. \u00a0<\/span>Desde\u00a01992\u00a0el casco hist\u00f3rico de la ciudad es\u00a0Patrimonio de la Humanidad.\u00a0Su belleza y patrimonio hist\u00f3rico la convierten en una de las veinte ciudades m\u00e1s visitadas del mundo.<\/p>\n<p style=\"color: #252525\">Praga se ha desarrollado desde el siglo IX, convirti\u00e9ndose en una de las capitales m\u00e1s importantes de Europa en los siglos XVIII y XIX. Sin embargo en el siglo XX sufri\u00f3 las dos guerras mundiales y, principalmente, la dictadura nazi. Tras la segunda guerra, qued\u00f3 dentro de la esfera de influencia sovi\u00e9tica. Tras la\u00a0Revoluci\u00f3n de terciopelo\u00a0y la ca\u00edda del\u00a0Muro de Berl\u00edn\u00a0la ciudad se ha ido adaptando a la econom\u00eda de mercado.<\/p>\n<p style=\"color: #252525\"><strong>\u00bfQue no te puedes perder de Praga?<\/strong><\/p>\n<ul>\n<li><span style=\"color: #252525\"><span style=\"color: #252525\">Reloj\u00a0astron\u00f3mico\u00a0de la Ciudad Vieja:\u00a0<\/span><\/span><span style=\"color: #444444\">Cada vez que el reloj marca una hora en punto, centenares de turistas de todos los rincones del planeta se congregan frente a\u00a0la pared sur del Ayuntamiento de la Ciudad Vieja de Praga, con sus c\u00e1maras fotogr\u00e1ficas para grabar el fascinante espect\u00e1culo de una m\u00e1quina que en la Edad Media se contaba entre las maravillas del mundo. El reloj astron\u00f3mico de Praga, que desde hace 600 a\u00f1os figura entre los tesoros m\u00e1s valiosos de la ciudad, asombra hasta hoy con el desfile de ap\u00f3stoles, estatuas mec\u00e1nicas y\u00a0la representaci\u00f3n del tiempo de una manera que no es capaz de imitar ninguna otra m\u00e1quina en el mundo.<\/span><\/li>\n<\/ul>\n<p><a href=\"http:\/\/blog.espol.edu.ec\/karmavil\/files\/2014\/06\/praga-1.jpg\"><img loading=\"lazy\" decoding=\"async\" class=\"alignnone size-medium wp-image-62\" src=\"http:\/\/blog.espol.edu.ec\/karmavil\/files\/2014\/06\/praga-1-300x200.jpg\" alt=\"praga (1)\" width=\"300\" height=\"200\" srcset=\"https:\/\/blog.espol.edu.ec\/karmavil\/files\/2014\/06\/praga-1-300x200.jpg 300w, https:\/\/blog.espol.edu.ec\/karmavil\/files\/2014\/06\/praga-1.jpg 900w\" sizes=\"auto, (max-width: 300px) 100vw, 300px\" \/><\/a><\/p>\n<ul>\n<li><a href=\"http:\/\/www.czechtourism.com\/sp\/c\/prague-jewish-town-synagogues\/\">Barrio Judio de Praga<\/a>:<\/li>\n<\/ul>\n<p><span style=\"color: #444444\">S\u00f3lo unas pocas capitales europeas pueden estar m\u00e1s orgullosas de su gueto jud\u00edo tan bien conservado como el de Praga. Las seis sinagogas, el Ayuntamiento Jud\u00edo, el m\u00e1gico cementerio y\u00a0un irrepetible \u00abgenius loci\u00bb convierten el barrio praguense de Josefov en el lugar que no deber\u00eda de faltar en sus paseos por la Ciudad Dorada. Conozca la antigua historia de los jud\u00edos praguenses, su arquitectura, tradiciones, costumbres e\u00a0historias, algunas de las m\u00e1s tristes del siglo XX.<\/span><\/p>\n<p><a href=\"http:\/\/blog.espol.edu.ec\/karmavil\/files\/2014\/06\/barrio-judio.jpg\"><img loading=\"lazy\" decoding=\"async\" class=\"alignnone size-medium wp-image-63\" src=\"http:\/\/blog.espol.edu.ec\/karmavil\/files\/2014\/06\/barrio-judio-300x196.jpg\" alt=\"barrio judio\" width=\"300\" height=\"196\" srcset=\"https:\/\/blog.espol.edu.ec\/karmavil\/files\/2014\/06\/barrio-judio-300x196.jpg 300w, https:\/\/blog.espol.edu.ec\/karmavil\/files\/2014\/06\/barrio-judio.jpg 600w\" sizes=\"auto, (max-width: 300px) 100vw, 300px\" \/><\/a><\/p>\n<ul>\n<li><a href=\"http:\/\/www.czechtourism.com\/sp\/c\/prague-charles-bridge-and-bridge-towers\/\">Puente de Carlos<\/a> y torres del puente:<\/li>\n<\/ul>\n<p><span style=\"color: #444444\">El Puente de Carlos nunca dejar\u00e1 de fascinar a\u00a0los pintores, fot\u00f3grafos y\u00a0poetas que le halagan en sus obras. Cuando los primeros rayos del sol tocan su suelo adoquinado e\u00a0iluminan las macizas torres g\u00f3ticas en los dos extremos, dif\u00edcilmente buscar\u00edas un lugar m\u00e1s rom\u00e1ntico. Con la imponente silueta del Castillo de Praga de fondo y\u00a0la galer\u00eda de las estatuas barrocas en sus laterales, no es de sorprender que pertenezca a\u00a0los lugares m\u00e1s bellos de Europa.<\/span><\/p>\n<p><a href=\"http:\/\/blog.espol.edu.ec\/karmavil\/files\/2014\/06\/puente.jpg\"><img loading=\"lazy\" decoding=\"async\" class=\"alignnone size-medium wp-image-64\" src=\"http:\/\/blog.espol.edu.ec\/karmavil\/files\/2014\/06\/puente-300x196.jpg\" alt=\"puente\" width=\"300\" height=\"196\" srcset=\"https:\/\/blog.espol.edu.ec\/karmavil\/files\/2014\/06\/puente-300x196.jpg 300w, https:\/\/blog.espol.edu.ec\/karmavil\/files\/2014\/06\/puente.jpg 600w\" sizes=\"auto, (max-width: 300px) 100vw, 300px\" \/><\/a><\/p>\n<ul>\n<li><a href=\"http:\/\/www.czechtourism.com\/sp\/a\/prague\/\">entre otros.<\/a><\/li>\n<\/ul>\n","protected":false},"excerpt":{"rendered":"<p>Capital de Rep\u00fablica Checa, situada en las orillas del r\u00edo\u00a0Moldava, tiene aproximadamente 1,2 millones de habitantes, lo que la convierte en la ciudad m\u00e1s poblada del pa\u00eds. \u00a0Desde\u00a01992\u00a0el casco hist\u00f3rico de la ciudad es\u00a0Patrimonio de la Humanidad.\u00a0Su belleza y patrimonio hist\u00f3rico la convierten en una de las veinte ciudades m\u00e1s visitadas del mundo. Praga se &hellip; <\/p>\n<p><a class=\"more-link btn\" href=\"https:\/\/blog.espol.edu.ec\/karmavil\/praga\/\">Seguir leyendo<\/a><\/p>\n","protected":false},"author":9072,"featured_media":0,"parent":0,"menu_order":0,"comment_status":"open","ping_status":"open","template":"","meta":{"footnotes":""},"class_list":["post-58","page","type-page","status-publish","hentry","nodate","item-wrap"],"_links":{"self":[{"href":"https:\/\/blog.espol.edu.ec\/karmavil\/wp-json\/wp\/v2\/pages\/58","targetHints":{"allow":["GET"]}}],"collection":[{"href":"https:\/\/blog.espol.edu.ec\/karmavil\/wp-json\/wp\/v2\/pages"}],"about":[{"href":"https:\/\/blog.espol.edu.ec\/karmavil\/wp-json\/wp\/v2\/types\/page"}],"author":[{"embeddable":true,"href":"https:\/\/blog.espol.edu.ec\/karmavil\/wp-json\/wp\/v2\/users\/9072"}],"replies":[{"embeddable":true,"href":"https:\/\/blog.espol.edu.ec\/karmavil\/wp-json\/wp\/v2\/comments?post=58"}],"version-history":[{"count":2,"href":"https:\/\/blog.espol.edu.ec\/karmavil\/wp-json\/wp\/v2\/pages\/58\/revisions"}],"predecessor-version":[{"id":66,"href":"https:\/\/blog.espol.edu.ec\/karmavil\/wp-json\/wp\/v2\/pages\/58\/revisions\/66"}],"wp:attachment":[{"href":"https:\/\/blog.espol.edu.ec\/karmavil\/wp-json\/wp\/v2\/media?parent=58"}],"curies":[{"name":"wp","href":"https:\/\/api.w.org\/{rel}","templated":true}]}}