{"id":18,"date":"2009-01-19T21:01:00","date_gmt":"2009-01-20T02:01:00","guid":{"rendered":"http:\/\/blog.espol.edu.ec\/karmenri\/?page_id=18"},"modified":"2009-02-15T20:29:07","modified_gmt":"2009-02-16T01:29:07","slug":"excel","status":"publish","type":"page","link":"https:\/\/blog.espol.edu.ec\/karmenri\/excel\/","title":{"rendered":"EXCEL"},"content":{"rendered":"<div class=\"entry\">\n<div class=\"entry\">\n<p class=\"MsoNormal\" style=\"margin: 0cm 0cm 10pt;text-align: center\" align=\"center\"><strong><em><span style=\"font-size: 12pt;color: #943634\"><span style=\"font-family: Calibri\">UTILIZACION DE GRAFICOS EN EXCEL<\/span><\/span><\/em><\/strong><\/p>\n<h3 class=\"MsoNormal\" style=\"margin: 0cm 0cm 10pt\"><span style=\"font-size: small;font-family: Calibri\"><span style=\"font-size: x-small\">En Microsoft Office Excel 2007, es f\u00e1cil crear gr\u00e1ficos de apariencia profesional. Elija un tipo, un dise\u00f1o y un estilo de gr\u00e1fico; todas estas opciones son de f\u00e1cil acceso en la cinta de opciones.<\/span><\/span><\/h3>\n<h3 class=\"MsoNormal\" style=\"margin: 0cm 0cm 10pt\"><span style=\"font-size: small;font-family: Calibri\"><span style=\"font-size: x-small\">Excel ofrece varios tipos de gr\u00e1ficos para mostrar datos ante una audiencia de forma elocuente. Cuando cree un gr\u00e1fico o modifique uno existente, puede elegir entre distintos tipos de gr\u00e1fico (gr\u00e1fico de columnas o circular) y subtipos (gr\u00e1fico de columnas apiladas o gr\u00e1fico 3D). Puede crear tambi\u00e9n un gr\u00e1fico combinado utilizando varios tipos de gr\u00e1ficos en uno solo.<\/span><\/span><\/h3>\n<h3 class=\"MsoNormal\" style=\"margin: 0cm 0cm 10pt\"><span style=\"font-size: small;font-family: Calibri\"><span style=\"font-size: x-small\">Adem\u00e1s<span>\u00a0 <\/span>se puede cambiar el tipo de grafico en uno ya existente. Para hacerlo a\u00fan m\u00e1s sencillo, puede guardar su gr\u00e1fico favorito como una plantilla de gr\u00e1fico que podr\u00e1 aplicar r\u00e1pidamente cuando cree un nuevo gr\u00e1fico.<\/span><\/span><\/h3>\n<h3 class=\"MsoNormal\" style=\"margin: 0cm 0cm 10pt\"><span style=\"font-size: small;font-family: Calibri\"><span style=\"font-size: x-small\">Los gr\u00e1ficos est\u00e1n totalmente integrados con otros programas de versi\u00f3n Office 2007, como Office PowerPoint 2007 y Office Word 2007. Ambos programas proporcionan las mismas herramientas de gr\u00e1ficos que Excel.<\/span><\/span><\/h3>\n<p class=\"MsoNormal\" style=\"margin: 0cm 0cm 10pt\">\u00a0<\/p>\n<h3 style=\"text-align: justify\"><span style=\"color: #800000\">Solver<\/span><\/h3>\n<h3 style=\"text-align: justify\"><span lang=\"es\">Es<\/span> una de las herramientas m\u00e1s potentes de Excel, <span lang=\"es\">ya <\/span>que permite hallar la mejor soluci\u00f3n a un problema, modifica<span lang=\"es\">ndo<\/span> valores e incluyendo condiciones<span lang=\"es\"> o restricciones<\/span>.<\/h3>\n<p>\u00a0<\/p>\n<p><em><\/em><em><\/em><em><\/em><\/p>\n<p>\u00a0<\/p>\n<h3 style=\"text-align: justify\"><span style=\"color: #800000\">Introducci\u00f3n al Solver de Excel<\/span><\/h3>\n<h3 style=\"text-align: justify\">Solver se encuentra en el men\u00fa Herramientas --&gt; Solver (verificar antes de cargar el modelo). En caso de no tenerlo instalado ir al men\u00fa Herramientas --&gt; Complementos.<\/h3>\n<h3 style=\"text-align: justify\"><span lang=\"es\">Realice el siguiente ejercicio para conocer el funcionamiento de esta herramienta.<\/span><\/h3>\n<h3 style=\"text-align: justify\"><span lang=\"es\">Digite la siguiente <\/span>tabla<span lang=\"es\">,<\/span> donde se reflejan <span lang=\"es\">l<\/span>as ventas de <span lang=\"es\">tres productos. En las columnas D, E y F introduzca las <\/span>f\u00f3rmulas<span lang=\"es\"> necesarias para hallar los valores correspondientes.<\/span><\/h3>\n<h3 style=\"text-align: justify\"><img loading=\"lazy\" decoding=\"async\" src=\"https:\/\/blog.espol.edu.ec\/karmenri\/images\/solver1.jpg\" alt=\"solver1.jpg (14976 bytes)\" width=\"407\" height=\"130\" \/><\/h3>\n<h3 style=\"text-align: justify\">La cuesti\u00f3n es la siguiente<span lang=\"es\">,<\/span> <span lang=\"es\">se q<\/span>u<span lang=\"es\">i<\/span>ere<span lang=\"es\">n<\/span> ajustar los precios de los productos de forma que el precio <span lang=\"es\">de venta al p\u00fablico (P.V.P.)<\/span> <span lang=\"es\">(F9) <\/span>se rebaje a 20000. <span lang=\"es\">Se <\/span>d<span lang=\"es\">ebe <\/span>tener en cuenta <span lang=\"es\">que el precio de <\/span>cada producto no puede ser superior o inferior a un precio determinado.<\/h3>\n<h3 style=\"text-align: justify\">Evidentemente, <span lang=\"es\">se <\/span>p<span lang=\"es\">ueden <\/span>manipular los precios manualmente hasta conseguir m\u00e1s o menos el objetivo, pero <span lang=\"es\">esta tarea podr\u00eda tardar bastante tiempo<\/span>.<\/h3>\n<h3 style=\"text-align: justify\"><span lang=\"es\">\u00bfC<\/span>\u00f3mo se hace con Solver?.<\/h3>\n<h3 style=\"margin-top: 0px;margin-bottom: 0px;text-align: justify\">1. Acced<span lang=\"es\">a<\/span> a <span style=\"color: #800000\">Herramientas - Solver<\/span><\/h3>\n<blockquote>\n<h3 style=\"margin-top: 0px;margin-bottom: 0px\">Si no tiene activa esta opci\u00f3n, haga clic en <span style=\"color: #800000\">Herramientas - Complementos . . ., seleccione Solver<\/span> de la lista, acepte y siga los pasos para su instalaci\u00f3n.<\/h3>\n<\/blockquote>\n<h3 style=\"margin-top: 0px;margin-bottom: 0px;text-align: justify\"><span lang=\"es\">A<\/span>parece <span lang=\"es\">el<\/span> cuadro de di\u00e1logo<span lang=\"es\">: <span style=\"color: #800000\">Par\u00e1metros de Solver<\/span><\/span><span style=\"color: #800000\">.<\/span><\/h3>\n<h3 style=\"margin-top: 0px;margin-bottom: 0px;text-align: justify\">\u00a0<\/h3>\n<h3 style=\"margin-top: 0px;margin-bottom: 0px;text-align: justify\"><span lang=\"es\">2. En este cuadro de di\u00e1logo, c<\/span>omo Celda objetivo pulsa en F9, que es el precio <span lang=\"es\">de venta al p\u00fablico (P.V.P.) <\/span>que se desea <span lang=\"es\">rebajar a 20000<\/span>.<\/h3>\n<h3 style=\"margin-top: 0px;margin-bottom: 0px;text-align: justify\">\u00a0<\/h3>\n<h3 style=\"margin-top: 0px;margin-bottom: 0px;text-align: justify\"><span lang=\"es\">3. <\/span>Activ<span lang=\"es\">e<\/span> la casilla <span style=\"color: #800000\">Valores<\/span> de y <span lang=\"es\">digite <\/span>20000 que es el valor <span lang=\"es\">al <\/span>que deseamos <span lang=\"es\">rebajar<\/span>.<\/h3>\n<h3 style=\"margin-top: 0px;margin-bottom: 0px;text-align: justify\">\u00a0<\/h3>\n<h3 style=\"margin-top: 0px;margin-bottom: 0px;text-align: justify\"><span lang=\"es\">4. <\/span>Puls<span lang=\"es\">e<\/span> un clic en el campo <span style=\"color: #800000\">Cambiando las celdas <\/span>y seleccion<span lang=\"es\">e<\/span> el rango B4:C6<span lang=\"es\">, <\/span>que es el rango donde se <span lang=\"es\">pueden <\/span>modificar los datos<span lang=\"es\">, ya que no son f\u00f3rmulas<\/span>.<\/h3>\n<h3 style=\"margin-top: 0px;margin-bottom: 0px;text-align: justify\">\u00a0<\/h3>\n<h3 style=\"margin-top: 0px;margin-bottom: 0px;text-align: justify\"><img loading=\"lazy\" decoding=\"async\" src=\"https:\/\/blog.espol.edu.ec\/karmenri\/wp-admin\/solver1.jpg\" border=\"0\" alt=\"\" width=\"452\" height=\"278\" \/><\/h3>\n<h3 style=\"margin-top: 0px;margin-bottom: 0px;text-align: justify\">\u00a0<\/h3>\n<h3 style=\"margin-top: 0px;margin-bottom: 0px;text-align: justify\"><span lang=\"es\">5. <\/span>Puls<span lang=\"es\">e<\/span> el bot\u00f3n <span style=\"color: #800000\">Agregar<\/span> de la zona Sujetas a las siguientes restricciones<span lang=\"es\">.<\/span><\/h3>\n<h3 style=\"margin-top: 0px;margin-bottom: 0px;text-align: justify\">\u00a0<\/h3>\n<h3 style=\"margin-top: 0px;margin-bottom: 0px;text-align: justify\"><span lang=\"es\">6.<\/span> <span lang=\"es\">Complete <\/span>el cuadro de di\u00e1logo como sigue:<\/h3>\n<h3 style=\"margin-top: 0px;margin-bottom: 0px;text-align: justify\">\u00a0<\/h3>\n<h3 style=\"margin-top: 0px;margin-bottom: 0px;text-align: justify\"><img loading=\"lazy\" decoding=\"async\" src=\"https:\/\/blog.espol.edu.ec\/karmenri\/images\/solver2.jpg\" alt=\"solver2.jpg (13828 bytes)\" width=\"371\" height=\"116\" \/><\/h3>\n<h3 style=\"margin-top: 0px;margin-bottom: 0px;text-align: justify\">\u00a0<\/h3>\n<h3 style=\"margin-top: 0px;margin-bottom: 0px;text-align: justify\"><span lang=\"es\">7. <\/span>Puls<span lang=\"es\">e en el bot\u00f3n <\/span>Agregar y ahora rellen<span lang=\"es\">e con<\/span>:<\/h3>\n<h3 style=\"margin-top: 0px;margin-bottom: 0px;text-align: justify\">\u00a0<\/h3>\n<h3 style=\"margin-top: 0px;margin-bottom: 0px;text-align: justify\"><img loading=\"lazy\" decoding=\"async\" src=\"https:\/\/blog.espol.edu.ec\/karmenri\/images\/solver4.jpg\" alt=\"solver4.jpg (13854 bytes)\" width=\"371\" height=\"116\" \/><\/h3>\n<h3 style=\"margin-top: 0px;margin-bottom: 0px;text-align: justify\">\u00a0<\/h3>\n<h3 style=\"margin-top: 0px;margin-bottom: 0px;text-align: justify\">Lo cual significa que <span lang=\"es\">se <\/span>qu<span lang=\"es\">i<\/span>ere que Solver cambie los valores de B4 pero que el resultado no sea inferior a 1500 ni superior a 2500.<\/h3>\n<h3 style=\"margin-top: 0px;margin-bottom: 0px;text-align: justify\">\u00a0<\/h3>\n<h3 style=\"margin-top: 0px;margin-bottom: 0px;text-align: justify\"><span lang=\"es\">8. <\/span>Puls<span lang=\"es\">e<\/span> <span lang=\"es\">nuevamente <\/span>en Agregar y a\u00f1ad<span lang=\"es\">a<\/span> las siguientes restricciones:<\/h3>\n<h3 style=\"margin-top: 0px;margin-bottom: 0px;text-align: justify\">\u00a0<\/h3>\n<h3 style=\"margin-top: 0px;margin-bottom: 0px;text-align: justify\">\u00a0\u00a0\u00a0 Que el valor de B5 no sea superior a 3400 ni inferior a 2500<\/h3>\n<h3 style=\"margin-top: 0px;margin-bottom: 0px;text-align: justify\">\u00a0\u00a0\u00a0 Que el valor de B6 no sea superior a 4500 ni inferior a 3500<\/h3>\n<h3 style=\"margin-top: 0px;margin-bottom: 0px;text-align: justify\">\u00a0<\/h3>\n<h3 style=\"margin-top: 0px;margin-bottom: 0px;text-align: justify\"><span lang=\"es\">9. Clic en <\/span>Acept<span lang=\"es\">ar<\/span>.<span lang=\"es\"> Debe quedar de la siguiente forma:<\/span><\/h3>\n<h3 style=\"margin-top: 0px;margin-bottom: 0px;text-align: justify\">\u00a0<\/h3>\n<h3 style=\"margin-top: 0px;margin-bottom: 0px;text-align: justify\"><img loading=\"lazy\" decoding=\"async\" src=\"https:\/\/blog.espol.edu.ec\/karmenri\/wp-admin\/solver2.jpg\" border=\"0\" alt=\"\" width=\"453\" height=\"275\" \/><\/h3>\n<h3 style=\"margin-top: 0px;margin-bottom: 0px;text-align: justify\">\u00a0<\/h3>\n<h3 style=\"margin-top: 0px;margin-bottom: 0px;text-align: justify\"><span lang=\"es\">10. Para finalizar pulse clic en el bot\u00f3n Resolver.<\/span><\/h3>\n<h3 style=\"margin-top: 0px;margin-bottom: 0px;text-align: justify\">\u00a0<\/h3>\n<h3 style=\"margin-top: 0px;margin-bottom: 0px;text-align: justify\">Observ<span lang=\"es\">e<\/span> que Solver <span lang=\"es\">indica <\/span>que ha hallado una soluci\u00f3n al problema. Mir<span lang=\"es\">e<\/span> l<span lang=\"es\">a<\/span> hoja <span lang=\"es\">de c\u00e1lculo <\/span>y observ<span lang=\"es\">e<\/span> los resultados.<\/h3>\n<h3 style=\"margin-top: 0px;margin-bottom: 0px;text-align: justify\">\u00a0<\/h3>\n<h3 style=\"margin-top: 0px;margin-bottom: 0px;text-align: justify\"><img loading=\"lazy\" decoding=\"async\" src=\"https:\/\/blog.espol.edu.ec\/karmenri\/wp-admin\/solver3.jpg\" border=\"0\" alt=\"\" width=\"397\" height=\"171\" \/><\/h3>\n<h3 style=\"margin-top: 0px;margin-bottom: 0px;text-align: justify\">\u00a0<\/h3>\n<h3 style=\"margin-top: 0px;margin-bottom: 0px;text-align: justify\">Solver <span lang=\"es\">h<\/span>a ajustado los precios<span lang=\"es\"> de los productos,<\/span> hallando un valor para cada uno de ellos, y el valor final <span lang=\"es\">coincide con <\/span>el buscado: 20000.<\/h3>\n<h3 style=\"margin-top: 0px;margin-bottom: 0px;text-align: justify\">\u00a0<\/h3>\n<h3 style=\"margin-top: 0px;margin-bottom: 0px;text-align: justify\">Si pulsa Aceptar, Solver modificar<span lang=\"es\">\u00e1<\/span> la <span lang=\"es\">tabla, <\/span>escribiendo los nuevos valores, pero no <span lang=\"es\">es lo deseado en este momento<\/span>.<\/h3>\n<h3 style=\"margin-top: 0px;margin-bottom: 0px;text-align: justify\">\u00a0<\/h3>\n<h3 style=\"margin-top: 0px;margin-bottom: 0px;text-align: justify\">En su lugar <span lang=\"es\">se <\/span>har<span lang=\"es\">\u00e1<\/span> un resumen del escenario hallado:<\/h3>\n<h3 style=\"margin-top: 0px;margin-bottom: 0px;text-align: justify\">\u00a0<\/h3>\n<h3 style=\"margin-top: 0px;margin-bottom: 0px;text-align: justify\"><span lang=\"es\">11. <\/span>Activ<span lang=\"es\">e<\/span> la casilla Restaurar valores originales<span lang=\"es\">.<\/span><\/h3>\n<h3 style=\"margin-top: 0px;margin-bottom: 0px;text-align: justify\">\u00a0<\/h3>\n<h3 style=\"margin-top: 0px;margin-bottom: 0px;text-align: justify\">12. Seleccion<span lang=\"es\">e<\/span> la opci\u00f3n Respuestas de la casilla Informes<span lang=\"es\"> que est\u00e1 a <\/span>la derecha y acept<span lang=\"es\">e<\/span>.<\/h3>\n<h3 style=\"margin-top: 0px;margin-bottom: 0px;text-align: justify\">\u00a0<\/h3>\n<h3 style=\"margin-top: 0px;margin-bottom: 0px;text-align: justify\">Se cre<span lang=\"es\">a<\/span> una nueva hoja llamada Informe de respuestas<span lang=\"es\"> 1<\/span>. Act\u00edv<span lang=\"es\">e<\/span>la y estudi<span lang=\"es\">e<\/span> su contenido.<\/h3>\n<h3 style=\"margin-top: 0px;margin-bottom: 0px;text-align: justify\">\u00a0<\/h3>\n<h3 style=\"margin-top: 0px;margin-bottom: 0px;text-align: justify\"><img loading=\"lazy\" decoding=\"async\" src=\"https:\/\/blog.espol.edu.ec\/karmenri\/wp-admin\/solver4.jpg\" border=\"0\" alt=\"\" width=\"508\" height=\"445\" \/><\/h3>\n<p style=\"text-align: justify\"><em><\/em><\/p>\n<p style=\"text-align: justify\">\u00a0<\/p>\n<p style=\"text-align: justify\">\u00a0<\/p>\n<p align=\"justify\">\u00a0<\/p>\n<p>\u00a0<\/p><\/div>\n<p><!--\/post--><\/div>\n","protected":false},"excerpt":{"rendered":"<p>UTILIZACION DE GRAFICOS EN EXCEL En Microsoft Office Excel 2007, es f\u00e1cil crear gr\u00e1ficos de apariencia profesional. Elija un tipo, un dise\u00f1o y un estilo de gr\u00e1fico; todas estas opciones son de f\u00e1cil acceso en la cinta de opciones. Excel ofrece varios tipos de gr\u00e1ficos para mostrar datos ante una audiencia de forma elocuente. Cuando <a href=\"https:\/\/blog.espol.edu.ec\/karmenri\/excel\/\">Continue reading &#8594;<\/a><\/p>\n","protected":false},"author":803,"featured_media":0,"parent":0,"menu_order":0,"comment_status":"open","ping_status":"open","template":"","meta":{"footnotes":""},"class_list":["post-18","page","type-page","status-publish","hentry"],"_links":{"self":[{"href":"https:\/\/blog.espol.edu.ec\/karmenri\/wp-json\/wp\/v2\/pages\/18","targetHints":{"allow":["GET"]}}],"collection":[{"href":"https:\/\/blog.espol.edu.ec\/karmenri\/wp-json\/wp\/v2\/pages"}],"about":[{"href":"https:\/\/blog.espol.edu.ec\/karmenri\/wp-json\/wp\/v2\/types\/page"}],"author":[{"embeddable":true,"href":"https:\/\/blog.espol.edu.ec\/karmenri\/wp-json\/wp\/v2\/users\/803"}],"replies":[{"embeddable":true,"href":"https:\/\/blog.espol.edu.ec\/karmenri\/wp-json\/wp\/v2\/comments?post=18"}],"version-history":[{"count":13,"href":"https:\/\/blog.espol.edu.ec\/karmenri\/wp-json\/wp\/v2\/pages\/18\/revisions"}],"predecessor-version":[{"id":73,"href":"https:\/\/blog.espol.edu.ec\/karmenri\/wp-json\/wp\/v2\/pages\/18\/revisions\/73"}],"wp:attachment":[{"href":"https:\/\/blog.espol.edu.ec\/karmenri\/wp-json\/wp\/v2\/media?parent=18"}],"curies":[{"name":"wp","href":"https:\/\/api.w.org\/{rel}","templated":true}]}}