{"id":48,"date":"2009-11-18T04:17:11","date_gmt":"2009-11-18T08:17:11","guid":{"rendered":"http:\/\/blog.espol.edu.ec\/kategarc\/?page_id=48"},"modified":"2009-11-22T16:55:31","modified_gmt":"2009-11-22T20:55:31","slug":"%c2%bfquien-soy","status":"publish","type":"page","link":"https:\/\/blog.espol.edu.ec\/kategarc\/%c2%bfquien-soy\/","title":{"rendered":"\u00bfQui\u00e8n soy? Con\u00f2ceme"},"content":{"rendered":"<p>\u00a0<\/p>\n<p style=\"text-align: center\"><img loading=\"lazy\" decoding=\"async\" class=\"size-thumbnail wp-image-203  aligncenter\" src=\"http:\/\/blog.espol.edu.ec\/kategarc\/files\/2009\/11\/yo-150x150.jpg\" alt=\"\" width=\"150\" height=\"150\" \/><\/p>\n<p class=\"MsoNormal\" style=\"margin: 0cm 0cm 10pt;text-align: center\"><strong><span style=\"text-decoration: underline\"><span style=\"font-size: small;font-family: Calibri\">\u00bf<\/span>Qu\u00e8 tal mis queridos visitantes?<\/span><\/strong><\/p>\n<p><span style=\"color: #c0c0c0\">Mi nombre es Katherine Garcia Santos , tengo 18 a\u00f1os de edad..\u00a0 Estudio en la<\/span><a href=\"http:\/\/www.espol.edu.ec\/\" target=\"_blank\"><span style=\"color: #0000ff\"> ESPOL<\/span><\/a><span style=\"color: #c0c0c0\">(Escuela\u00a0Superior\u00a0Polit\u00e8cnica del Litoral). Actualmente curso el Primer Semestre de <\/span><a href=\"http:\/\/www.fiec.espol.edu.ec\/\" target=\"_blank\"><span style=\"color: #0000ff\">Ingenier\u00eca en Computaci\u00f2n<\/span><\/a><span style=\"color: #0000ff\">.<\/span><\/p>\n<p><span style=\"color: #c0c0c0\">En realidad, me considero una chica super buena onda, me gustan las relaciones sociales porque amo interactuar con las dem\u00e0s personas.<\/span><\/p>\n<p><span style=\"color: #c0c0c0\">No se si ya se habr\u00e0n dado cuenta pero mi Hobbie favorito es:<span style=\"color: #0000ff\"> <\/span><\/span><a href=\"http:\/\/mundobailar.blogspot.com\/2007\/07\/qu-es-bailar.html\" target=\"_blank\"><span style=\"color: #0000ff\">BAILAR<\/span><\/a><span style=\"color: #c0c0c0\"> jeje!<\/span><\/p>\n<p><span style=\"color: #c0c0c0\">Pues siii.. Tengo que aceptar que es mi\u00a0pasi\u00f2n jaja! En realidad disfruto much\u00ecsimo realizando esta actividad as\u00ec que\u00a0seguir\u00e0 conmigo hasta que me canse jeje!<\/span><\/p>\n<p><span style=\"color: #c0c0c0\">Debo aclarar que no soy<\/span><a href=\"http:\/\/articulos.danzarinas.com\/docs\/que-implica-ser-una-bailarina-profesional-por-marwa-746.html\" target=\"_blank\"><span style=\"color: #c0c0c0\"> <span style=\"color: #0000ff\">bailarina profesional<\/span> <\/span><\/a><span style=\"color: #c0c0c0\">ni nada de eso,\u00a0 s\u00f2lo soy simpatizante y por esto danzar es parte de mi <\/span><a href=\"http:\/\/www.lindisima.com\/rutina.htm\" target=\"_blank\"><span style=\"color: #0000ff\">rutina<\/span><\/a><span style=\"color: #c0c0c0\">, es mi mejor t\u00e8cnica de relajacion y desestres.<\/span><\/p>\n<p><span style=\"color: #c0c0c0\">Bueno... Aqu\u00ec s\u00f2lo les cuento alguito general de mi pero si tienen alguna pregunta pueden escribirme a mi correo <\/span><a href=\"mailto:ktyta_000@hotmail.com\"><span style=\"color: #0000ff\">ktyta_000@hotmail.com<\/span><\/a><span style=\"color: #c0c0c0\"> o comentar en este mi blog.<\/span><\/p>\n<p><span style=\"color: #c0c0c0\">Saluditos a todos ustedes! Much\u00ecsimas gracias por visitarme.. Espero sus opiniones!<\/span><\/p>\n<p><span style=\"color: #c0c0c0\">Dios los Bendiga! =)<\/span><\/p>\n<p><span style=\"color: #c0c0c0\">\u00a0<\/span><\/p>\n<p><span style=\"color: #c0c0c0\">\u00a0<\/span><\/p>\n<p><span style=\"color: #c0c0c0\">\u00a0<\/span><\/p>\n<p style=\"text-align: left\"><span style=\"color: #c0c0c0\">\u00a0<\/span><\/p>\n","protected":false},"excerpt":{"rendered":"<p>\u00a0 \u00bfQu\u00e8 tal mis queridos visitantes? Mi nombre es Katherine Garcia Santos , tengo 18 a\u00f1os de edad..\u00a0 Estudio en la ESPOL(Escuela\u00a0Superior\u00a0Polit\u00e8cnica del Litoral). Actualmente curso el Primer Semestre de Ingenier\u00eca en Computaci\u00f2n. En realidad, me considero una chica super buena onda, me gustan las relaciones sociales porque amo interactuar con las dem\u00e0s personas. No [&hellip;]<\/p>\n","protected":false},"author":3028,"featured_media":0,"parent":0,"menu_order":4,"comment_status":"open","ping_status":"open","template":"","meta":{"footnotes":""},"class_list":["post-48","page","type-page","status-publish","hentry"],"_links":{"self":[{"href":"https:\/\/blog.espol.edu.ec\/kategarc\/wp-json\/wp\/v2\/pages\/48","targetHints":{"allow":["GET"]}}],"collection":[{"href":"https:\/\/blog.espol.edu.ec\/kategarc\/wp-json\/wp\/v2\/pages"}],"about":[{"href":"https:\/\/blog.espol.edu.ec\/kategarc\/wp-json\/wp\/v2\/types\/page"}],"author":[{"embeddable":true,"href":"https:\/\/blog.espol.edu.ec\/kategarc\/wp-json\/wp\/v2\/users\/3028"}],"replies":[{"embeddable":true,"href":"https:\/\/blog.espol.edu.ec\/kategarc\/wp-json\/wp\/v2\/comments?post=48"}],"version-history":[{"count":16,"href":"https:\/\/blog.espol.edu.ec\/kategarc\/wp-json\/wp\/v2\/pages\/48\/revisions"}],"predecessor-version":[{"id":58,"href":"https:\/\/blog.espol.edu.ec\/kategarc\/wp-json\/wp\/v2\/pages\/48\/revisions\/58"}],"wp:attachment":[{"href":"https:\/\/blog.espol.edu.ec\/kategarc\/wp-json\/wp\/v2\/media?parent=48"}],"curies":[{"name":"wp","href":"https:\/\/api.w.org\/{rel}","templated":true}]}}