{"id":29,"date":"2014-11-09T03:55:11","date_gmt":"2014-11-09T03:55:11","guid":{"rendered":"http:\/\/blog.espol.edu.ec\/kbolanos\/?page_id=29"},"modified":"2014-11-09T04:20:37","modified_gmt":"2014-11-09T04:20:37","slug":"guayaquil-antes-y-despues","status":"publish","type":"page","link":"https:\/\/blog.espol.edu.ec\/kbolanos\/guayaquil-antes-y-despues\/","title":{"rendered":"Guayaquil antes y despu\u00e9s"},"content":{"rendered":"<p><strong>Avenida 9 de Octubre en direcci\u00f3n al parque centenario.<\/strong><\/p>\n<p><a href=\"http:\/\/blog.espol.edu.ec\/kbolanos\/files\/2014\/11\/images1.jpg\">\u00a0\u00a0\u00a0\u00a0 <img loading=\"lazy\" decoding=\"async\" class=\"alignnone wp-image-31 \" src=\"http:\/\/blog.espol.edu.ec\/kbolanos\/files\/2014\/11\/images1-150x150.jpg\" alt=\"images1\" width=\"175\" height=\"175\" \/><\/a>\u00a0\u00a0\u00a0\u00a0\u00a0\u00a0\u00a0\u00a0\u00a0\u00a0\u00a0\u00a0\u00a0\u00a0\u00a0\u00a0\u00a0\u00a0\u00a0\u00a0\u00a0\u00a0\u00a0 <a href=\"http:\/\/blog.espol.edu.ec\/kbolanos\/files\/2014\/11\/especial_av_9_de_octubre_04_sep_13_6.jpg\"><img loading=\"lazy\" decoding=\"async\" class=\"alignnone wp-image-32 \" src=\"http:\/\/blog.espol.edu.ec\/kbolanos\/files\/2014\/11\/especial_av_9_de_octubre_04_sep_13_6-150x150.jpg\" alt=\"especial_av_9_de_octubre_04_sep_13_6\" width=\"172\" height=\"172\" \/><\/a><\/p>\n<p><strong>Museo Municipal. (Ubicado en la calle Sucre entre calle Chile y calle Pedro Carbo)<br \/>\n<\/strong><\/p>\n<p><a href=\"http:\/\/blog.espol.edu.ec\/kbolanos\/files\/2014\/11\/Guayaquil-MuseoMunicipal19203.jpg\">\u00a0\u00a0\u00a0 <img loading=\"lazy\" decoding=\"async\" class=\"alignnone  wp-image-33\" src=\"http:\/\/blog.espol.edu.ec\/kbolanos\/files\/2014\/11\/Guayaquil-MuseoMunicipal19203-150x150.jpg\" alt=\"Guayaquil-MuseoMunicipal19203\" width=\"185\" height=\"185\" \/><\/a>\u00a0\u00a0\u00a0\u00a0 \u00a0 \u00a0 \u00a0 \u00a0 \u00a0 \u00a0 \u00a0\u00a0\u00a0 <a href=\"http:\/\/blog.espol.edu.ec\/kbolanos\/files\/2014\/11\/museo-municipal-gye.jpg\"><img loading=\"lazy\" decoding=\"async\" class=\"alignnone  wp-image-34\" src=\"http:\/\/blog.espol.edu.ec\/kbolanos\/files\/2014\/11\/museo-municipal-gye-150x150.jpg\" alt=\"museo municipal gye\" width=\"186\" height=\"186\" \/><\/a><\/p>\n<p><strong>El Fort\u00edn de las Pe\u00f1as desde el r\u00edo Guayas<\/strong><\/p>\n<p><a href=\"http:\/\/blog.espol.edu.ec\/kbolanos\/files\/2014\/11\/laspeas1905.jpg\">\u00a0\u00a0\u00a0\u00a0\u00a0 <img loading=\"lazy\" decoding=\"async\" class=\"alignnone  wp-image-35\" src=\"http:\/\/blog.espol.edu.ec\/kbolanos\/files\/2014\/11\/laspeas1905-150x150.jpg\" alt=\"laspeas1905\" width=\"179\" height=\"179\" \/><\/a>\u00a0\u00a0\u00a0\u00a0\u00a0\u00a0\u00a0\u00a0\u00a0\u00a0\u00a0\u00a0\u00a0\u00a0\u00a0\u00a0\u00a0\u00a0 \u00a0 \u00a0\u00a0 <a href=\"http:\/\/blog.espol.edu.ec\/kbolanos\/files\/2014\/11\/laspenas.jpg\"><img loading=\"lazy\" decoding=\"async\" class=\"alignnone  wp-image-36\" src=\"http:\/\/blog.espol.edu.ec\/kbolanos\/files\/2014\/11\/laspenas-150x150.jpg\" alt=\"laspenas\" width=\"180\" height=\"180\" \/><\/a><\/p>\n<p><strong>Malec\u00f3n 2000 (<\/strong><\/p>\n<p><a href=\"http:\/\/blog.espol.edu.ec\/kbolanos\/files\/2014\/11\/malecc3b3n-simc3b3n-bolivar-tramo-central-1950-aprox.jpg\">\u00a0\u00a0\u00a0\u00a0 <img loading=\"lazy\" decoding=\"async\" class=\"alignnone  wp-image-39\" src=\"http:\/\/blog.espol.edu.ec\/kbolanos\/files\/2014\/11\/malecc3b3n-simc3b3n-bolivar-tramo-central-1950-aprox-150x150.jpg\" alt=\"malecc3b3n-simc3b3n-bolivar-tramo-central-1950-aprox\" width=\"188\" height=\"188\" \/><\/a>\u00a0\u00a0\u00a0\u00a0\u00a0\u00a0\u00a0\u00a0\u00a0\u00a0\u00a0\u00a0\u00a0\u00a0\u00a0\u00a0\u00a0\u00a0 <a href=\"http:\/\/blog.espol.edu.ec\/kbolanos\/files\/2014\/11\/malecon-malecon.jpg\"><img loading=\"lazy\" decoding=\"async\" class=\"alignnone  wp-image-40\" src=\"http:\/\/blog.espol.edu.ec\/kbolanos\/files\/2014\/11\/malecon-malecon-150x150.jpg\" alt=\"malecon-malecon\" width=\"187\" height=\"187\" \/><\/a><\/p>\n<p><strong>Casa Comercial Lorenzo Touz (La casa de las 100 ventanas)<\/strong><\/p>\n<p>&nbsp;<\/p>\n<p><a href=\"http:\/\/blog.espol.edu.ec\/kbolanos\/files\/2014\/11\/CasaComercialLorenzoTouz.jpg\">\u00a0\u00a0\u00a0 <img loading=\"lazy\" decoding=\"async\" class=\"alignnone  wp-image-41\" src=\"http:\/\/blog.espol.edu.ec\/kbolanos\/files\/2014\/11\/CasaComercialLorenzoTouz-150x150.jpg\" alt=\"CasaComercialLorenzoTouz\" width=\"193\" height=\"193\" \/><\/a>\u00a0\u00a0\u00a0\u00a0\u00a0\u00a0\u00a0\u00a0\u00a0\u00a0\u00a0\u00a0\u00a0\u00a0 <a href=\"http:\/\/blog.espol.edu.ec\/kbolanos\/files\/2014\/11\/malecon1900guayaquilpardq1.jpg\"><img loading=\"lazy\" decoding=\"async\" class=\"alignnone  wp-image-42\" src=\"http:\/\/blog.espol.edu.ec\/kbolanos\/files\/2014\/11\/malecon1900guayaquilpardq1-150x150.jpg\" alt=\"malecon1900guayaquilpardq1\" width=\"189\" height=\"189\" \/><\/a><\/p>\n<p>&nbsp;<\/p>\n<p>&nbsp;<\/p>\n<p>&nbsp;<\/p>\n","protected":false},"excerpt":{"rendered":"<p>Avenida 9 de Octubre en direcci\u00f3n al parque centenario. \u00a0\u00a0\u00a0\u00a0 \u00a0\u00a0\u00a0\u00a0\u00a0\u00a0\u00a0\u00a0\u00a0\u00a0\u00a0\u00a0\u00a0\u00a0\u00a0\u00a0\u00a0\u00a0\u00a0\u00a0\u00a0\u00a0\u00a0 Museo Municipal. (Ubicado en la calle Sucre entre calle Chile y calle Pedro Carbo) \u00a0\u00a0\u00a0 \u00a0\u00a0\u00a0\u00a0 \u00a0 \u00a0 \u00a0 \u00a0 \u00a0 \u00a0 \u00a0\u00a0\u00a0 El Fort\u00edn de las Pe\u00f1as desde el r\u00edo Guayas \u00a0\u00a0\u00a0\u00a0\u00a0 \u00a0\u00a0\u00a0\u00a0\u00a0\u00a0\u00a0\u00a0\u00a0\u00a0\u00a0\u00a0\u00a0\u00a0\u00a0\u00a0\u00a0\u00a0 \u00a0 \u00a0\u00a0 Malec\u00f3n 2000 ( \u00a0\u00a0\u00a0\u00a0 \u00a0\u00a0\u00a0\u00a0\u00a0\u00a0\u00a0\u00a0\u00a0\u00a0\u00a0\u00a0\u00a0\u00a0\u00a0\u00a0\u00a0\u00a0 Casa Comercial Lorenzo &hellip; <\/p>\n<p><a class=\"more-link btn\" href=\"https:\/\/blog.espol.edu.ec\/kbolanos\/guayaquil-antes-y-despues\/\">Seguir leyendo<\/a><\/p>\n","protected":false},"author":9353,"featured_media":0,"parent":0,"menu_order":0,"comment_status":"open","ping_status":"open","template":"","meta":{"footnotes":""},"class_list":["post-29","page","type-page","status-publish","hentry","nodate","item-wrap"],"_links":{"self":[{"href":"https:\/\/blog.espol.edu.ec\/kbolanos\/wp-json\/wp\/v2\/pages\/29","targetHints":{"allow":["GET"]}}],"collection":[{"href":"https:\/\/blog.espol.edu.ec\/kbolanos\/wp-json\/wp\/v2\/pages"}],"about":[{"href":"https:\/\/blog.espol.edu.ec\/kbolanos\/wp-json\/wp\/v2\/types\/page"}],"author":[{"embeddable":true,"href":"https:\/\/blog.espol.edu.ec\/kbolanos\/wp-json\/wp\/v2\/users\/9353"}],"replies":[{"embeddable":true,"href":"https:\/\/blog.espol.edu.ec\/kbolanos\/wp-json\/wp\/v2\/comments?post=29"}],"version-history":[{"count":3,"href":"https:\/\/blog.espol.edu.ec\/kbolanos\/wp-json\/wp\/v2\/pages\/29\/revisions"}],"predecessor-version":[{"id":43,"href":"https:\/\/blog.espol.edu.ec\/kbolanos\/wp-json\/wp\/v2\/pages\/29\/revisions\/43"}],"wp:attachment":[{"href":"https:\/\/blog.espol.edu.ec\/kbolanos\/wp-json\/wp\/v2\/media?parent=29"}],"curies":[{"name":"wp","href":"https:\/\/api.w.org\/{rel}","templated":true}]}}