{"id":128,"date":"2015-11-20T02:47:37","date_gmt":"2015-11-20T02:47:37","guid":{"rendered":"http:\/\/blog.espol.edu.ec\/kcasal\/?page_id=128"},"modified":"2015-11-20T02:47:37","modified_gmt":"2015-11-20T02:47:37","slug":"jazz","status":"publish","type":"page","link":"https:\/\/blog.espol.edu.ec\/kcasal\/jazz\/","title":{"rendered":"Jazz"},"content":{"rendered":"<p><a href=\"http:\/\/blog.espol.edu.ec\/kcasal\/files\/2015\/11\/c3eb730ab3633549237dd0932bc58.jpg\"><img loading=\"lazy\" decoding=\"async\" class=\"alignnone size-medium wp-image-130\" src=\"http:\/\/blog.espol.edu.ec\/kcasal\/files\/2015\/11\/c3eb730ab3633549237dd0932bc58-300x197.jpg\" alt=\"c3eb730ab3633549237dd0932bc58\" width=\"300\" height=\"197\" srcset=\"https:\/\/blog.espol.edu.ec\/kcasal\/files\/2015\/11\/c3eb730ab3633549237dd0932bc58-300x197.jpg 300w, https:\/\/blog.espol.edu.ec\/kcasal\/files\/2015\/11\/c3eb730ab3633549237dd0932bc58.jpg 600w\" sizes=\"auto, (max-width: 300px) 100vw, 300px\" \/><\/a><\/p>\n<p><strong>Buddy Bolden: La vida locadel padre y fundador del Jazz.<\/p>\n<p><\/strong><\/p>\n<p>Las ra\u00edces del toque, giro y espiral del jazz estadounidense hasta llegar de nuevo a la vuelta del siglo... no este siglo, pero el \u00faltimo siglo.<\/p>\n<p>En la primera d\u00e9cada del siglo 20 en New Orleans, la historia se cuenta que con frecuencia se puede o\u00edr una corneta (que es similar a una trompeta) graznando ruidosamente de los quioscos de m\u00fasica del parque y a trav\u00e9s de las ventanas del pasillo de danza. Sin entrenamiento formal, Charles \"Buddy\" Bolden cre\u00f3 un estilo \u00fanico improvisado con su cuerno. En esencia, \u00e9l allan\u00f3 el camino para el jazz por la organizaci\u00f3n de blues rural, espirituales y m\u00fasica <em>ragtime<\/em> para instrumentos de metal. La leyenda dice que al escuchar canciones tradicionales, pod\u00eda reorganizarlos con sus propias improvisaciones, creando un sonido nuevo y potente.<\/p>\n<p>Buddy Bolden co0menz\u00f3 \u00a0su carrera profesional present\u00e1ndose en el Papa Jack Laines Reliance Brass Band. Papa Jack Laines se acredita a menudo como el \"Patriarca de Jazz\". Bolden form\u00f3 un n\u00famero de sus propias bandas de mediados de los a\u00f1os 1890, la b\u00fasqueda de una amalgama perfecta de sonido. Hacia el final del siglo la encontr\u00f3. The Buddy Bolden Band consist\u00eda en corneta, guitarra, tromb\u00f3n, bajo, dos clarinetes y tambores. Su banda toc\u00f3 en el centro de New Orleans en los clubes de hacinamiento ubicadas en la zona de luz roja desagradable e infame de Storyville.<\/p>\n<p>De 1900 a 1906, The Buddy Bolden Band fue la gran estrella en New Orleans. No a diferencia de los cantantes de rap de hoy, Charles \"Buddy\" Bolden actualiz\u00f3 su estado e identidad, primero se hace llamar \"Kid\" y despu\u00e9s... \"Rey\" Bolden. Durante este tiempo, \u00e9l vorazmente persigui\u00f3 dos intereses: el alcohol y las mujeres.<\/p>\n<p>Con la fama, la responsabilidad, las nuevas bandas que compiten contra \u00e9l, y la lucha para mantener su m\u00fasica fresca, innovadora y viva, Bolden golpe\u00f3 la pared en 1906. La depresi\u00f3n, la desesperanza y el encanto oscuro de alcohol provoc\u00f3 episodios de fuertes dolores de cabeza y paranoia (un miedo err\u00e1tico de su corneta probablemente no ayud\u00f3 a su m\u00fasica). Lleg\u00f3 a ser tan \"brainsick\" que los m\u00e9dicos lo confinaron a la cama.<\/p>\n<p>En 1907, Bolden celebr\u00f3 su \u00faltima actuaci\u00f3n p\u00fablica con Eagle Band en el desfile del D\u00eda del Trabajo de New Orleans. Durante el desfile, al parecer, empez\u00f3 a gritar a mujeres cerca de \u00e9l y echaba espuma por la boca. Su estado empeor\u00f3 y fue enviado al manicomio. Dentro y fuera del asilo, sus alucinaciones y violencia empeor\u00f3 hasta que fue colocado de forma permanente en el Estado Manicomio en Jackson, Lousiana el 5 de junio de 1907. El asilo segu\u00eda siendo su hogar por m\u00e1s de 25 a\u00f1os, antes de su fallecimiento en un estado de abatimiento total y de locura. Su cuerpo fue enterrado en el cementerio de Holte, el cementerio de un mendigo situado en Nueva Orleans.<\/p>\n<p>Desafortunadamente, no hay grabaciones sobrevivientes de Buddy Bolden tocando. De los que conoc\u00edan su m\u00fasica, se dec\u00eda que hab\u00eda tocado \u201cun todo ruidoso y triste, e improvis\u00f3 gran parte de su m\u00fasica\u201d. Considerado por muchos como el fundador\u00a0 y padre del jazz, Bolden ha llevado el apodo del primer \"rey\" de jazz de New Orleans y fue la inspiraci\u00f3n para posteriores grandes del jazz como Joe King Oliver, Kid Ory y Louis Armstrong.<\/p>\n<p><strong>\u00a0<\/strong><\/p>\n<p>Art\u00edculo de allboutjazz.com<br \/>\nTraducido por Nicole Casal<\/p>\n","protected":false},"excerpt":{"rendered":"<p>Buddy Bolden: La vida locadel padre y fundador del Jazz. Las ra\u00edces del toque, giro y espiral del jazz estadounidense hasta llegar de nuevo a la vuelta del siglo... no este siglo, pero el \u00faltimo siglo. En la primera d\u00e9cada del siglo 20 en New Orleans, la historia se cuenta que con frecuencia se puede [&hellip;]<\/p>\n","protected":false},"author":10014,"featured_media":0,"parent":0,"menu_order":0,"comment_status":"closed","ping_status":"closed","template":"","meta":{"footnotes":""},"class_list":["post-128","page","type-page","status-publish","hentry"],"_links":{"self":[{"href":"https:\/\/blog.espol.edu.ec\/kcasal\/wp-json\/wp\/v2\/pages\/128","targetHints":{"allow":["GET"]}}],"collection":[{"href":"https:\/\/blog.espol.edu.ec\/kcasal\/wp-json\/wp\/v2\/pages"}],"about":[{"href":"https:\/\/blog.espol.edu.ec\/kcasal\/wp-json\/wp\/v2\/types\/page"}],"author":[{"embeddable":true,"href":"https:\/\/blog.espol.edu.ec\/kcasal\/wp-json\/wp\/v2\/users\/10014"}],"replies":[{"embeddable":true,"href":"https:\/\/blog.espol.edu.ec\/kcasal\/wp-json\/wp\/v2\/comments?post=128"}],"version-history":[{"count":1,"href":"https:\/\/blog.espol.edu.ec\/kcasal\/wp-json\/wp\/v2\/pages\/128\/revisions"}],"predecessor-version":[{"id":133,"href":"https:\/\/blog.espol.edu.ec\/kcasal\/wp-json\/wp\/v2\/pages\/128\/revisions\/133"}],"wp:attachment":[{"href":"https:\/\/blog.espol.edu.ec\/kcasal\/wp-json\/wp\/v2\/media?parent=128"}],"curies":[{"name":"wp","href":"https:\/\/api.w.org\/{rel}","templated":true}]}}

<p><a href="http://blog.espol.edu.ec/kcasal/files/2015/11/c3eb730ab3633549237dd0932bc58.jpg"><img loading="lazy" decoding="async" class="alignnone size-medium wp-image-130" src="http://blog.espol.edu.ec/kcasal/files/2015/11/c3eb730ab3633549237dd0932bc58-300x197.jpg" alt="c3eb730ab3633549237dd0932bc58" width="300" height="197" srcset="https://blog.espol.edu.ec/kcasal/files/2015/11/c3eb730ab3633549237dd0932bc58-300x197.jpg 300w, https://blog.espol.edu.ec/kcasal/files/2015/11/c3eb730ab3633549237dd0932bc58.jpg 600w" sizes="auto, (max-width: 300px) 100vw, 300px" /></a></p>
<p><strong>Buddy Bolden: La vida locadel padre y fundador del Jazz.</p>
<p></strong></p>
<p>Las raíces del toque, giro y espiral del jazz estadounidense hasta llegar de nuevo a la vuelta del siglo... no este siglo, pero el último siglo.</p>
<p>En la primera década del siglo 20 en New Orleans, la historia se cuenta que con frecuencia se puede oír una corneta (que es similar a una trompeta) graznando ruidosamente de los quioscos de música del parque y a través de las ventanas del pasillo de danza. Sin entrenamiento formal, Charles "Buddy" Bolden creó un estilo único improvisado con su cuerno. En esencia, él allanó el camino para el jazz por la organización de blues rural, espirituales y música <em>ragtime</em> para instrumentos de metal. La leyenda dice que al escuchar canciones tradicionales, podía reorganizarlos con sus propias improvisaciones, creando un sonido nuevo y potente.</p>
<p>Buddy Bolden co0menzó  su carrera profesional presentándose en el Papa Jack Laines Reliance Brass Band. Papa Jack Laines se acredita a menudo como el "Patriarca de Jazz". Bolden formó un número de sus propias bandas de mediados de los años 1890, la búsqueda de una amalgama perfecta de sonido. Hacia el final del siglo la encontró. The Buddy Bolden Band consistía en corneta, guitarra, trombón, bajo, dos clarinetes y tambores. Su banda tocó en el centro de New Orleans en los clubes de hacinamiento ubicadas en la zona de luz roja desagradable e infame de Storyville.</p>
<p>De 1900 a 1906, The Buddy Bolden Band fue la gran estrella en New Orleans. No a diferencia de los cantantes de rap de hoy, Charles "Buddy" Bolden actualizó su estado e identidad, primero se hace llamar "Kid" y después... "Rey" Bolden. Durante este tiempo, él vorazmente persiguió dos intereses: el alcohol y las mujeres.</p>
<p>Con la fama, la responsabilidad, las nuevas bandas que compiten contra él, y la lucha para mantener su música fresca, innovadora y viva, Bolden golpeó la pared en 1906. La depresión, la desesperanza y el encanto oscuro de alcohol provocó episodios de fuertes dolores de cabeza y paranoia (un miedo errático de su corneta probablemente no ayudó a su música). Llegó a ser tan "brainsick" que los médicos lo confinaron a la cama.</p>
<p>En 1907, Bolden celebró su última actuación pública con Eagle Band en el desfile del Día del Trabajo de New Orleans. Durante el desfile, al parecer, empezó a gritar a mujeres cerca de él y echaba espuma por la boca. Su estado empeoró y fue enviado al manicomio. Dentro y fuera del asilo, sus alucinaciones y violencia empeoró hasta que fue colocado de forma permanente en el Estado Manicomio en Jackson, Lousiana el 5 de junio de 1907. El asilo seguía siendo su hogar por más de 25 años, antes de su fallecimiento en un estado de abatimiento total y de locura. Su cuerpo fue enterrado en el cementerio de Holte, el cementerio de un mendigo situado en Nueva Orleans.</p>
<p>Desafortunadamente, no hay grabaciones sobrevivientes de Buddy Bolden tocando. De los que conocían su música, se decía que había tocado “un todo ruidoso y triste, e improvisó gran parte de su música”. Considerado por muchos como el fundador  y padre del jazz, Bolden ha llevado el apodo del primer "rey" de jazz de New Orleans y fue la inspiración para posteriores grandes del jazz como Joe King Oliver, Kid Ory y Louis Armstrong.</p>
<p><strong> </strong></p>
<p>Artículo de allboutjazz.com<br />
Traducido por Nicole Casal</p>

<p>Buddy Bolden: La vida locadel padre y fundador del Jazz. Las raíces del toque, giro y espiral del jazz estadounidense hasta llegar de nuevo a la vuelta del siglo... no este siglo, pero el último siglo. En la primera década del siglo 20 en New Orleans, la historia se cuenta que con frecuencia se puede [&hellip;]</p>
