{"id":125,"date":"2009-10-28T23:20:22","date_gmt":"2009-10-29T04:20:22","guid":{"rendered":"http:\/\/blog.espol.edu.ec\/kcoello\/?page_id=125"},"modified":"2013-06-15T22:29:10","modified_gmt":"2013-06-16T03:29:10","slug":"videos-postcosecha-postcaptura-y-postsacrificio","status":"publish","type":"page","link":"https:\/\/blog.espol.edu.ec\/kcoello\/videos-postcosecha-postcaptura-y-postsacrificio\/","title":{"rendered":"Videos"},"content":{"rendered":"<table class=\"widefat fixed\" style=\"height: 30px\" width=\"825\" border=\"0\" cellspacing=\"0\">\n<tbody>\n<tr class=\"iedit alternate\">\n<td class=\"name column-name\"><\/td>\n<td class=\"description column-description\">Videos realizados por los estudiantes como parte de su formaci\u00f3n dentro del programa de la materia Manipulaci\u00f3n y Transporte de Alimentos que se imparte en la carrera de Ingenier\u00eda en Alimentos de la ESPOL.<\/td>\n<\/tr>\n<\/tbody>\n<\/table>\n<p><a href=\"http:\/\/youtu.be\/yDxxybdqYXs\">Postcaptura del Dorado<\/a><\/p>\n<p><a href=\"http:\/\/http:\/\/www.youtube.com\/watch?v=0SmrFjUQYUQ\">Postcaptura del bagre<\/a><\/p>\n<p><a href=\"http:\/\/www.youtube.com\/watch?v=sCD8gVpDCh0\">Postcaptura del calamar<\/a><\/p>\n<p><a href=\"http:\/\/www.youtube.com\/watch?v=OYHlhFOkAQU\">Postcosecha del esp\u00e1rrago<\/a><\/p>\n<p><a href=\"www.youtube.com\/watch?v=0vuE8mFh6ng\">Postsacrificio de pollos<\/a><\/p>\n<p><a class=\"aligncenter\" href=\"http:\/\/www.youtube.com\/watch?v=6w8LrF5P01w\" target=\"_self\">Post-recoleccion de ostras ecuatorianas<\/a><\/p>\n<p><a href=\"http:\/\/www.youtube.com\/watch?v=KlKg0OrLdiE\">Post-cosecha del camar\u00f3n<\/a><\/p>\n<p><a href=\"http:\/\/www.youtube.com\/watch?v=9CBuHPHIcQc\">Post-captura del cangrejo rojo<\/a><\/p>\n<p><a href=\"http:\/\/www.youtube.com\/watch?v=RKVQSCXY4fc\">Post-captura de la concha prieta<\/a><\/p>\n<p><a href=\"http:\/\/www.youtube.com\/watch?v=syQRyThB7gE\">Post-cosecha del maracuy\u00e1<\/a><\/p>\n<p><a href=\"http:\/\/www.youtube.com\/watch?v=u-QXay07_54\">Post-cosecha de la guayaba<\/a><\/p>\n<p><a href=\"http:\/\/www.youtube.com\/watch?v=6AtvmAl-KiQ\">Post-cosecha del pl\u00e1tano<\/a><\/p>\n<p><a href=\"http:\/\/www.youtube.com\/watch?v=P3wJ6XJ8GPU\">Post-cosecha de la pi\u00f1a<\/a><\/p>\n","protected":false},"excerpt":{"rendered":"<p>Videos realizados por los estudiantes como parte de su formaci\u00f3n dentro del programa de la materia Manipulaci\u00f3n y Transporte de Alimentos que se imparte en la carrera de Ingenier\u00eda en Alimentos de la ESPOL. Postcaptura del Dorado Postcaptura del bagre Postcaptura del calamar Postcosecha del esp\u00e1rrago Postsacrificio de pollos Post-recoleccion de ostras ecuatorianas Post-cosecha del [&hellip;]<\/p>\n","protected":false},"author":2988,"featured_media":0,"parent":0,"menu_order":0,"comment_status":"open","ping_status":"open","template":"","meta":{"footnotes":""},"class_list":["post-125","page","type-page","status-publish","hentry"],"_links":{"self":[{"href":"https:\/\/blog.espol.edu.ec\/kcoello\/wp-json\/wp\/v2\/pages\/125","targetHints":{"allow":["GET"]}}],"collection":[{"href":"https:\/\/blog.espol.edu.ec\/kcoello\/wp-json\/wp\/v2\/pages"}],"about":[{"href":"https:\/\/blog.espol.edu.ec\/kcoello\/wp-json\/wp\/v2\/types\/page"}],"author":[{"embeddable":true,"href":"https:\/\/blog.espol.edu.ec\/kcoello\/wp-json\/wp\/v2\/users\/2988"}],"replies":[{"embeddable":true,"href":"https:\/\/blog.espol.edu.ec\/kcoello\/wp-json\/wp\/v2\/comments?post=125"}],"version-history":[{"count":14,"href":"https:\/\/blog.espol.edu.ec\/kcoello\/wp-json\/wp\/v2\/pages\/125\/revisions"}],"predecessor-version":[{"id":162,"href":"https:\/\/blog.espol.edu.ec\/kcoello\/wp-json\/wp\/v2\/pages\/125\/revisions\/162"}],"wp:attachment":[{"href":"https:\/\/blog.espol.edu.ec\/kcoello\/wp-json\/wp\/v2\/media?parent=125"}],"curies":[{"name":"wp","href":"https:\/\/api.w.org\/{rel}","templated":true}]}}