{"id":2,"date":"2014-05-26T19:17:35","date_gmt":"2014-05-26T19:17:35","guid":{"rendered":"http:\/\/blog.espol.edu.ec\/kdtorres\/?page_id=2"},"modified":"2014-06-07T05:18:15","modified_gmt":"2014-06-07T05:18:15","slug":"pagina-ejemplo","status":"publish","type":"page","link":"https:\/\/blog.espol.edu.ec\/kdtorres\/pagina-ejemplo\/","title":{"rendered":"Datos generales"},"content":{"rendered":"<p>Zaruma es una ciudad ubicada en el altiplano de la Provincia de El Oro a 1200 m. sobre el nivel del mar, al sureste del Ecuador, y al suroeste de la Provincia de El Oro.<\/p>\n<p>Fue fundada por conquistadores espa\u00f1oles, que vinieron por oro y fama hace siglos, buscando bajo sus tierras el tesoro de el dorado de los incas. Su clima es agradable y fresco, oscila desde 10\u00b0C a 24\u00b0C.<\/p>\n<p>Recientemente se ha propuesto a la UNESCO que la declare Patrimonio Cultural y Natural de la Humanidad.<\/p>\n<p><strong>Ubicaci\u00f3n<\/strong><\/p>\n<p>El Cant\u00f3n Zaruma se encuentra ubicado en el Callej\u00f3n Interandino, al sureste del Ecuador, y al suroeste de la Provincia de El Oro, extremo oriental, a 3\u00b041 latitud Sur y 79\u00b036 longitud Occidental, se asienta en las faldas de la cordillera de Vizcaya, ramal desprendido de la Cordillera de Chilla, en la Hoya de Zaruma.<\/p>\n<p style=\"text-align: center\"><img loading=\"lazy\" decoding=\"async\" class=\"alignnone\" src=\"http:\/\/w0.fast-meteo.com\/locationmaps\/Zaruma.8.gif\" alt=\"\" width=\"600\" height=\"371\" \/><\/p>\n<p>&nbsp;<\/p>\n<p><strong>ALTURA<\/strong><\/p>\n<p>Tiene una altura que var\u00eda de 900 a 3500 metros sobre el nivel del mar.<\/p>\n<p><strong>CLIMA<\/strong><\/p>\n<p>Su clima es temperado mesot\u00e9rmico.<br \/>\nVERANO: Meses de mayo a noviembre.<br \/>\nINVIERNO: Meses de noviembre hasta abril.<\/p>\n<p><strong>TEMPERATURA<\/strong><\/p>\n<p>Oscila desde 18 a 22 grados.<\/p>\n<p><strong>Limites:<\/strong><\/p>\n<p>Al norte con la provincia del Azuay, al sur con el cant\u00f3n Pi\u00f1as, al Este con el cant\u00f3n Portovelo y al Oeste con los cantones Chilla y Atahualpa.<\/p>\n<p>Cantonizaci\u00f3n: 26 de noviembre de 1820<\/p>\n<p>Superficie: 643,5 Km2<\/p>\n<p>Poblaci\u00f3n: 28.830 hab. aprox.<\/p>\n<p>Parroquias Urbanas: Zaruma (cabecera cantonal)<\/p>\n<p>Parroquias Rurales: Aba\u00f1\u00edn, Arcapamba, Guanaz\u00e1n, G\u00fcizhag\u00fci\u00f1a, Huertas, Malvas, Muluncay Grande, Salvias y Sinsao.<\/p>\n<p>Actividades Econ\u00f3micas: Aur\u00edfera, agr\u00edcola y ganadera. Zaruma es una de las urbes m\u00e1s antiguas del Ecuador, fundada con el nombre de Villa Real de Minas del Cerro Rico de San Antonio de Zaruma, declarada por su arquitectura colonial \"Patrimonio Cultural del Ecuador\".<\/p>\n<p><strong>ORIGEN DE SU NOMBRE<\/strong><\/p>\n<p>El Nombre del Cant\u00f3n Zaruma se debe a la ciudad m\u00e1s importante de su seno, quiz\u00e1 la semejanza que nuestros antepasados aplicaron a ciertos accidentes geogr\u00e1ficos como es Zaruma Urcu que, visto desde lejos parec\u00eda ser la parte final de una mazorca. La palabra Zaruma est\u00e1 formada por dos voces quichuas, dond<br \/>\nSARA: significa ma\u00edz y UMA significa cabeza.<br \/>\nAl unir estas dos voces, Zaruma en castellano significa CABEZA DE MA\u00cdZ, nombre que se atribuye al ma\u00edz existente y al oro de las minas, cuyo color se asemeja al de una mazorca de ma\u00edz. Lo que no se ha logrado descubrir por qu\u00e9 razones se alter\u00f3 la ortograf\u00eda, escribi\u00e9ndose ZARUMA en vez de SARUMA.<\/p>\n<p>Aunque es curioso conocer que entre las ciudades con nombre propio est\u00e1 Zaruma y seg\u00fan el historiador Jorge N\u00fa\u00f1ez, Zaruma significa \u0093CUMBRE DE MONTE PEQUE\u00d1O\u0094.<\/p>\n<p>Asentamientos Tempranos:<\/p>\n<p>La falta de estudios et-nohist\u00f3ricos y cient\u00edficos dificulta descubrir el misterio que envuelve los asentamientos del sur del actual Ecuador. A pesar de existir estudios arqueol\u00f3gicos realizados por investigadores locales y nacionales<\/p>\n<p>Periodo de Integraci\u00f3n:<\/p>\n<p>Estudios Realizados por el Arque\u00f3logo Jaime Hidrovo dan cuenta de la existencia de importantes Complejos arqueol\u00f3gicos Guayquichuma, Chepel, Payama, Trencilla, San Antonio, Chiva Turco, Tocto Shuqin, Guartiguro, entre otros, son de filiaci\u00f3n Ca\u00f1ari y pertenecen al periodo de integraci\u00f3n 500 a 1400 d. C<\/p>\n<p>Invasi\u00f3n Inca:<\/p>\n<p>El Imperio Inca Tahuantinsuyo, impuesto por Tupac Yupanqui para la b\u00fasqueda de nuevas tierras aptas para la agricultura a fines de la d\u00e9cada de 1480 Huayna Capac orden\u00f3 la exploraci\u00f3n del norte, subiendo por el r\u00edo Tumbes y finalmente llegaron hasta la Hoya de Zaruma en el cual impresionados por su entornos ecol\u00f3gico sometieron a los ca\u00f1aris a convertirse en mitayos y durante 50 a\u00f1os vivi\u00f3 estas cultura ca\u00f1ari bajo el predominio Inca.<br \/>\nLos incas fueron los primeros en atesorar oro cuando fue tomado prisionero Atahualpa por los espa\u00f1oles en 1533 el Cacique Quinar\u00e1 llev\u00f3 mucho oro para pagar el rescate de Atahualpa cruzando el r\u00edo Pisco bamba arteria madre del Catamayo pero cuando se enter\u00f3 de la ejecuci\u00f3n de Atahualpa enterr\u00f3 el oro en profundas galer\u00edas cercanas a la Hacienda de Guatuchi de Loja.<\/p>\n<p><strong>Conquista Espa\u00f1ola:<\/strong><\/p>\n<p>Zaruma adquiri\u00f3 tal relevancia por su riqueza aur\u00edfera que el Rey de Espa\u00f1a, Felipe II, orden\u00f3 que el nombre oficial sea Villa Real De San Antonio del Cerro de Oro de Zaruma, que se realiz\u00f3 el 8 de Diciembre de 1559, por su arquitectura colonial fue declarada \"Patrimonio Cultural de Ecuador\". Zaruma procede de la conjunci\u00f3n de dos voces quichuas SARA = CABEZA y UMA = MA\u00cdZ (\"CABEZA DE MAIZ\")<\/p>\n<p><strong>Fundaci\u00f3n:<\/strong><br \/>\nLa fund\u00f3 Alonso de Mercadillo, el mismo fundador de Loja, por orden del Rey de Espa\u00f1a.<\/p>\n<p>&nbsp;<\/p>\n<p style=\"text-align: center\"><img loading=\"lazy\" decoding=\"async\" class=\"alignnone\" src=\"http:\/\/blog.espol.edu.ec\/mfcalle\/files\/2011\/11\/401px-Escudo_Zaruma.jpg\" alt=\"\" width=\"401\" height=\"600\" \/><\/p>\n","protected":false},"excerpt":{"rendered":"<p>Zaruma es una ciudad ubicada en el altiplano de la Provincia de El Oro a 1200 m. sobre el nivel del mar, al sureste del Ecuador, y al suroeste de la Provincia de El Oro. Fue fundada por conquistadores espa\u00f1oles, que vinieron por oro y fama hace siglos, buscando bajo sus tierras el tesoro de &hellip; <\/p>\n<p><a class=\"more-link btn\" href=\"https:\/\/blog.espol.edu.ec\/kdtorres\/pagina-ejemplo\/\">Seguir leyendo<\/a><\/p>\n","protected":false},"author":9038,"featured_media":0,"parent":0,"menu_order":0,"comment_status":"open","ping_status":"open","template":"","meta":{"footnotes":""},"class_list":["post-2","page","type-page","status-publish","hentry","nodate","item-wrap"],"_links":{"self":[{"href":"https:\/\/blog.espol.edu.ec\/kdtorres\/wp-json\/wp\/v2\/pages\/2","targetHints":{"allow":["GET"]}}],"collection":[{"href":"https:\/\/blog.espol.edu.ec\/kdtorres\/wp-json\/wp\/v2\/pages"}],"about":[{"href":"https:\/\/blog.espol.edu.ec\/kdtorres\/wp-json\/wp\/v2\/types\/page"}],"author":[{"embeddable":true,"href":"https:\/\/blog.espol.edu.ec\/kdtorres\/wp-json\/wp\/v2\/users\/9038"}],"replies":[{"embeddable":true,"href":"https:\/\/blog.espol.edu.ec\/kdtorres\/wp-json\/wp\/v2\/comments?post=2"}],"version-history":[{"count":5,"href":"https:\/\/blog.espol.edu.ec\/kdtorres\/wp-json\/wp\/v2\/pages\/2\/revisions"}],"predecessor-version":[{"id":85,"href":"https:\/\/blog.espol.edu.ec\/kdtorres\/wp-json\/wp\/v2\/pages\/2\/revisions\/85"}],"wp:attachment":[{"href":"https:\/\/blog.espol.edu.ec\/kdtorres\/wp-json\/wp\/v2\/media?parent=2"}],"curies":[{"name":"wp","href":"https:\/\/api.w.org\/{rel}","templated":true}]}}