{"id":26,"date":"2011-10-28T16:26:29","date_gmt":"2011-10-28T16:26:29","guid":{"rendered":"http:\/\/blog.espol.edu.ec\/klcoello\/?page_id=26"},"modified":"2011-10-28T16:31:57","modified_gmt":"2011-10-28T16:31:57","slug":"letra-de-una-cancion","status":"publish","type":"page","link":"https:\/\/blog.espol.edu.ec\/klcoello\/letra-de-una-cancion\/","title":{"rendered":"Letra de una Canci\u00f3n"},"content":{"rendered":"<pre style=\"text-align: center\"><span>\r\n<\/span><\/pre>\n<h1 style=\"text-align: center\"><span style=\"color: #7b9b63\">Como Duele<\/span><\/h1>\n<pre style=\"text-align: center\"><span style=\"color: #2c33d2\">Te consegu\u00ed la luz del sol a medianoche\r\nY el n\u00famero despu\u00e9s del infinito,\r\nE instal\u00e9 la Osa Mayor en tu diadema\r\nY t\u00fa segu\u00edas ah\u00ed como si nada;\r\n\r\nEndulc\u00e9 el agua del mar para tu sed,\r\nTe alquil\u00e9 un cuarto menguante de la luna,\r\nY como buen perdedor busqu\u00e9 en la cama\r\nLas cosas que el amor no resolv\u00eda.\r\n\r\nCORO:\r\n\r\nY c\u00f3mo duele que est\u00e9s tan lejos\r\nDurmiendo aqui en la misma cama;\r\nC\u00f3mo duele tanta distancia,\r\nAunque te escucho respirar\r\nY est\u00e1s a cientos de kil\u00f3metros\r\n\r\nY duele quererte tanto,\r\nFingir que todo est\u00e1 perfecto\r\nMientras duele gastar la vida\r\nTratando de localizar\r\nLo que hace tiempo se perdi\u00f3...\r\n\r\nAcab\u00e9 con los jardines por tus flores,\r\nInvent\u00e9 la alquimia contra la utop\u00eda,\r\nY he llegado a confundir con la ternura\r\nLa l\u00e1stima con que a veces me miras;\r\n\r\nQue triste es asumir el sufrimiento,\r\npat\u00e9tico es creer que una mentira\r\nconvoque a los duendes del milagro,\r\nque te hagan despertar enamorada.\r\n\r\nCORO:\r\n\r\nC\u00f3mo duele que est\u00e9s tan lejos\r\ndurmiendo aqu\u00ed en la misma cama;\r\nC\u00f3mo duele tanta distancia,\r\nAunque te escucho respirar\r\nY est\u00e1s a cientos de kil\u00f3metros.\r\n\r\nY duele quererte tanto,\r\nFingir que todo est\u00e1 perfecto\r\nMientras duele gastar la vida\r\nTratando de localizar\r\nLo que hace tiempo se perdi\u00f3...\r\n\r\nPor qu\u00e9 nos duele tanta distancia,\r\nFingir que todo est\u00e1 perfecto\r\nMientras sientes que te duele\r\ngastar la vida durmiendo aqu\u00ed en la misma cama...\r\n\r\nC\u00f3mo duele....<\/span><\/pre>\n","protected":false},"excerpt":{"rendered":"<p>Como Duele Te consegu\u00ed la luz del sol a medianoche Y el n\u00famero despu\u00e9s del infinito, E instal\u00e9 la Osa Mayor en tu diadema Y t\u00fa segu\u00edas ah\u00ed como si nada; Endulc\u00e9 el agua del mar para tu sed, Te alquil\u00e9 un cuarto menguante de la luna, Y como buen perdedor busqu\u00e9 en la cama [&hellip;]<\/p>\n","protected":false},"author":6845,"featured_media":0,"parent":0,"menu_order":0,"comment_status":"open","ping_status":"open","template":"","meta":{"footnotes":""},"class_list":["post-26","page","type-page","status-publish","hentry"],"_links":{"self":[{"href":"https:\/\/blog.espol.edu.ec\/klcoello\/wp-json\/wp\/v2\/pages\/26","targetHints":{"allow":["GET"]}}],"collection":[{"href":"https:\/\/blog.espol.edu.ec\/klcoello\/wp-json\/wp\/v2\/pages"}],"about":[{"href":"https:\/\/blog.espol.edu.ec\/klcoello\/wp-json\/wp\/v2\/types\/page"}],"author":[{"embeddable":true,"href":"https:\/\/blog.espol.edu.ec\/klcoello\/wp-json\/wp\/v2\/users\/6845"}],"replies":[{"embeddable":true,"href":"https:\/\/blog.espol.edu.ec\/klcoello\/wp-json\/wp\/v2\/comments?post=26"}],"version-history":[{"count":3,"href":"https:\/\/blog.espol.edu.ec\/klcoello\/wp-json\/wp\/v2\/pages\/26\/revisions"}],"predecessor-version":[{"id":28,"href":"https:\/\/blog.espol.edu.ec\/klcoello\/wp-json\/wp\/v2\/pages\/26\/revisions\/28"}],"wp:attachment":[{"href":"https:\/\/blog.espol.edu.ec\/klcoello\/wp-json\/wp\/v2\/media?parent=26"}],"curies":[{"name":"wp","href":"https:\/\/api.w.org\/{rel}","templated":true}]}}