{"id":24,"date":"2015-06-27T02:28:32","date_gmt":"2015-06-27T02:28:32","guid":{"rendered":"http:\/\/blog.espol.edu.ec\/knml95\/?page_id=24"},"modified":"2015-06-27T03:36:18","modified_gmt":"2015-06-27T03:36:18","slug":"tecnologia-lg","status":"publish","type":"page","link":"https:\/\/blog.espol.edu.ec\/knml95\/tecnologia-lg\/","title":{"rendered":"Tecnolog\u00eda LG"},"content":{"rendered":"<p style=\"text-align: center\">LG Electronics es una de las mayores empresas de electr\u00f3nica de consumo del mundo. Desarrolla avances tecnol\u00f3gicos en electr\u00f3nica, comunicaciones m\u00f3viles y electrodom\u00e9sticos, y da empleo a m\u00e1s de 84.000 personas en la actualidad. Con sede en Se\u00fal, Corea del Sur, es uno de los grandes conglomerados electr\u00f3nicos del mundo; la compa\u00f1\u00eda tiene 75 subsidiarias a nivel mundial. Es una marca de LG Group, fabricante de productos electr\u00f3nicos, tel\u00e9fonos m\u00f3viles y productos petroqu\u00edmicos.<\/p>\n<p style=\"text-align: center\">LG Electronics est\u00e1 presente en Espa\u00f1a desde el a\u00f1o 1994 y tiene su sede principal en Madrid. Direcci\u00f3n y contacto<\/p>\n<p style=\"text-align: center\"><a href=\"http:\/\/blog.espol.edu.ec\/knml95\/files\/2015\/06\/descarga-1.jpg\"><img loading=\"lazy\" decoding=\"async\" class=\"alignnone size-full wp-image-25\" src=\"http:\/\/blog.espol.edu.ec\/knml95\/files\/2015\/06\/descarga-1.jpg\" alt=\"descarga (1)\" width=\"190\" height=\"142\" \/><\/a>\u00a0\u00a0<a href=\"http:\/\/blog.espol.edu.ec\/knml95\/files\/2015\/06\/descarga.jpg\"><img loading=\"lazy\" decoding=\"async\" class=\"alignnone size-full wp-image-26\" src=\"http:\/\/blog.espol.edu.ec\/knml95\/files\/2015\/06\/descarga.jpg\" alt=\"descarga\" width=\"206\" height=\"245\" \/><\/a><\/p>\n<hr \/>\n<p style=\"text-align: center\">\u00a0 \u00a0IDENTIDAD DE MARCA<\/p>\n<p style=\"text-align: center\">Las letras L y G dentro de un c\u00edrculo simbolizan el mundo, el futuro, la juventud, la humanidad y la tecnolog\u00eda. El s\u00edmbolo consta de dos elementos: el logotipo de LG en el gris de LG y la imagen estilizada de un rostro humano, en el original rojo de LG. El rojo, que es el color principal, representa simpat\u00eda y optimismo.<\/p>\n<p style=\"text-align: center\">En el a\u00f1o 2013 la marca LG ha lanzado una nueva identidad de marca basada en el concepto \"It\u00b4s all possible\".<\/p>\n<div class=\"embed-container\"><iframe loading=\"lazy\" width=\"750\" height=\"422\" src=\"https:\/\/www.youtube.com\/embed\/6lTIdseICuk?feature=oembed\" frameborder=\"0\" allow=\"autoplay; encrypted-media\" allowfullscreen><\/iframe><\/div>\n<p style=\"text-align: center\">\n","protected":false},"excerpt":{"rendered":"<p>LG Electronics es una de las mayores empresas de electr\u00f3nica de consumo del mundo. Desarrolla avances tecnol\u00f3gicos en electr\u00f3nica, comunicaciones m\u00f3viles y electrodom\u00e9sticos, y da empleo a m\u00e1s de 84.000 personas en la actualidad. Con sede en Se\u00fal, Corea del Sur, es uno de los grandes conglomerados electr\u00f3nicos del mundo; la compa\u00f1\u00eda tiene 75 subsidiarias &hellip; <\/p>\n<p><a class=\"more-link btn\" href=\"https:\/\/blog.espol.edu.ec\/knml95\/tecnologia-lg\/\">Seguir leyendo<\/a><\/p>\n","protected":false},"author":9756,"featured_media":0,"parent":0,"menu_order":0,"comment_status":"open","ping_status":"open","template":"","meta":{"footnotes":""},"class_list":["post-24","page","type-page","status-publish","hentry","nodate","item-wrap"],"_links":{"self":[{"href":"https:\/\/blog.espol.edu.ec\/knml95\/wp-json\/wp\/v2\/pages\/24","targetHints":{"allow":["GET"]}}],"collection":[{"href":"https:\/\/blog.espol.edu.ec\/knml95\/wp-json\/wp\/v2\/pages"}],"about":[{"href":"https:\/\/blog.espol.edu.ec\/knml95\/wp-json\/wp\/v2\/types\/page"}],"author":[{"embeddable":true,"href":"https:\/\/blog.espol.edu.ec\/knml95\/wp-json\/wp\/v2\/users\/9756"}],"replies":[{"embeddable":true,"href":"https:\/\/blog.espol.edu.ec\/knml95\/wp-json\/wp\/v2\/comments?post=24"}],"version-history":[{"count":4,"href":"https:\/\/blog.espol.edu.ec\/knml95\/wp-json\/wp\/v2\/pages\/24\/revisions"}],"predecessor-version":[{"id":34,"href":"https:\/\/blog.espol.edu.ec\/knml95\/wp-json\/wp\/v2\/pages\/24\/revisions\/34"}],"wp:attachment":[{"href":"https:\/\/blog.espol.edu.ec\/knml95\/wp-json\/wp\/v2\/media?parent=24"}],"curies":[{"name":"wp","href":"https:\/\/api.w.org\/{rel}","templated":true}]}}