{"id":181,"date":"2009-02-19T04:21:07","date_gmt":"2009-02-19T08:21:07","guid":{"rendered":"http:\/\/blog.espol.edu.ec\/kpoavl\/?page_id=181"},"modified":"2009-06-18T15:22:15","modified_gmt":"2009-06-18T19:22:15","slug":"30-cosas","status":"publish","type":"page","link":"https:\/\/blog.espol.edu.ec\/kpoavl\/?page_id=181","title":{"rendered":"30 COSAS"},"content":{"rendered":"<p style=\"text-align: center\">Gracias a una buena idea de mi amiga Bethzabeth Diaz que vi en su facebook hoy pondr\u00e9 cosas que la gente no sabe ni se imagina de mi; as\u00ed que estas son <strong><em>30 COSAS MIAS...<\/em><\/strong><\/p>\n<p>1. -\u00a0\u00a0 Me gusta quedarme viendo la luna (M\u00e1s si es LUNA LLENA es muy bueno para reflexionar y pensar).<\/p>\n<p>2 .-\u00a0\u00a0 Me gusta y me encanta mi universidad la ESPOL sin desmerecer a las otras pero para mi no ah\u00ed otra.<\/p>\n<p>3.-\u00a0\u00a0\u00a0 Tengo muchas distracciones y hobbies como x ej: ver o leer animes y jugar video juegos ^_^.<\/p>\n<p>4.- \u00a0\u00a0 Mi deporte de toda la vida es el futbol, pero tambi\u00e9n pr\u00e1ctico Marathones y de vez en cuando nado.<\/p>\n<p>5.-\u00a0\u00a0\u00a0 Soy un traumado a la hora de la comida del aj\u00ed y salsa de tomate (el \u00e9xito = D).<\/p>\n<p>6.-\u00a0\u00a0\u00a0 Cuando estuve en el colegio tuve un amigo que era gay y nunca lo discrimine.<\/p>\n<p>7.- \u00a0\u00a0 En mi 1er d\u00eda de 5to del colegio senti que estaba en la PENI pero al terminar el d\u00eda me senti en casa.<\/p>\n<p>8.- \u00a0\u00a0 Mis lugares favoritos son mi casa y el estadio MONUMENTAL.<\/p>\n<p>9.-\u00a0\u00a0\u00a0 Todos los d\u00edas rezo y pido x todos (los que me quieren y tambi\u00e9n los que no me quieren = \/).<\/p>\n<p>10.-\u00a0 Empece a ser un \"bloggero\" por simple curiosidad (Es bkn esto se los recomiendo =D ).<\/p>\n<p>11.-\u00a0 A diferencia de muchos no tuve enamoradas en el colegio (Nunca me importo tener una =I ).<\/p>\n<p>12.- Al igual que muchos hombres tuve mi epoca de vacil\u00f3n pero sente cabeza y me di cuenta q no valia la pena.<\/p>\n<p>13.-\u00a0 Me encanta la farra pero sobre todo estar con.............<\/p>\n<p>14.-\u00a0 En una farra prefiero todos los estilos de m\u00fasica electr\u00f3nica al Reggaeton.<\/p>\n<p>15.-\u00a0 Ah\u00ed veces en que tambi\u00e9n bailo Regaetton (y si lo disfruto = I ).<\/p>\n<p>16.- Pienso que las mujeres son capaces de hacer cosas de hombres,pero no los hombres hacer cosas de mujeres (bueno algunas = \/ ).<\/p>\n<p>17.-\u00a0 Creo que existen <em><strong>\u201cTEMAS X CONTAR, HISTORIAS X ESCRIBIR Y A BLOGGEAR SE\u00d1ORES ^_^ \u201c<\/strong><\/em><\/p>\n<p>18.-\u00a0 Soy algui\u00e9n que NO ACEPTA un NO x RESPUESTA y suelo ser muy perseverante cuando creo en algo.<\/p>\n<p>19.-\u00a0 X si no lo sabian tuvo que pasar muucho tiempo antes de entrar en la ESPOL (2 a\u00f1os y medio).<\/p>\n<p>20.- Alguna vez me toco conectar la luz de mi casa, pero algo salio mal y el vecino se quedo sin luz x 1 d\u00eda.<\/p>\n<p>21.-\u00a0 No me gusta andar en bananas x q una vez,un primo casi se ahoga y el me jalo con el = ( .<\/p>\n<p>22.-\u00a0 Me gusta coleccionar cosas en especial camisetas de futbol.<\/p>\n<p>23.-\u00a0 Me gusta andar de aqu\u00ed y alla con una c\u00e1mara, y si tambi\u00e9n suelo ser muy figuretti ^_^.<\/p>\n<p>24.-\u00a0 NO me gusta LA SALSA y el MERENGUE (gracias a .....) pero igual si toca bailarlo lo bailo = I.<\/p>\n<p>25.-\u00a0 Suelo creer en la bondad,pureza y buena actitud de las personas (l\u00e1stima que no todas sean as\u00ed).<\/p>\n<p>26.-\u00a0 Creo que decir TE QUIERO y decir TE AMO son 2 cosas muy diferentes y no suelo decirselas a todos.<\/p>\n<p>27.-\u00a0 Se bien que en mi vida no todo es farra,far\u00e1ndula y fotos; ahi cosas + importantes y reales q son 1ero.<\/p>\n<p>28.-\u00a0 Me gusta TARIMEAR (subir a las tarimas y farrear,farrear y farrear ^_^) y las fotos TARIMERAS obvio.<\/p>\n<p>29.-\u00a0 A veces suelo no escuchar lo que me dicen y actuar (Claro no siempre = \/ ).<\/p>\n<p>30.-\u00a0 Ser o tratar de ser una persona verdadera y real en todos los actos de mi vida.<\/p>\n<div id=\"attachment_207\" style=\"width: 458px\" class=\"wp-caption aligncenter\"><img loading=\"lazy\" decoding=\"async\" aria-describedby=\"caption-attachment-207\" class=\"size-full wp-image-207\" src=\"http:\/\/blog.espol.edu.ec\/kpoavl\/files\/2009\/06\/sdc12301psx.jpg\" alt=\"YO\" width=\"448\" height=\"336\" srcset=\"https:\/\/blog.espol.edu.ec\/kpoavl\/files\/2009\/06\/sdc12301psx.jpg 448w, https:\/\/blog.espol.edu.ec\/kpoavl\/files\/2009\/06\/sdc12301psx-300x224.jpg 300w\" sizes=\"auto, (max-width: 448px) 100vw, 448px\" \/><p id=\"caption-attachment-207\" class=\"wp-caption-text\">  YO<\/p><\/div>\n<p style=\"text-align: center\">\n","protected":false},"excerpt":{"rendered":"<p>Gracias a una buena idea de mi amiga Bethzabeth Diaz que vi en su facebook hoy pondr\u00e9 cosas que la gente no sabe ni se imagina de mi; as\u00ed que estas son 30 COSAS MIAS... 1. -\u00a0\u00a0 Me gusta quedarme viendo la luna (M\u00e1s si es LUNA LLENA es muy bueno para reflexionar y pensar). [&hellip;]<\/p>\n","protected":false},"author":206,"featured_media":0,"parent":0,"menu_order":0,"comment_status":"open","ping_status":"open","template":"","meta":{"footnotes":""},"class_list":["post-181","page","type-page","status-publish","hentry"],"_links":{"self":[{"href":"https:\/\/blog.espol.edu.ec\/kpoavl\/index.php?rest_route=\/wp\/v2\/pages\/181","targetHints":{"allow":["GET"]}}],"collection":[{"href":"https:\/\/blog.espol.edu.ec\/kpoavl\/index.php?rest_route=\/wp\/v2\/pages"}],"about":[{"href":"https:\/\/blog.espol.edu.ec\/kpoavl\/index.php?rest_route=\/wp\/v2\/types\/page"}],"author":[{"embeddable":true,"href":"https:\/\/blog.espol.edu.ec\/kpoavl\/index.php?rest_route=\/wp\/v2\/users\/206"}],"replies":[{"embeddable":true,"href":"https:\/\/blog.espol.edu.ec\/kpoavl\/index.php?rest_route=%2Fwp%2Fv2%2Fcomments&post=181"}],"version-history":[{"count":6,"href":"https:\/\/blog.espol.edu.ec\/kpoavl\/index.php?rest_route=\/wp\/v2\/pages\/181\/revisions"}],"predecessor-version":[{"id":210,"href":"https:\/\/blog.espol.edu.ec\/kpoavl\/index.php?rest_route=\/wp\/v2\/pages\/181\/revisions\/210"}],"wp:attachment":[{"href":"https:\/\/blog.espol.edu.ec\/kpoavl\/index.php?rest_route=%2Fwp%2Fv2%2Fmedia&parent=181"}],"curies":[{"name":"wp","href":"https:\/\/api.w.org\/{rel}","templated":true}]}}