{"id":27,"date":"2010-06-02T23:41:55","date_gmt":"2010-06-02T23:41:55","guid":{"rendered":"http:\/\/blog.espol.edu.ec\/kriera\/?page_id=27"},"modified":"2010-06-02T23:58:25","modified_gmt":"2010-06-02T23:58:25","slug":"para-mis-bf","status":"publish","type":"page","link":"https:\/\/blog.espol.edu.ec\/kriera\/para-mis-bf\/","title":{"rendered":"Para mis bf...."},"content":{"rendered":"<p style=\"text-align: center\"><a href=\"http:\/\/blog.espol.edu.ec\/kriera\/files\/2010\/06\/valk1.jpg\"><\/a>La amistad, \u00bfquien puede explicar ese sentimiento. ?<\/p>\n<p style=\"text-align: center\">\u00bfPor que con nuestros amigos no celebramos cada mes de ser amigos, asi como lo hacen los novios?.. ! Los novios\/as no son eternos, pero los amigos si.(entonces, porque no celebrar la amistad tambi\u00e9n)<\/p>\n<p style=\"text-align: center\">\u00bfQui\u00e9n no ha tenido un mejor amigo?<\/p>\n<p style=\"text-align: center\">\u00bfQui\u00e9n no ha encontrado problemas por un amigo?<\/p>\n<p style=\"text-align: center\">----------------------------------------------------------------------------------------<\/p>\n<p style=\"text-align: center\">MIS AMIGOS<\/p>\n<p style=\"text-align: center\">Una vez el amor le pregunto a la amistad\u00a0 \u00bfporqu\u00e9 estas tu? si yo soy el amor y soy suficiente, la amistad lo miro y le repondi\u00f3 : -Porque yo dar\u00e9 alegr\u00eda, donde tu haz dejado dolor.<\/p>\n<p style=\"text-align: center\">Qui\u00e9n alguna vez no ha sufrido, no ha tenido problemas, pues yo he tenido muchos, pero a mi lado siempre han estado aquellas personas a las que llamo mis mejores amigos. Con ellos comparti, absolutamente cada experiencia que aprend\u00ed, en cada ca\u00edda siempre ten\u00eda donde apoyarme, ellos siempre me dieron su mano para seguir. Su amistad me permiti\u00f3 aprender a ver la vida de diferentes maneras.\u00a0 Me ayudaron a equivocarme, me presionaron para luchar cuando me quer\u00eda rendir, siempre, siempre estuvieron all\u00ed.<\/p>\n<p style=\"text-align: center\">Mi mejor amigo:<\/p>\n<p style=\"text-align: center\">Hacer esto es poco, me has ayudado tanto,\u00a0 por ti casi siempre me levantaba y ca\u00eda, me ense\u00f1aste que tropezar con la misma piedra me puede ense\u00f1ar a conocer mejor el camino, me brindaste un hombro para llorar cuando ya no pod\u00eda seguir. Eres mas que un amigo, eres el hermano que siempre quise. Erick, eres mi mejor amigo.<br \/>\n<img decoding=\"async\" src=\"http:\/\/photos1.hi5.com\/0124\/047\/468\/hEsfFU047468-02.bmp\" alt=\"\" \/><\/p>\n<p style=\"text-align: center\">\u00a0<\/p>\n<p style=\"text-align: center\">Mi mejor amiga:<\/p>\n<p style=\"text-align: center\">Valeria, que no he hecho por ti!, a pesar de ser m\u00e1s la distancia que muchas veces tuvimos, eres otra hermanita que la vida me di\u00f3 para ayudarla a luchar,\u00a0 me ense\u00f1aste que la vida siempre necesita de una chispa para poderla vivir,\u00a0aprendi a tomar decisiones por ti, me hiciste crecer, ser tu gu\u00eda y eso me ayudo para ahora ser como soy. No lo sab\u00edas, pero ahora lo sabes, eres la mejor amiga que pude conseguir.<\/p>\n<p style=\"text-align: center\"><a href=\"http:\/\/blog.espol.edu.ec\/kriera\/files\/2010\/06\/valk2.jpg\"><img loading=\"lazy\" decoding=\"async\" class=\"size-medium wp-image-34 aligncenter\" title=\"mi amiga y yo\" src=\"http:\/\/blog.espol.edu.ec\/kriera\/files\/2010\/06\/valk2-300x225.jpg\" alt=\"una amiga y yo\" width=\"300\" height=\"225\" \/><\/a>\u00a0<\/p>\n<p style=\"text-align: center\">A ustedes\u00a0 dos amigos de mi coraz\u00f3n, les doy las gracias, por haberme permitido compartir\u00a0a su lado\u00a0cada alegr\u00eda, cada recuerdo,\u00a0 cada l\u00e1grima.\u00a0 Los considero m\u00e1s que amigos, los siento parte de mi familia, como alguien una vez me dijo -Somos hermanos,\u00a0con familias\u00a0diferentes-<\/p>\n","protected":false},"excerpt":{"rendered":"<p>La amistad, \u00bfquien puede explicar ese sentimiento. ? \u00bfPor que con nuestros amigos no celebramos cada mes de ser amigos, asi como lo hacen los novios?.. ! Los novios\/as no son eternos, pero los amigos si.(entonces, porque no celebrar la amistad tambi\u00e9n) \u00bfQui\u00e9n no ha tenido un mejor amigo? \u00bfQui\u00e9n no ha encontrado problemas por [&hellip;]<\/p>\n","protected":false},"author":3758,"featured_media":0,"parent":0,"menu_order":0,"comment_status":"open","ping_status":"open","template":"","meta":{"footnotes":""},"class_list":["post-27","page","type-page","status-publish","hentry"],"_links":{"self":[{"href":"https:\/\/blog.espol.edu.ec\/kriera\/wp-json\/wp\/v2\/pages\/27","targetHints":{"allow":["GET"]}}],"collection":[{"href":"https:\/\/blog.espol.edu.ec\/kriera\/wp-json\/wp\/v2\/pages"}],"about":[{"href":"https:\/\/blog.espol.edu.ec\/kriera\/wp-json\/wp\/v2\/types\/page"}],"author":[{"embeddable":true,"href":"https:\/\/blog.espol.edu.ec\/kriera\/wp-json\/wp\/v2\/users\/3758"}],"replies":[{"embeddable":true,"href":"https:\/\/blog.espol.edu.ec\/kriera\/wp-json\/wp\/v2\/comments?post=27"}],"version-history":[{"count":6,"href":"https:\/\/blog.espol.edu.ec\/kriera\/wp-json\/wp\/v2\/pages\/27\/revisions"}],"predecessor-version":[{"id":31,"href":"https:\/\/blog.espol.edu.ec\/kriera\/wp-json\/wp\/v2\/pages\/27\/revisions\/31"}],"wp:attachment":[{"href":"https:\/\/blog.espol.edu.ec\/kriera\/wp-json\/wp\/v2\/media?parent=27"}],"curies":[{"name":"wp","href":"https:\/\/api.w.org\/{rel}","templated":true}]}}