{"id":39,"date":"2013-11-24T23:13:48","date_gmt":"2013-11-24T23:13:48","guid":{"rendered":"http:\/\/blog.espol.edu.ec\/kslopez\/?page_id=39"},"modified":"2013-11-24T23:13:48","modified_gmt":"2013-11-24T23:13:48","slug":"el-teatro-centro-civico","status":"publish","type":"page","link":"https:\/\/blog.espol.edu.ec\/kslopez\/el-teatro-centro-civico\/","title":{"rendered":"El teatro Centro C\u00ecvico"},"content":{"rendered":"<p>El Teatro Centro C\u00edvico es el m\u00e1s grande de Guayaquil y aunque abri\u00f3 de nuevo sus puertas en Enero del 2009, es una de las obras que m\u00e1s tiempo ha tardado en su construcci\u00f3n y remodelaci\u00f3n (1.970), durante el gobierno del Dr. Jos\u00e9 Mar\u00eda Velasco Ibarra. Pero, se entreg\u00f3 reci\u00e9n en 1.990 en la presidencia del Dr. Rodrigo Borja.<br \/>\nEl Teatro Centro C\u00edvico es una edificaci\u00f3n que consta de dos plantas. Tiene un teatro principal, dos mini teatros y salas de usos m\u00faltiples. La edificaci\u00f3n est\u00e1 ubicada en Quito y Bolivia y forma parte de un conjunto que hace m\u00e1s de un lustro fue bautizado como Plaza de las Artes y Oficios. El Teatro era manejado por una fundaci\u00f3n que llevaba el mismo nombre de la entidad. En el lugar se presentaron artistas como Joan Manuel Serrat, Mercedes Sosa, entre otros grandes.<a href=\"http:\/\/blog.espol.edu.ec\/kslopez\/files\/2013\/11\/DSC_0795.jpg\"><img loading=\"lazy\" decoding=\"async\" src=\"http:\/\/blog.espol.edu.ec\/kslopez\/files\/2013\/11\/DSC_0795-300x201.jpg\" alt=\"DSC_0795\" width=\"300\" height=\"201\" class=\"alignnone size-medium wp-image-40\" srcset=\"https:\/\/blog.espol.edu.ec\/kslopez\/files\/2013\/11\/DSC_0795-300x201.jpg 300w, https:\/\/blog.espol.edu.ec\/kslopez\/files\/2013\/11\/DSC_0795-1024x686.jpg 1024w\" sizes=\"auto, (max-width: 300px) 100vw, 300px\" \/><\/a><\/p>\n","protected":false},"excerpt":{"rendered":"<p>El Teatro Centro C\u00edvico es el m\u00e1s grande de Guayaquil y aunque abri\u00f3 de nuevo sus puertas en Enero del 2009, es una de las obras que m\u00e1s tiempo ha tardado en su construcci\u00f3n y remodelaci\u00f3n (1.970), durante el gobierno &hellip; <a href=\"https:\/\/blog.espol.edu.ec\/kslopez\/el-teatro-centro-civico\/\">Sigue leyendo <span class=\"meta-nav\">&rarr;<\/span><\/a><\/p>\n","protected":false},"author":8773,"featured_media":0,"parent":0,"menu_order":0,"comment_status":"open","ping_status":"open","template":"","meta":{"footnotes":""},"class_list":["post-39","page","type-page","status-publish","hentry"],"_links":{"self":[{"href":"https:\/\/blog.espol.edu.ec\/kslopez\/wp-json\/wp\/v2\/pages\/39","targetHints":{"allow":["GET"]}}],"collection":[{"href":"https:\/\/blog.espol.edu.ec\/kslopez\/wp-json\/wp\/v2\/pages"}],"about":[{"href":"https:\/\/blog.espol.edu.ec\/kslopez\/wp-json\/wp\/v2\/types\/page"}],"author":[{"embeddable":true,"href":"https:\/\/blog.espol.edu.ec\/kslopez\/wp-json\/wp\/v2\/users\/8773"}],"replies":[{"embeddable":true,"href":"https:\/\/blog.espol.edu.ec\/kslopez\/wp-json\/wp\/v2\/comments?post=39"}],"version-history":[{"count":1,"href":"https:\/\/blog.espol.edu.ec\/kslopez\/wp-json\/wp\/v2\/pages\/39\/revisions"}],"predecessor-version":[{"id":42,"href":"https:\/\/blog.espol.edu.ec\/kslopez\/wp-json\/wp\/v2\/pages\/39\/revisions\/42"}],"wp:attachment":[{"href":"https:\/\/blog.espol.edu.ec\/kslopez\/wp-json\/wp\/v2\/media?parent=39"}],"curies":[{"name":"wp","href":"https:\/\/api.w.org\/{rel}","templated":true}]}}

El teatro Centro Cìvico

<p>El Teatro Centro Cívico es el más grande de Guayaquil y aunque abrió de nuevo sus puertas en Enero del 2009, es una de las obras que más tiempo ha tardado en su construcción y remodelación (1.970), durante el gobierno del Dr. José María Velasco Ibarra. Pero, se entregó recién en 1.990 en la presidencia del Dr. Rodrigo Borja.<br />
El Teatro Centro Cívico es una edificación que consta de dos plantas. Tiene un teatro principal, dos mini teatros y salas de usos múltiples. La edificación está ubicada en Quito y Bolivia y forma parte de un conjunto que hace más de un lustro fue bautizado como Plaza de las Artes y Oficios. El Teatro era manejado por una fundación que llevaba el mismo nombre de la entidad. En el lugar se presentaron artistas como Joan Manuel Serrat, Mercedes Sosa, entre otros grandes.<a href="http://blog.espol.edu.ec/kslopez/files/2013/11/DSC_0795.jpg"><img loading="lazy" decoding="async" src="http://blog.espol.edu.ec/kslopez/files/2013/11/DSC_0795-300x201.jpg" alt="DSC_0795" width="300" height="201" class="alignnone size-medium wp-image-40" srcset="https://blog.espol.edu.ec/kslopez/files/2013/11/DSC_0795-300x201.jpg 300w, https://blog.espol.edu.ec/kslopez/files/2013/11/DSC_0795-1024x686.jpg 1024w" sizes="auto, (max-width: 300px) 100vw, 300px" /></a></p>

<p>El Teatro Centro Cívico es el más grande de Guayaquil y aunque abrió de nuevo sus puertas en Enero del 2009, es una de las obras que más tiempo ha tardado en su construcción y remodelación (1.970), durante el gobierno &hellip; <a href="https://blog.espol.edu.ec/kslopez/el-teatro-centro-civico/">Sigue leyendo <span class="meta-nav">&rarr;</span></a></p>
