{"id":48,"date":"2013-11-24T23:21:11","date_gmt":"2013-11-24T23:21:11","guid":{"rendered":"http:\/\/blog.espol.edu.ec\/kslopez\/?page_id=48"},"modified":"2013-11-24T23:21:11","modified_gmt":"2013-11-24T23:21:11","slug":"la-orquesta","status":"publish","type":"page","link":"https:\/\/blog.espol.edu.ec\/kslopez\/la-orquesta\/","title":{"rendered":"La Orquesta"},"content":{"rendered":"<p><a href=\"http:\/\/blog.espol.edu.ec\/kslopez\/files\/2013\/11\/902222_578035132244075_1063792067_o.jpg\"><img loading=\"lazy\" decoding=\"async\" src=\"http:\/\/blog.espol.edu.ec\/kslopez\/files\/2013\/11\/902222_578035132244075_1063792067_o-300x200.jpg\" alt=\"902222_578035132244075_1063792067_o.jpg\" width=\"300\" height=\"200\" class=\"alignnone size-medium wp-image-33\" srcset=\"https:\/\/blog.espol.edu.ec\/kslopez\/files\/2013\/11\/902222_578035132244075_1063792067_o-300x200.jpg 300w, https:\/\/blog.espol.edu.ec\/kslopez\/files\/2013\/11\/902222_578035132244075_1063792067_o-1024x683.jpg 1024w, https:\/\/blog.espol.edu.ec\/kslopez\/files\/2013\/11\/902222_578035132244075_1063792067_o.jpg 2048w\" sizes=\"auto, (max-width: 300px) 100vw, 300px\" \/><\/a><br \/>\nEl Teatro Centro C\u00edvico es el m\u00e1s grande de Guayaquil y aunque abri\u00f3 de nuevo sus puertas en Enero del 2009, es una de las obras que m\u00e1s tiempo ha tardado en su construcci\u00f3n y remodelaci\u00f3n (1.970), durante el gobierno del Dr. Jos\u00e9 Mar\u00eda Velasco Ibarra. Pero, se entreg\u00f3 reci\u00e9n en 1.990 en la presidencia del Dr. Rodrigo Borja.<br \/>\nEl Teatro Centro C\u00edvico es una edificaci\u00f3n que consta de dos plantas. Tiene un teatro principal, dos mini teatros y salas de usos m\u00faltiples. La edificaci\u00f3n est\u00e1 ubicada en Quito y Bolivia y forma parte de un conjunto que hace m\u00e1s de un lustro fue bautizado como Plaza de las Artes y Oficios. El Teatro era manejado por una fundaci\u00f3n que llevaba el mismo nombre de la entidad. En el lugar se presentaron artistas como Joan Manuel Serrat, Mercedes Sosa, entre otros grandes.<br \/>\nLos Directivos de la Orquesta Sinf\u00f3nica de Guayaquil preocupados por la sede de esta entidad han procesado el pedido de tener el Teatro Centro C\u00edvico para uso de la orquesta y como su sede.<br \/>\nLa Orquesta Sinf\u00f3nica de Guayaquil ensaya diariamente, en el escenario del Teatro Centro C\u00edvico, las obras para el concierto que ofrece el viernes de cada semana. Este espacio f\u00edsico tambi\u00e9n es requerido para muchas instituciones culturales, educativas, sociales, para diversas actividades de integraci\u00f3n y conocimiento.<br \/>\nEl primer concierto de temporada el 22 de Abril del 2009, fue todo un \u00e9xito con un p\u00fablico que llen\u00f3 el escenario con 1.522 personas. En el 2010 y el 2011 con eventos que convocan masivamente como \u201cTango Sinf\u00f3nico\u201d , La Misa de R\u00e9quiem y la Novena Sinfon\u00eda de Beethoven. El 2011 con un p\u00fablico cautivo que se mantiene fiel a la orquesta.<\/p>\n","protected":false},"excerpt":{"rendered":"<p>El Teatro Centro C\u00edvico es el m\u00e1s grande de Guayaquil y aunque abri\u00f3 de nuevo sus puertas en Enero del 2009, es una de las obras que m\u00e1s tiempo ha tardado en su construcci\u00f3n y remodelaci\u00f3n (1.970), durante el gobierno &hellip; <a href=\"https:\/\/blog.espol.edu.ec\/kslopez\/la-orquesta\/\">Sigue leyendo <span class=\"meta-nav\">&rarr;<\/span><\/a><\/p>\n","protected":false},"author":8773,"featured_media":0,"parent":0,"menu_order":0,"comment_status":"open","ping_status":"open","template":"","meta":{"footnotes":""},"class_list":["post-48","page","type-page","status-publish","hentry"],"_links":{"self":[{"href":"https:\/\/blog.espol.edu.ec\/kslopez\/wp-json\/wp\/v2\/pages\/48","targetHints":{"allow":["GET"]}}],"collection":[{"href":"https:\/\/blog.espol.edu.ec\/kslopez\/wp-json\/wp\/v2\/pages"}],"about":[{"href":"https:\/\/blog.espol.edu.ec\/kslopez\/wp-json\/wp\/v2\/types\/page"}],"author":[{"embeddable":true,"href":"https:\/\/blog.espol.edu.ec\/kslopez\/wp-json\/wp\/v2\/users\/8773"}],"replies":[{"embeddable":true,"href":"https:\/\/blog.espol.edu.ec\/kslopez\/wp-json\/wp\/v2\/comments?post=48"}],"version-history":[{"count":1,"href":"https:\/\/blog.espol.edu.ec\/kslopez\/wp-json\/wp\/v2\/pages\/48\/revisions"}],"predecessor-version":[{"id":49,"href":"https:\/\/blog.espol.edu.ec\/kslopez\/wp-json\/wp\/v2\/pages\/48\/revisions\/49"}],"wp:attachment":[{"href":"https:\/\/blog.espol.edu.ec\/kslopez\/wp-json\/wp\/v2\/media?parent=48"}],"curies":[{"name":"wp","href":"https:\/\/api.w.org\/{rel}","templated":true}]}}

<p><a href="http://blog.espol.edu.ec/kslopez/files/2013/11/902222_578035132244075_1063792067_o.jpg"><img loading="lazy" decoding="async" src="http://blog.espol.edu.ec/kslopez/files/2013/11/902222_578035132244075_1063792067_o-300x200.jpg" alt="902222_578035132244075_1063792067_o.jpg" width="300" height="200" class="alignnone size-medium wp-image-33" srcset="https://blog.espol.edu.ec/kslopez/files/2013/11/902222_578035132244075_1063792067_o-300x200.jpg 300w, https://blog.espol.edu.ec/kslopez/files/2013/11/902222_578035132244075_1063792067_o-1024x683.jpg 1024w, https://blog.espol.edu.ec/kslopez/files/2013/11/902222_578035132244075_1063792067_o.jpg 2048w" sizes="auto, (max-width: 300px) 100vw, 300px" /></a><br />
El Teatro Centro Cívico es el más grande de Guayaquil y aunque abrió de nuevo sus puertas en Enero del 2009, es una de las obras que más tiempo ha tardado en su construcción y remodelación (1.970), durante el gobierno del Dr. José María Velasco Ibarra. Pero, se entregó recién en 1.990 en la presidencia del Dr. Rodrigo Borja.<br />
El Teatro Centro Cívico es una edificación que consta de dos plantas. Tiene un teatro principal, dos mini teatros y salas de usos múltiples. La edificación está ubicada en Quito y Bolivia y forma parte de un conjunto que hace más de un lustro fue bautizado como Plaza de las Artes y Oficios. El Teatro era manejado por una fundación que llevaba el mismo nombre de la entidad. En el lugar se presentaron artistas como Joan Manuel Serrat, Mercedes Sosa, entre otros grandes.<br />
Los Directivos de la Orquesta Sinfónica de Guayaquil preocupados por la sede de esta entidad han procesado el pedido de tener el Teatro Centro Cívico para uso de la orquesta y como su sede.<br />
La Orquesta Sinfónica de Guayaquil ensaya diariamente, en el escenario del Teatro Centro Cívico, las obras para el concierto que ofrece el viernes de cada semana. Este espacio físico también es requerido para muchas instituciones culturales, educativas, sociales, para diversas actividades de integración y conocimiento.<br />
El primer concierto de temporada el 22 de Abril del 2009, fue todo un éxito con un público que llenó el escenario con 1.522 personas. En el 2010 y el 2011 con eventos que convocan masivamente como “Tango Sinfónico” , La Misa de Réquiem y la Novena Sinfonía de Beethoven. El 2011 con un público cautivo que se mantiene fiel a la orquesta.</p>

<p>El Teatro Centro Cívico es el más grande de Guayaquil y aunque abrió de nuevo sus puertas en Enero del 2009, es una de las obras que más tiempo ha tardado en su construcción y remodelación (1.970), durante el gobierno &hellip; <a href="https://blog.espol.edu.ec/kslopez/la-orquesta/">Sigue leyendo <span class="meta-nav">&rarr;</span></a></p>
