{"id":440,"date":"2016-03-12T06:27:00","date_gmt":"2016-03-12T06:27:00","guid":{"rendered":"http:\/\/blog.espol.edu.ec\/kvlopez\/?page_id=440"},"modified":"2016-03-12T06:55:53","modified_gmt":"2016-03-12T06:55:53","slug":"bienvenido","status":"publish","type":"page","link":"https:\/\/blog.espol.edu.ec\/kvlopez\/bienvenido\/","title":{"rendered":"Bienvenido"},"content":{"rendered":"<p class=\"lead\"><span style=\"font-size: medium\"><br \/>\nEn mi blog, encontraras informaci\u00f3n sobre lugares tur\u00edsticos de nuestro Pa\u00eds, informaci\u00f3n de las Principales Agencias de Viajes De <a href=\"http:\/\/www.guayaquil.gov.ec\" target=\"_new\">Guayaquil <\/a>, restaurants, Directorio de Gu\u00edas Tur\u00edsticos etc.<\/span><\/p>\n<p style=\"text-align: justify\"><span style=\"font-size: medium\"><br style=\"font-size: medium\" \/>Aunque les cuento<a href=\"http:\/\/www.ecuador.travel\/\" target=\"_new\"><span style=\"font-size: medium\"> Ecuador<\/span><\/a>, tiene una infinidad de lugares tur\u00edsticos pocos conocidos por los ecuatorianos, creo que si se realizara una encuesta a nivel nacional, son pocos los que conocen de pies a cabeza el Ecuador.<br \/>\nSaben, no entiendo porque algunos ecuatorianos prefieren primero hacer turismo en el extranjero que en su propio Pa\u00eds, Ecuador tiene una infinidad de Lugares incre\u00edbles y accesibles a visitar.\u00a0As\u00ed que si estas planeando en realizar un viaje, te recomiendo que lo pienses dos veces antes de ir a otra tierra hacer turismo; <strong>\u201cPrefiere a tu Pa\u00eds, ama a tu tierra<\/strong>, <strong>con\u00f3cela\u201d<\/strong>, antes de conocer el extranjero prefiere conocer al Ecuador.<br \/>\n<\/span><\/p>\n<p style=\"text-align: justify\"><span style=\"font-size: medium\">Aqu\u00ed en mi Blog por el momento voy hablar de estos lugares, como Monta\u00f1ita, Parque Nacional de Cajas, Ba\u00f1os, Playa los frailes etc... . Despu\u00e9s les voy a seguir ofreciendo informaci\u00f3n sobre otros lugares de mi hermoso ECUADOR ..<\/span><\/p>\n<p>Mira estas im\u00e1genes, te van a encantar, esto es un resumen de lo que ofrece mi Ecuador.<br \/>\n<span style=\"font-size: medium\"><br \/>\n<\/span><\/p>\n<div id=\"__ss_4467546\" style=\"width: 425px\">\n<div style=\"padding: 5px 0 12px\"><img loading=\"lazy\" decoding=\"async\" class=\"alignnone wp-image-416 \" src=\"http:\/\/blog.espol.edu.ec\/kvlopez\/files\/2010\/06\/IMG_8927.jpg\" alt=\"IMG_8927\" width=\"614\" height=\"460\" srcset=\"https:\/\/blog.espol.edu.ec\/kvlopez\/files\/2010\/06\/IMG_8927.jpg 4000w, https:\/\/blog.espol.edu.ec\/kvlopez\/files\/2010\/06\/IMG_8927-300x225.jpg 300w, https:\/\/blog.espol.edu.ec\/kvlopez\/files\/2010\/06\/IMG_8927-768x576.jpg 768w, https:\/\/blog.espol.edu.ec\/kvlopez\/files\/2010\/06\/IMG_8927-1024x768.jpg 1024w\" sizes=\"auto, (max-width: 614px) 100vw, 614px\" \/><\/div>\n<div style=\"padding: 5px 0 12px\"><\/div>\n<div style=\"padding: 5px 0 12px\"><img loading=\"lazy\" decoding=\"async\" width=\"1920\" height=\"1080\" class=\"alignnone size-full wp-image-418\" src=\"http:\/\/blog.espol.edu.ec\/kvlopez\/files\/2010\/06\/IMG_4137.jpg\" alt=\"IMG_4137\" srcset=\"https:\/\/blog.espol.edu.ec\/kvlopez\/files\/2010\/06\/IMG_4137.jpg 1920w, https:\/\/blog.espol.edu.ec\/kvlopez\/files\/2010\/06\/IMG_4137-300x169.jpg 300w, https:\/\/blog.espol.edu.ec\/kvlopez\/files\/2010\/06\/IMG_4137-768x432.jpg 768w, https:\/\/blog.espol.edu.ec\/kvlopez\/files\/2010\/06\/IMG_4137-1024x576.jpg 1024w\" sizes=\"auto, (max-width: 1920px) 100vw, 1920px\" \/><\/div>\n<div style=\"padding: 5px 0 12px\"><\/div>\n<div style=\"padding: 5px 0 12px\"><img loading=\"lazy\" decoding=\"async\" width=\"4000\" height=\"2664\" class=\"alignnone size-full wp-image-419\" src=\"http:\/\/blog.espol.edu.ec\/kvlopez\/files\/2010\/06\/IMG_1354.jpg\" alt=\"IMG_1354\" srcset=\"https:\/\/blog.espol.edu.ec\/kvlopez\/files\/2010\/06\/IMG_1354.jpg 4000w, https:\/\/blog.espol.edu.ec\/kvlopez\/files\/2010\/06\/IMG_1354-300x200.jpg 300w, https:\/\/blog.espol.edu.ec\/kvlopez\/files\/2010\/06\/IMG_1354-768x511.jpg 768w, https:\/\/blog.espol.edu.ec\/kvlopez\/files\/2010\/06\/IMG_1354-1024x682.jpg 1024w\" sizes=\"auto, (max-width: 4000px) 100vw, 4000px\" \/><\/div>\n<div style=\"padding: 5px 0 12px\"><img loading=\"lazy\" decoding=\"async\" width=\"4000\" height=\"3000\" class=\"alignnone size-full wp-image-414\" src=\"http:\/\/blog.espol.edu.ec\/kvlopez\/files\/2010\/06\/IMG_8977.jpg\" alt=\"IMG_8977\" srcset=\"https:\/\/blog.espol.edu.ec\/kvlopez\/files\/2010\/06\/IMG_8977.jpg 4000w, https:\/\/blog.espol.edu.ec\/kvlopez\/files\/2010\/06\/IMG_8977-300x225.jpg 300w, https:\/\/blog.espol.edu.ec\/kvlopez\/files\/2010\/06\/IMG_8977-768x576.jpg 768w, https:\/\/blog.espol.edu.ec\/kvlopez\/files\/2010\/06\/IMG_8977-1024x768.jpg 1024w\" sizes=\"auto, (max-width: 4000px) 100vw, 4000px\" \/><\/div>\n<\/div>\n","protected":false},"excerpt":{"rendered":"<p>En mi blog, encontraras informaci\u00f3n sobre lugares tur\u00edsticos de nuestro Pa\u00eds, informaci\u00f3n de las Principales Agencias de Viajes De Guayaquil , restaurants, Directorio de Gu\u00edas Tur\u00edsticos etc. Aunque les cuento Ecuador, tiene una infinidad de lugares tur\u00edsticos pocos conocidos por los ecuatorianos, creo que si se realizara una encuesta a nivel nacional, son pocos los...  <a class=\"excerpt-read-more\" href=\"https:\/\/blog.espol.edu.ec\/kvlopez\/bienvenido\/\" title=\"ReadBienvenido\">Read more &raquo;<\/a><\/p>\n","protected":false},"author":3894,"featured_media":0,"parent":0,"menu_order":0,"comment_status":"closed","ping_status":"closed","template":"","meta":{"footnotes":""},"class_list":["post-440","page","type-page","status-publish","hentry"],"_links":{"self":[{"href":"https:\/\/blog.espol.edu.ec\/kvlopez\/wp-json\/wp\/v2\/pages\/440","targetHints":{"allow":["GET"]}}],"collection":[{"href":"https:\/\/blog.espol.edu.ec\/kvlopez\/wp-json\/wp\/v2\/pages"}],"about":[{"href":"https:\/\/blog.espol.edu.ec\/kvlopez\/wp-json\/wp\/v2\/types\/page"}],"author":[{"embeddable":true,"href":"https:\/\/blog.espol.edu.ec\/kvlopez\/wp-json\/wp\/v2\/users\/3894"}],"replies":[{"embeddable":true,"href":"https:\/\/blog.espol.edu.ec\/kvlopez\/wp-json\/wp\/v2\/comments?post=440"}],"version-history":[{"count":3,"href":"https:\/\/blog.espol.edu.ec\/kvlopez\/wp-json\/wp\/v2\/pages\/440\/revisions"}],"predecessor-version":[{"id":454,"href":"https:\/\/blog.espol.edu.ec\/kvlopez\/wp-json\/wp\/v2\/pages\/440\/revisions\/454"}],"wp:attachment":[{"href":"https:\/\/blog.espol.edu.ec\/kvlopez\/wp-json\/wp\/v2\/media?parent=440"}],"curies":[{"name":"wp","href":"https:\/\/api.w.org\/{rel}","templated":true}]}}