{"id":97,"date":"2014-11-11T18:50:56","date_gmt":"2014-11-11T18:50:56","guid":{"rendered":"http:\/\/blog.espol.edu.ec\/laadzamb\/?page_id=97"},"modified":"2014-11-11T18:50:56","modified_gmt":"2014-11-11T18:50:56","slug":"actualizate","status":"publish","type":"page","link":"https:\/\/blog.espol.edu.ec\/laadzamb\/actualizate\/","title":{"rendered":"ACTUAL\u00cdZATE ;)"},"content":{"rendered":"<p>Hey chicos\/as han escuchado un RUM RUM!...por ah\u00ed???<br \/>\nPues yo s\u00ed...y les traigo informaci\u00f3n de nuevos deportes acu\u00e1ticos que est\u00e1n marcando tendencias actualmente.<\/p>\n<p>Han escuchado hablar de FLYBOARD?<br \/>\nyo lo he o\u00eddo m\u00e1s o menos y busqu\u00e9 que era....es un deporte super genial y arriesgado para esos que les gusta sentir la adrenalina a full....ah\u00ed le dejo un link y una foto....bye \ud83d\ude09<\/p>\n<p><a href=\"http:\/\/blog.espol.edu.ec\/laadzamb\/2014\/11\/11\/flyboard\/\">FLYBOARD<\/a><\/p>\n<p><img loading=\"lazy\" decoding=\"async\" class=\"alignnone\" src=\"http:\/\/static.wixstatic.com\/media\/51b75f_c8777b6e3551458baac4c7e648cdfd30.jpg\" alt=\"\" width=\"1920\" height=\"1080\" \/><\/p>\n<p>Hola Guys!!!...saben le tengo buenas noticias, me acaban de decir que hay un nuevo deporte acu\u00e1tico parecido al FLYBOARD...Es el HOVERBOARD!...se pregutar\u00e1n \u00bfQu\u00e9 rayos es eso?... A diferencia del flyboard, que pose\u00eda la propulsi\u00f3n por debajo, el nuevo trabajo de Franky Zapata posibilita a los deportistas acelerar a 40 km por hora y elevarse hasta cinco metros con una mayor maniobrabilidad. Bueno abajo les dejo un link para que se informen mejor<\/p>\n<p>Click <a href=\"http:\/\/www.infobae.com\/2014\/06\/24\/1575394-el-hoverboard-acuatico-lo-nuevo-deportes-extremos\">AQU\u00cd<\/a><\/p>\n<p><img loading=\"lazy\" decoding=\"async\" class=\"alignnone\" src=\"http:\/\/i.ytimg.com\/vi\/s_E3ACFmna8\/maxresdefault.jpg\" alt=\"\" width=\"2526\" height=\"1406\" \/><\/p>\n","protected":false},"excerpt":{"rendered":"<p>Hey chicos\/as han escuchado un RUM RUM!...por ah\u00ed??? Pues yo s\u00ed...y les traigo informaci\u00f3n de nuevos deportes acu\u00e1ticos que est\u00e1n marcando tendencias actualmente. Han escuchado hablar de FLYBOARD? yo lo he o\u00eddo m\u00e1s o menos y busqu\u00e9 que era....es un deporte super genial y arriesgado para esos que les gusta sentir la adrenalina a full....ah\u00ed [&hellip;]<\/p>\n","protected":false},"author":9407,"featured_media":0,"parent":0,"menu_order":0,"comment_status":"open","ping_status":"open","template":"","meta":{"footnotes":""},"class_list":["post-97","page","type-page","status-publish","hentry"],"_links":{"self":[{"href":"https:\/\/blog.espol.edu.ec\/laadzamb\/wp-json\/wp\/v2\/pages\/97","targetHints":{"allow":["GET"]}}],"collection":[{"href":"https:\/\/blog.espol.edu.ec\/laadzamb\/wp-json\/wp\/v2\/pages"}],"about":[{"href":"https:\/\/blog.espol.edu.ec\/laadzamb\/wp-json\/wp\/v2\/types\/page"}],"author":[{"embeddable":true,"href":"https:\/\/blog.espol.edu.ec\/laadzamb\/wp-json\/wp\/v2\/users\/9407"}],"replies":[{"embeddable":true,"href":"https:\/\/blog.espol.edu.ec\/laadzamb\/wp-json\/wp\/v2\/comments?post=97"}],"version-history":[{"count":1,"href":"https:\/\/blog.espol.edu.ec\/laadzamb\/wp-json\/wp\/v2\/pages\/97\/revisions"}],"predecessor-version":[{"id":98,"href":"https:\/\/blog.espol.edu.ec\/laadzamb\/wp-json\/wp\/v2\/pages\/97\/revisions\/98"}],"wp:attachment":[{"href":"https:\/\/blog.espol.edu.ec\/laadzamb\/wp-json\/wp\/v2\/media?parent=97"}],"curies":[{"name":"wp","href":"https:\/\/api.w.org\/{rel}","templated":true}]}}