{"id":125,"date":"2018-05-14T23:00:04","date_gmt":"2018-05-15T04:00:04","guid":{"rendered":"http:\/\/blog.espol.edu.ec\/labpetrologia\/?page_id=125"},"modified":"2018-05-14T23:22:58","modified_gmt":"2018-05-15T04:22:58","slug":"proyectos-integradores","status":"publish","type":"page","link":"https:\/\/blog.espol.edu.ec\/labpetrologia\/proyectos-integradores\/","title":{"rendered":"Proyectos Integradores"},"content":{"rendered":"<p>El laboratorio\u00a0de Petrolog\u00eda ha participado en el desarrollo de proyectos integradores a traves de la materia integradora de la carrera de geolog\u00eda. A continuaci\u00f3n los trabajos:<\/p>\n<p>&nbsp;<\/p>\n","protected":false},"excerpt":{"rendered":"<p>El laboratorio\u00a0de Petrolog\u00eda ha participado en el desarrollo de proyectos integradores a traves de la materia integradora de la carrera de geolog\u00eda. A continuaci\u00f3n los trabajos: &nbsp;<\/p>\n","protected":false},"author":3956,"featured_media":0,"parent":0,"menu_order":0,"comment_status":"closed","ping_status":"closed","template":"","meta":{"footnotes":""},"class_list":["post-125","page","type-page","status-publish","hentry"],"_links":{"self":[{"href":"https:\/\/blog.espol.edu.ec\/labpetrologia\/wp-json\/wp\/v2\/pages\/125","targetHints":{"allow":["GET"]}}],"collection":[{"href":"https:\/\/blog.espol.edu.ec\/labpetrologia\/wp-json\/wp\/v2\/pages"}],"about":[{"href":"https:\/\/blog.espol.edu.ec\/labpetrologia\/wp-json\/wp\/v2\/types\/page"}],"author":[{"embeddable":true,"href":"https:\/\/blog.espol.edu.ec\/labpetrologia\/wp-json\/wp\/v2\/users\/3956"}],"replies":[{"embeddable":true,"href":"https:\/\/blog.espol.edu.ec\/labpetrologia\/wp-json\/wp\/v2\/comments?post=125"}],"version-history":[{"count":1,"href":"https:\/\/blog.espol.edu.ec\/labpetrologia\/wp-json\/wp\/v2\/pages\/125\/revisions"}],"predecessor-version":[{"id":128,"href":"https:\/\/blog.espol.edu.ec\/labpetrologia\/wp-json\/wp\/v2\/pages\/125\/revisions\/128"}],"wp:attachment":[{"href":"https:\/\/blog.espol.edu.ec\/labpetrologia\/wp-json\/wp\/v2\/media?parent=125"}],"curies":[{"name":"wp","href":"https:\/\/api.w.org\/{rel}","templated":true}]}}