{"id":6,"date":"2016-03-15T04:01:19","date_gmt":"2016-03-15T04:01:19","guid":{"rendered":"http:\/\/blog.espol.edu.ec\/labpetrologia\/?page_id=6"},"modified":"2018-05-14T23:15:13","modified_gmt":"2018-05-15T04:15:13","slug":"investigacion","status":"publish","type":"page","link":"https:\/\/blog.espol.edu.ec\/labpetrologia\/investigacion\/","title":{"rendered":"Proyectos"},"content":{"rendered":"<p class=\"rtejustify\" style=\"text-align: justify\">Actualmente el Laboratorio de Petrolog\u00eda participa en los siguientes proyectos de investigaci\u00f3n:<\/p>\n<p class=\"rtejustify\" style=\"text-align: justify\"><strong>Nombre del Proyecto: <\/strong><\/p>\n<p class=\"rtejustify\" style=\"text-align: justify\">Proyecto Semilla S9-DI-2014 <em>\u201cEstudio Petrogr\u00e1fico y Petrol\u00f3gico de las vetas de Bella Rica - Ponce Enr\u00edquez, Provincia del Azuay\u201d<\/em><\/p>\n<p class=\"rtejustify\" style=\"text-align: justify\">El estudio propuesto investigara la variabilidad mineral\u00f3gica en vertical, principalmente de las minerales que componen las vetas y de la roca encajante pr\u00f3xima, en diferentes estructuras, la identificaci\u00f3n de texturas y micro-texturas, y; el reconocimiento de los minerales de alteraci\u00f3n hidrotermal presentes.<\/p>\n<p class=\"rtejustify\"><strong>Director: Ing. Kenny Escobar Segovia<\/strong><\/p>\n<p class=\"rtejustify\"><strong>Co-director: Ing. Juan Carlos Pindo<\/strong><\/p>\n<p class=\"rtejustify\"><strong>Periodo de Ejecuci\u00f3n: 2014 (1 a\u00f1o)<\/strong><\/p>\n<p class=\"rtejustify\"><strong>Financiado por: Decanato de Investigaci\u00f3n<\/strong><\/p>\n","protected":false},"excerpt":{"rendered":"<p>Actualmente el Laboratorio de Petrolog\u00eda participa en los siguientes proyectos de investigaci\u00f3n: Nombre del Proyecto: Proyecto Semilla S9-DI-2014 \u201cEstudio Petrogr\u00e1fico y Petrol\u00f3gico de las vetas de Bella Rica - Ponce Enr\u00edquez, Provincia del Azuay\u201d El estudio propuesto investigara la variabilidad mineral\u00f3gica en vertical, principalmente de las minerales que componen las vetas y de la roca &hellip; <a href=\"https:\/\/blog.espol.edu.ec\/labpetrologia\/investigacion\/\" class=\"more-link\">Sigue leyendo <span class=\"screen-reader-text\">Proyectos<\/span><\/a><\/p>\n","protected":false},"author":3956,"featured_media":0,"parent":0,"menu_order":0,"comment_status":"closed","ping_status":"closed","template":"","meta":{"footnotes":""},"class_list":["post-6","page","type-page","status-publish","hentry"],"_links":{"self":[{"href":"https:\/\/blog.espol.edu.ec\/labpetrologia\/wp-json\/wp\/v2\/pages\/6","targetHints":{"allow":["GET"]}}],"collection":[{"href":"https:\/\/blog.espol.edu.ec\/labpetrologia\/wp-json\/wp\/v2\/pages"}],"about":[{"href":"https:\/\/blog.espol.edu.ec\/labpetrologia\/wp-json\/wp\/v2\/types\/page"}],"author":[{"embeddable":true,"href":"https:\/\/blog.espol.edu.ec\/labpetrologia\/wp-json\/wp\/v2\/users\/3956"}],"replies":[{"embeddable":true,"href":"https:\/\/blog.espol.edu.ec\/labpetrologia\/wp-json\/wp\/v2\/comments?post=6"}],"version-history":[{"count":8,"href":"https:\/\/blog.espol.edu.ec\/labpetrologia\/wp-json\/wp\/v2\/pages\/6\/revisions"}],"predecessor-version":[{"id":127,"href":"https:\/\/blog.espol.edu.ec\/labpetrologia\/wp-json\/wp\/v2\/pages\/6\/revisions\/127"}],"wp:attachment":[{"href":"https:\/\/blog.espol.edu.ec\/labpetrologia\/wp-json\/wp\/v2\/media?parent=6"}],"curies":[{"name":"wp","href":"https:\/\/api.w.org\/{rel}","templated":true}]}}