{"id":378,"date":"2010-12-30T14:34:21","date_gmt":"2010-12-30T14:34:21","guid":{"rendered":"http:\/\/blog.espol.edu.ec\/lacocinadelulu\/?page_id=378"},"modified":"2011-01-11T03:04:51","modified_gmt":"2011-01-11T03:04:51","slug":"ano-nuevo-de-la-cocina-de-lulu","status":"publish","type":"page","link":"https:\/\/blog.espol.edu.ec\/lacocinadelulu\/ano-nuevo-de-la-cocina-de-lulu","title":{"rendered":"A\u00d1O NUEVO"},"content":{"rendered":"<h1 style=\"text-align: center\"><a href=\"..\/..\/lgrodrig\/files\/2010\/12\/Angel-120.gif\"><img loading=\"lazy\" decoding=\"async\" title=\"Angel-120\" src=\"..\/..\/lgrodrig\/files\/2010\/12\/Angel-120.gif\" alt=\"\" width=\"175\" height=\"185\" \/><\/a><\/h1>\n<h1 style=\"text-align: center\"><span style=\"color: #800080\">A PROP\u00d3SITO DEL NUEVO A\u00d1O<\/span><\/h1>\n<p><span style=\"color: #800080\"><br \/>\n<\/span><\/p>\n<h1 style=\"text-align: justify\"><span style=\"color: #33cccc\">Desde la cocina de Lul\u00fa, les sugiero que entre los nuevos prop\u00f3sitos de este a\u00f1o, debe primar la idea de construir nuestro futuro con pensamientos, palabras, obras y acciones positivas.<br \/>\n<\/span><\/h1>\n<h1 style=\"text-align: justify\"><span style=\"color: #800080\">Te invito a que unamos las manos y juntos formemos una gran cadena indestructible donde habr\u00e1 cabida de una vida mejor, ah\u00ed donde est\u00e1 la felicidad, mi felicidad, tu felicidad, nuestra felicidad...<br \/>\n<\/span><\/h1>\n<h2 style=\"text-align: center\"><a href=\"..\/..\/lgrodrig\/files\/2010\/12\/3angeles-angel001-thumb.gif\"><img loading=\"lazy\" decoding=\"async\" title=\"3angeles-angel001-thumb\" src=\"..\/..\/lgrodrig\/files\/2010\/12\/3angeles-angel001-thumb.gif\" alt=\"\" width=\"180\" height=\"257\" \/><\/a><\/h2>\n<h1 style=\"text-align: justify\"><span style=\"color: #800080\">La  gratitud y el amor, la fe y los buenos prop\u00f3sitos nos traen bendiciones.\u00a0 Tenemos que agradecer por todo lo recibido y fijar\u00a0 las metas por cumplir. <\/span><\/h1>\n<h1 style=\"text-align: justify\"><span style=\"color: #800080\">Una buena terapia es tomar una cartulina blanca o celeste y dibujar o pegar en ella figuras alusivas, im\u00e1genes de lo que debemos visualizar, objetivos que queremos alcanzar; pero sobre todas las cosas que anhelemos, nunca pierdas la fe...<br \/>\n<\/span><\/h1>\n<h1 style=\"text-align: center\"><span style=\"color: #800080\"> <\/span><\/h1>\n<h1 style=\"text-align: center\"><strong><a href=\"..\/..\/lgrodrig\/files\/2010\/12\/vela.jpg\"><img loading=\"lazy\" decoding=\"async\" title=\"vela\" src=\"..\/..\/lgrodrig\/files\/2010\/12\/vela.jpg\" alt=\"\" width=\"200\" height=\"267\" \/><\/a><\/strong><\/h1>\n<h1 style=\"text-align: center\"><strong><span style=\"color: #ff6600\"><strong>Un a\u00f1o nuevo de vida es un regalo <\/strong><\/span><\/strong><\/h1>\n<h1 style=\"text-align: center\"><strong><span style=\"color: #ff6600\"><strong>demasiado grande para echarlo a perder<\/strong><\/span><\/strong><\/h1>\n<h2 style=\"text-align: center\"><strong><span style=\"color: #ff6600\">(Mariano de Blas)<\/span><\/strong><\/h2>\n<h2><span style=\"color: #ff6600\">Deja que \u00c9l guie tus pasos.<\/span><\/h2>\n<p><span style=\"color: #ff6600\"><strong><em>Luz Gabriela Rodr\u00edguez<\/em><\/strong><\/span><\/p>\n<p><strong><span style=\"color: #ff6600\"><strong><em>http:\/\/www.blog.espol.edu.ec\/lgrodrig\/<\/em><\/strong><\/span><\/strong><\/p>\n","protected":false},"excerpt":{"rendered":"<p>A PROP\u00d3SITO DEL NUEVO A\u00d1O Desde la cocina de Lul\u00fa, les sugiero que entre los nuevos prop\u00f3sitos de este a\u00f1o, debe primar la idea de construir nuestro futuro con pensamientos, palabras, obras y acciones positivas. Te invito a que unamos las manos y juntos formemos una gran cadena indestructible donde habr\u00e1 cabida de una vida <a href=\"https:\/\/blog.espol.edu.ec\/lacocinadelulu\/ano-nuevo-de-la-cocina-de-lulu\">Continue reading &#8594;<\/a><\/p>\n","protected":false},"author":247,"featured_media":0,"parent":0,"menu_order":0,"comment_status":"open","ping_status":"open","template":"","meta":{"footnotes":""},"class_list":["post-378","page","type-page","status-publish","hentry"],"_links":{"self":[{"href":"https:\/\/blog.espol.edu.ec\/lacocinadelulu\/wp-json\/wp\/v2\/pages\/378","targetHints":{"allow":["GET"]}}],"collection":[{"href":"https:\/\/blog.espol.edu.ec\/lacocinadelulu\/wp-json\/wp\/v2\/pages"}],"about":[{"href":"https:\/\/blog.espol.edu.ec\/lacocinadelulu\/wp-json\/wp\/v2\/types\/page"}],"author":[{"embeddable":true,"href":"https:\/\/blog.espol.edu.ec\/lacocinadelulu\/wp-json\/wp\/v2\/users\/247"}],"replies":[{"embeddable":true,"href":"https:\/\/blog.espol.edu.ec\/lacocinadelulu\/wp-json\/wp\/v2\/comments?post=378"}],"version-history":[{"count":7,"href":"https:\/\/blog.espol.edu.ec\/lacocinadelulu\/wp-json\/wp\/v2\/pages\/378\/revisions"}],"predecessor-version":[{"id":420,"href":"https:\/\/blog.espol.edu.ec\/lacocinadelulu\/wp-json\/wp\/v2\/pages\/378\/revisions\/420"}],"wp:attachment":[{"href":"https:\/\/blog.espol.edu.ec\/lacocinadelulu\/wp-json\/wp\/v2\/media?parent=378"}],"curies":[{"name":"wp","href":"https:\/\/api.w.org\/{rel}","templated":true}]}}