{"id":2,"date":"2010-05-25T19:09:29","date_gmt":"2010-05-25T19:09:29","guid":{"rendered":""},"modified":"2010-08-10T02:47:04","modified_gmt":"2010-08-10T02:47:04","slug":"about","status":"publish","type":"page","link":"https:\/\/blog.espol.edu.ec\/lauracat\/about\/","title":{"rendered":"KieReS SaBer de mi???"},"content":{"rendered":"<p style=\"text-align: justify\"><span style=\"color: #fa2dd5\"><strong><span style=\"color: #ff00ff\">Bueno....<\/span><\/strong><\/span><\/p>\n<p style=\"text-align: justify\"><span style=\"color: #fa2dd5\"><strong><span style=\"color: #ff00ff\">Hola mi nombre es <span style=\"color: #00ffff\">Laura Catuto Yagual<\/span>,\u00a0 y esta es mi historia jeje(que tragiK!!!)...<\/span><\/strong><\/span><\/p>\n<p style=\"text-align: center\"><span style=\"color: #fa2dd5\"><strong><img loading=\"lazy\" decoding=\"async\" class=\"size-medium wp-image-12  aligncenter\" title=\"26379_116054518420590_100000481274863_228260_7934849_n\" src=\"http:\/\/blog.espol.edu.ec\/lauracat\/files\/2010\/05\/26379_116054518420590_100000481274863_228260_7934849_n1-225x300.jpg\" alt=\"\" width=\"199\" height=\"268\" \/><\/strong><\/span><\/p>\n<p style=\"text-align: justify\"><span style=\"color: #fa2dd5\"><strong>Naci un 24 de septiembre de 1992. Mis amigos me conocen como Laura pero en mi casa me dicen <span style=\"color: #00ffff\">\"Mechita\",<\/span> de cari\u00f1o y bueno tambi\u00e9n porque mi segundio nombre es Mercedes. <\/strong><\/span><\/p>\n<p style=\"text-align: justify\"><span style=\"color: #fa2dd5\"><strong>Soy la ultima de tres hermanos y por lo tanto la m\u00e1s querida jeje\u2026<\/strong><\/span><\/p>\n<p style=\"text-align: justify\"><span style=\"color: #fa2dd5\"><strong>Mi mami se llama Laura como yo, que x cierto es lo m\u00e1s hermoso que tengo, nadie como ella y como toda madre un ejemplo a seguir. Mi papi se llamaba Magno, quien dejo un gran vac\u00edo en mi vida Y<\/strong><\/span><span style=\"color: #fa2dd5\"><strong> aunque \u00e9l ya no est\u00e9 siempre vivir\u00e1 en mi coraz\u00f3n.. Tengo 2 hermanos: Francisco y Tatiana, a quienes adoro muchiisimo.<\/strong><\/span><\/p>\n<p style=\"text-align: center\"><span style=\"color: #fa2dd5\"><strong><img loading=\"lazy\" decoding=\"async\" class=\"aligncenter size-medium wp-image-14\" title=\"P1000562\" src=\"http:\/\/blog.espol.edu.ec\/lauracat\/files\/2010\/05\/P10005621-300x204.jpg\" alt=\"\" width=\"323\" height=\"234\" \/><\/strong><\/span><\/p>\n<p style=\"text-align: justify\"><span style=\"color: #fa2dd5\"><strong> <\/strong><\/span><span style=\"color: #fa2dd5\"><strong>Tengo 17 a\u00f1itos, soy una chica s\u00faper xevere juju y por supuesto buena amiga, buena hija y tambi\u00e9n buena novia jeje.<\/strong><\/span><\/p>\n<p style=\"text-align: justify\"><span style=\"color: #fa2dd5\"><strong>Me encanta sonre\u00edrle a la vida, soy sincera, soy detallista, mmm y un poquito engre\u00edda, me gustan esos peque\u00f1os pero grandes detalles que te roban una sonrisa. Trato de vivir cada d\u00eda como si fuera el \u00faltimo, valorar las personas que tengo a mi alrededor porque nadie sabe lo que puede pasar ma\u00f1ana..<\/strong><\/span><\/p>\n<p style=\"text-align: justify\"><span style=\"color: #fa2dd5\"><strong>Me encanta compartir el tiempo con las personas que m\u00e1s amo; mi familia, mis amigos y por supuesto con mi novio, quien siempre est\u00e1 ah\u00ed apoy\u00e1ndome en todo. \u2665Te amo Jonathan\u2665.<\/strong><\/span><\/p>\n<p style=\"text-align: center\"><span style=\"color: #fa2dd5\"><strong><img loading=\"lazy\" decoding=\"async\" class=\"size-medium wp-image-16  aligncenter\" title=\"39013_142971522395556_100000481274863_379952_8347285_n\" src=\"http:\/\/blog.espol.edu.ec\/lauracat\/files\/2010\/05\/39013_142971522395556_100000481274863_379952_8347285_n-300x227.jpg\" alt=\"\" width=\"279\" height=\"215\" \/><\/strong><\/span><\/p>\n<p style=\"text-align: justify\"><span style=\"color: #fa2dd5\"><strong> <\/strong><\/span><\/p>\n<p style=\"text-align: justify\"><strong><span style=\"color: #fa2dd5\"> <\/span><span style=\"color: #00ccff\">MI VIDA ESTUDIANTIL<\/span><\/strong><\/p>\n<p style=\"text-align: justify\"><span style=\"color: #fa2dd5\"><strong><span style=\"color: #ffff00\">\u25d8<\/span>La primaria la realice en la UNIDAD EDUCATIVA \u201cLICEO CRISTIANO\u201d (La Libertad)<\/strong><\/span><\/p>\n<p style=\"text-align: justify\"><span style=\"color: #eb3cdd\"><strong><span style=\"color: #ffff00\">\u25d8<\/span>La secundaria en el <\/strong><\/span><a href=\"http:\/\/www.google.com.ec\/url?sa=t&amp;source=web&amp;cd=1&amp;ved=0CBkQFjAA&amp;url=http%3A%2F%2Fwww.rubira.edu.ec%2F&amp;rct=j&amp;q=COLEGIO%20RUBIRA&amp;ei=JspdTOTuB4a0lQf9mayZCA&amp;usg=AFQjCNGYQb1abNMDGmL60T0qmyecKjx8SQ&amp;cad=rja\"><span style=\"color: #eb3cdd\"><strong>COLEGIO Padres Josefinos de Murialdo \u201cRubira\u201d <\/strong><\/span><\/a><span style=\"color: #eb3cdd\"><strong> (Salinas), donde me gradu\u00e9 orgullosamente con 19, en la especialidad de FISICO MATEMATICO.<\/strong><\/span><\/p>\n<p style=\"text-align: justify\"><span style=\"color: #eb3cdd\"><strong><span style=\"color: #ffff00\">\u25d8<\/span>Ahora, sigo la Carrera de <span style=\"text-decoration: underline\">Ing. en Auditor\u00eda y Contadur\u00eda P\u00fablica<\/span> del INSTITUTO DE CIENCIAS MATEMATICAS (ICM) en la \u201c<\/strong><a href=\"http:\/\/www.espol.edu.ec\/\"><strong>ESCUELA SUPERIOR POLIT\u00c9CNICA DEL LITORAL\u201d<\/strong><\/a><strong>(ESPOL).<\/strong><\/span><\/p>\n<p style=\"text-align: justify\"><span style=\"color: #eb3cdd\"><strong>Espero graduarme muy pronto y poder ejercer mi profesi\u00f3n.<br \/>\nPor eso Trato de aprender algo nuevo cada d\u00eda, \u00a0porque esa es\u00a0 mi meta poder superarme y como dicen por ah\u00ed \u201cpoder ser alguien en la vida\u201d por mis propios meritos.<\/strong><\/span><\/p>\n","protected":false},"excerpt":{"rendered":"<p>Bueno.... Hola mi nombre es Laura Catuto Yagual,\u00a0 y esta es mi historia jeje(que tragiK!!!)... Naci un 24 de septiembre de 1992. Mis amigos me conocen como Laura pero en mi casa me dicen \"Mechita\", de cari\u00f1o y bueno tambi\u00e9n porque mi segundio nombre es Mercedes. Soy la ultima de tres hermanos y por lo [&hellip;]<\/p>\n","protected":false},"author":3984,"featured_media":0,"parent":0,"menu_order":0,"comment_status":"open","ping_status":"open","template":"","meta":{"footnotes":""},"class_list":["post-2","page","type-page","status-publish","hentry"],"_links":{"self":[{"href":"https:\/\/blog.espol.edu.ec\/lauracat\/wp-json\/wp\/v2\/pages\/2","targetHints":{"allow":["GET"]}}],"collection":[{"href":"https:\/\/blog.espol.edu.ec\/lauracat\/wp-json\/wp\/v2\/pages"}],"about":[{"href":"https:\/\/blog.espol.edu.ec\/lauracat\/wp-json\/wp\/v2\/types\/page"}],"author":[{"embeddable":true,"href":"https:\/\/blog.espol.edu.ec\/lauracat\/wp-json\/wp\/v2\/users\/3984"}],"replies":[{"embeddable":true,"href":"https:\/\/blog.espol.edu.ec\/lauracat\/wp-json\/wp\/v2\/comments?post=2"}],"version-history":[{"count":4,"href":"https:\/\/blog.espol.edu.ec\/lauracat\/wp-json\/wp\/v2\/pages\/2\/revisions"}],"predecessor-version":[{"id":85,"href":"https:\/\/blog.espol.edu.ec\/lauracat\/wp-json\/wp\/v2\/pages\/2\/revisions\/85"}],"wp:attachment":[{"href":"https:\/\/blog.espol.edu.ec\/lauracat\/wp-json\/wp\/v2\/media?parent=2"}],"curies":[{"name":"wp","href":"https:\/\/api.w.org\/{rel}","templated":true}]}}

<p style="text-align: justify"><span style="color: #fa2dd5"><strong><span style="color: #ff00ff">Bueno....</span></strong></span></p>
<p style="text-align: justify"><span style="color: #fa2dd5"><strong><span style="color: #ff00ff">Hola mi nombre es <span style="color: #00ffff">Laura Catuto Yagual</span>,  y esta es mi historia jeje(que tragiK!!!)...</span></strong></span></p>
<p style="text-align: center"><span style="color: #fa2dd5"><strong><img loading="lazy" decoding="async" class="size-medium wp-image-12  aligncenter" title="26379_116054518420590_100000481274863_228260_7934849_n" src="http://blog.espol.edu.ec/lauracat/files/2010/05/26379_116054518420590_100000481274863_228260_7934849_n1-225x300.jpg" alt="" width="199" height="268" /></strong></span></p>
<p style="text-align: justify"><span style="color: #fa2dd5"><strong>Naci un 24 de septiembre de 1992. Mis amigos me conocen como Laura pero en mi casa me dicen <span style="color: #00ffff">"Mechita",</span> de cariño y bueno también porque mi segundio nombre es Mercedes. </strong></span></p>
<p style="text-align: justify"><span style="color: #fa2dd5"><strong>Soy la ultima de tres hermanos y por lo tanto la más querida jeje…</strong></span></p>
<p style="text-align: justify"><span style="color: #fa2dd5"><strong>Mi mami se llama Laura como yo, que x cierto es lo más hermoso que tengo, nadie como ella y como toda madre un ejemplo a seguir. Mi papi se llamaba Magno, quien dejo un gran vacío en mi vida Y</strong></span><span style="color: #fa2dd5"><strong> aunque él ya no esté siempre vivirá en mi corazón.. Tengo 2 hermanos: Francisco y Tatiana, a quienes adoro muchiisimo.</strong></span></p>
<p style="text-align: center"><span style="color: #fa2dd5"><strong><img loading="lazy" decoding="async" class="aligncenter size-medium wp-image-14" title="P1000562" src="http://blog.espol.edu.ec/lauracat/files/2010/05/P10005621-300x204.jpg" alt="" width="323" height="234" /></strong></span></p>
<p style="text-align: justify"><span style="color: #fa2dd5"><strong> </strong></span><span style="color: #fa2dd5"><strong>Tengo 17 añitos, soy una chica súper xevere juju y por supuesto buena amiga, buena hija y también buena novia jeje.</strong></span></p>
<p style="text-align: justify"><span style="color: #fa2dd5"><strong>Me encanta sonreírle a la vida, soy sincera, soy detallista, mmm y un poquito engreída, me gustan esos pequeños pero grandes detalles que te roban una sonrisa. Trato de vivir cada día como si fuera el último, valorar las personas que tengo a mi alrededor porque nadie sabe lo que puede pasar mañana..</strong></span></p>
<p style="text-align: justify"><span style="color: #fa2dd5"><strong>Me encanta compartir el tiempo con las personas que más amo; mi familia, mis amigos y por supuesto con mi novio, quien siempre está ahí apoyándome en todo. ♥Te amo Jonathan♥.</strong></span></p>
<p style="text-align: center"><span style="color: #fa2dd5"><strong><img loading="lazy" decoding="async" class="size-medium wp-image-16  aligncenter" title="39013_142971522395556_100000481274863_379952_8347285_n" src="http://blog.espol.edu.ec/lauracat/files/2010/05/39013_142971522395556_100000481274863_379952_8347285_n-300x227.jpg" alt="" width="279" height="215" /></strong></span></p>
<p style="text-align: justify"><span style="color: #fa2dd5"><strong> </strong></span></p>
<p style="text-align: justify"><strong><span style="color: #fa2dd5"> </span><span style="color: #00ccff">MI VIDA ESTUDIANTIL</span></strong></p>
<p style="text-align: justify"><span style="color: #fa2dd5"><strong><span style="color: #ffff00">◘</span>La primaria la realice en la UNIDAD EDUCATIVA “LICEO CRISTIANO” (La Libertad)</strong></span></p>
<p style="text-align: justify"><span style="color: #eb3cdd"><strong><span style="color: #ffff00">◘</span>La secundaria en el </strong></span><a href="http://www.google.com.ec/url?sa=t&amp;source=web&amp;cd=1&amp;ved=0CBkQFjAA&amp;url=http%3A%2F%2Fwww.rubira.edu.ec%2F&amp;rct=j&amp;q=COLEGIO%20RUBIRA&amp;ei=JspdTOTuB4a0lQf9mayZCA&amp;usg=AFQjCNGYQb1abNMDGmL60T0qmyecKjx8SQ&amp;cad=rja"><span style="color: #eb3cdd"><strong>COLEGIO Padres Josefinos de Murialdo “Rubira” </strong></span></a><span style="color: #eb3cdd"><strong> (Salinas), donde me gradué orgullosamente con 19, en la especialidad de FISICO MATEMATICO.</strong></span></p>
<p style="text-align: justify"><span style="color: #eb3cdd"><strong><span style="color: #ffff00">◘</span>Ahora, sigo la Carrera de <span style="text-decoration: underline">Ing. en Auditoría y Contaduría Pública</span> del INSTITUTO DE CIENCIAS MATEMATICAS (ICM) en la “</strong><a href="http://www.espol.edu.ec/"><strong>ESCUELA SUPERIOR POLITÉCNICA DEL LITORAL”</strong></a><strong>(ESPOL).</strong></span></p>
<p style="text-align: justify"><span style="color: #eb3cdd"><strong>Espero graduarme muy pronto y poder ejercer mi profesión.<br />
Por eso Trato de aprender algo nuevo cada día,  porque esa es  mi meta poder superarme y como dicen por ahí “poder ser alguien en la vida” por mis propios meritos.</strong></span></p>

<p>Bueno.... Hola mi nombre es Laura Catuto Yagual,  y esta es mi historia jeje(que tragiK!!!)... Naci un 24 de septiembre de 1992. Mis amigos me conocen como Laura pero en mi casa me dicen "Mechita", de cariño y bueno también porque mi segundio nombre es Mercedes. Soy la ultima de tres hermanos y por lo [&hellip;]</p>
