{"id":103,"date":"2009-07-05T11:25:24","date_gmt":"2009-07-05T15:25:24","guid":{"rendered":"http:\/\/blog.espol.edu.ec\/lelizald\/?page_id=103"},"modified":"2009-07-05T11:28:30","modified_gmt":"2009-07-05T15:28:30","slug":"33%c2%bfexisten-proteccion-conta-ellos","status":"publish","type":"page","link":"https:\/\/blog.espol.edu.ec\/lelizald\/actualidad-informatica\/3virus-informaticos-y-otros-agentes-daninos\/33%c2%bfexisten-proteccion-conta-ellos\/","title":{"rendered":"3.3\u00bfExisten protecci\u00f3n conta ellos?"},"content":{"rendered":"<p>Los m\u00e9todos para disminuir o reducir los riesgos asociados a los virus pueden ser los denominados activos o pasivos.<\/p>\n<p><strong><em>Activo<\/em><\/strong><br \/>\n\u2022\tAntivirus: tratan de descubrir las trazas que ha dejado un software malicioso, para detectarlo y eliminarlo, y en algunos casos contener o parar la contaminaci\u00f3n.<br \/>\n\u2022\tFiltros de ficheros: este sistema proporciona una seguridad donde no se requiere la intervenci\u00f3n del usuario, puede ser muy eficaz, y permitir emplear \u00fanicamente recursos de forma m\u00e1s selectiva. <\/p>\n<p><em><strong>Pasivo<\/strong><\/em><br \/>\n\u2022\tEvitar introducir a tu equipo medios de almacenamiento removibles que consideres que pudieran estar infectados con alg\u00fan virus.<br \/>\n\u2022\tNo instalar software \"pirata\".<br \/>\n\u2022\tEvitar descargar software de Internet.<br \/>\n\u2022\tNo abrir mensajes provenientes de una direcci\u00f3n electr\u00f3nica desconocida.<br \/>\n\u2022\tNo aceptar e-mails de desconocidos. <\/p>\n<p><strong><em>M\u00e9todos de protecci\u00f3n<\/em><\/strong><br \/>\n\u2022\tUsar sistemas operativos m\u00e1s seguros, mejores y efectivos que windows como GNU\/Linux, Mac OS oFreeBSD.<br \/>\n\u2022\tUtilizar una cuenta de usuario con pocos privilegios (no administrador) en su equipo, solo utilizar la cuenta de administrador cu\u00e1ndo se deba cambiar una configuraci\u00f3n o instalar un software de confianza. De todas maneras, se debe ser cauteloso con lo que se ejecuta.<br \/>\n\u2022\tCada vez que se transfiera un archivo desde o hacia Internet se debe tener la precauci\u00f3n de revisarlo contra virus, crimeware o malwares, pero lo m\u00e1s importante saber de d\u00f3nde proviene.<br \/>\n\u2022\tSe debe comprobar todos y cada uno de los medios magn\u00e9ticos (Diskettes, ya en desuso), soportes \u00f3pticos (CDS, DVD, Blu-ray) o tarjetas de memoria (SD, MMC, XD, compact Flash), que se introduzcan en el ordenador.<br \/>\n\u2022\tComprobar los archivos comprimidos (ZIP, RAR, ACE, CAB, 7z..).<br \/>\n\u2022\tHacer copias de respaldo de programas y documentos importantes, pueden ser guardados en un Pendrive, CD, DVD, entre otros medios externos.<br \/>\n\u2022\tNo instalar programas de dudoso origen.<br \/>\n\u2022\tEvitar navegar por sitios potencialmente da\u00f1inos buscando cosas como \"pornograf\u00eda\", \"programas gratis\", \"mp3 gratis\", claves, licencias o cracks para los programas comerciales.<br \/>\n\u2022\tEvita descargar programas, archivos comprimidos o ejecutables, desde redes peer-to-peer ya que no se sabe el real contenido de la descarga.<br \/>\n\u2022\tCrear una contrase\u00f1a de alta seguridad.<br \/>\n\u2022\tMantener las actualizaciones autom\u00e1ticas activadas, como por ejemplo el Windows Update.<br \/>\n\u2022\tTener un programa antivirus y un firewall (tambi\u00e9n llamados cortafuegos) instalados en el ordenador, un anti-esp\u00edas como SpywareBlaster, Spybot - Search &amp; Destroy, y un filtrador de IP' maliciosas como el PeerGuardian. que eventualmente tambi\u00e9n frena troyanos.<br \/>\n\u2022\tTambi\u00e9n es importante tener actualizados estos programas ya que cada d\u00eda aparecen nuevas amenazas.<br \/>\n\u2022\tDesactivar la interpretaci\u00f3n de Visual Basic VBS y permitir JavaScript JS, ActiveX y cookies s\u00f3lo en p\u00e1ginas web de confianza.<br \/>\n\u2022\tSeguir las pol\u00edticas de seguridad en c\u00f3mputo<br \/>\n<img loading=\"lazy\" decoding=\"async\" src=\"http:\/\/blog.espol.edu.ec\/lelizald\/files\/2009\/07\/avg-219x300.jpg\" alt=\"avg\" width=\"219\" height=\"300\" class=\"aligncenter size-medium wp-image-106\" srcset=\"https:\/\/blog.espol.edu.ec\/lelizald\/files\/2009\/07\/avg-219x300.jpg 219w, https:\/\/blog.espol.edu.ec\/lelizald\/files\/2009\/07\/avg.jpg 420w\" sizes=\"auto, (max-width: 219px) 100vw, 219px\" \/><\/p>\n","protected":false},"excerpt":{"rendered":"<p>Los m\u00e9todos para disminuir o reducir los riesgos asociados a los virus pueden ser los denominados activos o pasivos. Activo \u2022 Antivirus: tratan de descubrir las trazas que ha dejado un software malicioso, para detectarlo y eliminarlo, y en algunos casos contener o parar la contaminaci\u00f3n. \u2022 Filtros de ficheros: este sistema proporciona una seguridad [&hellip;]<\/p>\n","protected":false},"author":2644,"featured_media":0,"parent":81,"menu_order":3,"comment_status":"open","ping_status":"open","template":"","meta":{"footnotes":""},"class_list":["post-103","page","type-page","status-publish","hentry"],"_links":{"self":[{"href":"https:\/\/blog.espol.edu.ec\/lelizald\/wp-json\/wp\/v2\/pages\/103","targetHints":{"allow":["GET"]}}],"collection":[{"href":"https:\/\/blog.espol.edu.ec\/lelizald\/wp-json\/wp\/v2\/pages"}],"about":[{"href":"https:\/\/blog.espol.edu.ec\/lelizald\/wp-json\/wp\/v2\/types\/page"}],"author":[{"embeddable":true,"href":"https:\/\/blog.espol.edu.ec\/lelizald\/wp-json\/wp\/v2\/users\/2644"}],"replies":[{"embeddable":true,"href":"https:\/\/blog.espol.edu.ec\/lelizald\/wp-json\/wp\/v2\/comments?post=103"}],"version-history":[{"count":3,"href":"https:\/\/blog.espol.edu.ec\/lelizald\/wp-json\/wp\/v2\/pages\/103\/revisions"}],"predecessor-version":[{"id":105,"href":"https:\/\/blog.espol.edu.ec\/lelizald\/wp-json\/wp\/v2\/pages\/103\/revisions\/105"}],"up":[{"embeddable":true,"href":"https:\/\/blog.espol.edu.ec\/lelizald\/wp-json\/wp\/v2\/pages\/81"}],"wp:attachment":[{"href":"https:\/\/blog.espol.edu.ec\/lelizald\/wp-json\/wp\/v2\/media?parent=103"}],"curies":[{"name":"wp","href":"https:\/\/api.w.org\/{rel}","templated":true}]}}