{"id":118,"date":"2010-12-15T05:54:51","date_gmt":"2010-12-15T09:54:51","guid":{"rendered":"http:\/\/blog.espol.edu.ec\/lelizald\/?page_id=118"},"modified":"2010-12-15T05:54:51","modified_gmt":"2010-12-15T09:54:51","slug":"historia-de-la-ecologia","status":"publish","type":"page","link":"https:\/\/blog.espol.edu.ec\/lelizald\/educacion-ambiental-ecologica\/historia-de-la-ecologia\/","title":{"rendered":"HISTORIA DE LA ECOLOGIA"},"content":{"rendered":"<p>El t\u00e9rmino \u00d6kologie fue introducido en 1869 por el alem\u00e1n prusiano Ernst Haeckel en su trabajo Morfolog\u00eda General del Organismo; est\u00e1 compuesto por las palabras griegas oikos (casa, vivienda, hogar) y logos (estudio o tratado), por ello Ecolog\u00eda significa \"el estudio de los hogares\" y del mejor modo de gesti\u00f3n de esos.<\/p>\n<p>En un principio, Haeckel entend\u00eda por ecolog\u00eda a la ciencia que estudia las relaciones de los seres vivos con su ambiente, pero m\u00e1s tarde ampli\u00f3 esta definici\u00f3n al estudio de las caracter\u00edsticas del medio, que tambi\u00e9n incluye el transporte de materia y energ\u00eda y su transformaci\u00f3n por las comunidades biol\u00f3gicas.<\/p>\n","protected":false},"excerpt":{"rendered":"<p>El t\u00e9rmino \u00d6kologie fue introducido en 1869 por el alem\u00e1n prusiano Ernst Haeckel en su trabajo Morfolog\u00eda General del Organismo; est\u00e1 compuesto por las palabras griegas oikos (casa, vivienda, hogar) y logos (estudio o tratado), por ello Ecolog\u00eda significa \"el estudio de los hogares\" y del mejor modo de gesti\u00f3n de esos. En un principio, [&hellip;]<\/p>\n","protected":false},"author":2644,"featured_media":0,"parent":112,"menu_order":1,"comment_status":"open","ping_status":"open","template":"","meta":{"footnotes":""},"class_list":["post-118","page","type-page","status-publish","hentry"],"_links":{"self":[{"href":"https:\/\/blog.espol.edu.ec\/lelizald\/wp-json\/wp\/v2\/pages\/118","targetHints":{"allow":["GET"]}}],"collection":[{"href":"https:\/\/blog.espol.edu.ec\/lelizald\/wp-json\/wp\/v2\/pages"}],"about":[{"href":"https:\/\/blog.espol.edu.ec\/lelizald\/wp-json\/wp\/v2\/types\/page"}],"author":[{"embeddable":true,"href":"https:\/\/blog.espol.edu.ec\/lelizald\/wp-json\/wp\/v2\/users\/2644"}],"replies":[{"embeddable":true,"href":"https:\/\/blog.espol.edu.ec\/lelizald\/wp-json\/wp\/v2\/comments?post=118"}],"version-history":[{"count":1,"href":"https:\/\/blog.espol.edu.ec\/lelizald\/wp-json\/wp\/v2\/pages\/118\/revisions"}],"predecessor-version":[{"id":119,"href":"https:\/\/blog.espol.edu.ec\/lelizald\/wp-json\/wp\/v2\/pages\/118\/revisions\/119"}],"up":[{"embeddable":true,"href":"https:\/\/blog.espol.edu.ec\/lelizald\/wp-json\/wp\/v2\/pages\/112"}],"wp:attachment":[{"href":"https:\/\/blog.espol.edu.ec\/lelizald\/wp-json\/wp\/v2\/media?parent=118"}],"curies":[{"name":"wp","href":"https:\/\/api.w.org\/{rel}","templated":true}]}}