{"id":173,"date":"2011-02-10T08:28:35","date_gmt":"2011-02-10T12:28:35","guid":{"rendered":"http:\/\/blog.espol.edu.ec\/lelizald\/?page_id=173"},"modified":"2011-02-10T08:28:35","modified_gmt":"2011-02-10T12:28:35","slug":"escuela-particular-%e2%80%9cjose-martil%e2%80%9d","status":"publish","type":"page","link":"https:\/\/blog.espol.edu.ec\/lelizald\/educacion-ambiental-ecologica\/escuela-particular-%e2%80%9cjose-martil%e2%80%9d\/","title":{"rendered":"Escuela Particular \u201cJos\u00e9 Martil\u201d"},"content":{"rendered":"<p style=\"text-align: center\"><strong>ESCUELA SUPERIOR POLIT\u00c9CNICA DEL LITORAL<\/strong><\/p>\n<p style=\"text-align: center\"><strong><br \/>\n<\/strong><\/p>\n<p style=\"text-align: center\"><strong> <\/strong><\/p>\n<p style=\"text-align: center\"><strong> <\/strong><\/p>\n<p style=\"text-align: center\"><strong><em>Ecolog\u00eda y Educaci\u00f3n Ambiental<\/em><\/strong><\/p>\n<p style=\"text-align: center\">\n<p style=\"text-align: center\"><strong> <\/strong><\/p>\n<p style=\"text-align: center\">Exposici\u00f3n en Escuela Particular<\/p>\n<p style=\"text-align: center\">\u201cJos\u00e9 Martil\u201d<\/p>\n<p style=\"text-align: center\">\n<p style=\"text-align: center\">\n<p><strong> <\/strong><\/p>\n<p><strong> <\/strong><\/p>\n<p><strong> <\/strong><\/p>\n<p style=\"text-align: center\"><strong>Integrantes:<\/strong><\/p>\n<p style=\"text-align: center\">\u00d8 <strong>Torres Itmenia<\/strong><\/p>\n<p style=\"text-align: center\">\u00d8 <strong>Elizalde Lila<\/strong><\/p>\n<p style=\"text-align: center\">\u00d8 <strong>Jaramillo Gabriela<\/strong><\/p>\n<p style=\"text-align: center\">\u00d8 <strong>Vill\u00f3n Luis<\/strong><\/p>\n<p><strong> <\/strong><\/p>\n<p><strong> <\/strong><\/p>\n<p><strong> <\/strong><\/p>\n<p><strong> <\/strong><\/p>\n<p><strong> <\/strong><\/p>\n<p>INDICE<\/p>\n<p><strong><em> <\/em><\/strong><\/p>\n<p><span style=\"text-decoration: underline\">El Agua<strong> 3<\/strong><\/span><\/p>\n<p>M\u00e9todos\u00a0 para el ahorro de agua<strong> <\/strong>3<\/p>\n<p>Contaminaci\u00f3n del agua\u00a0\u00a0\u00a0\u00a0\u00a0\u00a0\u00a0\u00a0\u00a0\u00a0\u00a0\u00a0\u00a0\u00a0\u00a0\u00a0\u00a0\u00a0\u00a0\u00a0\u00a0\u00a0\u00a0\u00a0\u00a0\u00a0\u00a0\u00a0\u00a0\u00a0\u00a0\u00a0\u00a0\u00a0\u00a0\u00a0\u00a0\u00a0\u00a0\u00a0\u00a0\u00a0\u00a0\u00a0\u00a0\u00a0\u00a0\u00a0\u00a0\u00a0\u00a0\u00a0 6<\/p>\n<p><span style=\"text-decoration: underline\">Los bosques<strong> <\/strong><\/span><strong><span style=\"text-decoration: underline\">9<\/span><\/strong><strong><\/strong><\/p>\n<p>Bosques protectores del Ecuador\u00a0\u00a0\u00a0\u00a0\u00a0\u00a0\u00a0\u00a0\u00a0\u00a0\u00a0\u00a0\u00a0\u00a0\u00a0\u00a0\u00a0\u00a0\u00a0\u00a0\u00a0\u00a0\u00a0\u00a0\u00a0\u00a0\u00a0\u00a0\u00a0\u00a0\u00a0\u00a0\u00a0\u00a0\u00a0 10<\/p>\n<p><span style=\"text-decoration: underline\">Reserva nacional Yasuni<strong> <\/strong><\/span><strong><span style=\"text-decoration: underline\">15<\/span><\/strong><strong><\/strong><\/p>\n<p><span style=\"text-decoration: underline\">Ahorro de energia electrica<strong> <\/strong><\/span><strong><span style=\"text-decoration: underline\">16<\/span><\/strong><\/p>\n<p><span style=\"text-decoration: underline\">Correcto manejo de la basura<strong> <\/strong><\/span><strong><span style=\"text-decoration: underline\">20<\/span><\/strong><strong><\/strong><\/p>\n","protected":false},"excerpt":{"rendered":"<p>ESCUELA SUPERIOR POLIT\u00c9CNICA DEL LITORAL Ecolog\u00eda y Educaci\u00f3n Ambiental Exposici\u00f3n en Escuela Particular \u201cJos\u00e9 Martil\u201d Integrantes: \u00d8 Torres Itmenia \u00d8 Elizalde Lila \u00d8 Jaramillo Gabriela \u00d8 Vill\u00f3n Luis INDICE El Agua 3 M\u00e9todos\u00a0 para el ahorro de agua 3 Contaminaci\u00f3n del agua\u00a0\u00a0\u00a0\u00a0\u00a0\u00a0\u00a0\u00a0\u00a0\u00a0\u00a0\u00a0\u00a0\u00a0\u00a0\u00a0\u00a0\u00a0\u00a0\u00a0\u00a0\u00a0\u00a0\u00a0\u00a0\u00a0\u00a0\u00a0\u00a0\u00a0\u00a0\u00a0\u00a0\u00a0\u00a0\u00a0\u00a0\u00a0\u00a0\u00a0\u00a0\u00a0\u00a0\u00a0\u00a0\u00a0\u00a0\u00a0\u00a0\u00a0\u00a0\u00a0 6 Los bosques 9 Bosques protectores del Ecuador\u00a0\u00a0\u00a0\u00a0\u00a0\u00a0\u00a0\u00a0\u00a0\u00a0\u00a0\u00a0\u00a0\u00a0\u00a0\u00a0\u00a0\u00a0\u00a0\u00a0\u00a0\u00a0\u00a0\u00a0\u00a0\u00a0\u00a0\u00a0\u00a0\u00a0\u00a0\u00a0\u00a0\u00a0\u00a0 10 Reserva nacional Yasuni 15 [&hellip;]<\/p>\n","protected":false},"author":2644,"featured_media":0,"parent":112,"menu_order":8,"comment_status":"open","ping_status":"open","template":"","meta":{"footnotes":""},"class_list":["post-173","page","type-page","status-publish","hentry"],"_links":{"self":[{"href":"https:\/\/blog.espol.edu.ec\/lelizald\/wp-json\/wp\/v2\/pages\/173","targetHints":{"allow":["GET"]}}],"collection":[{"href":"https:\/\/blog.espol.edu.ec\/lelizald\/wp-json\/wp\/v2\/pages"}],"about":[{"href":"https:\/\/blog.espol.edu.ec\/lelizald\/wp-json\/wp\/v2\/types\/page"}],"author":[{"embeddable":true,"href":"https:\/\/blog.espol.edu.ec\/lelizald\/wp-json\/wp\/v2\/users\/2644"}],"replies":[{"embeddable":true,"href":"https:\/\/blog.espol.edu.ec\/lelizald\/wp-json\/wp\/v2\/comments?post=173"}],"version-history":[{"count":1,"href":"https:\/\/blog.espol.edu.ec\/lelizald\/wp-json\/wp\/v2\/pages\/173\/revisions"}],"predecessor-version":[{"id":174,"href":"https:\/\/blog.espol.edu.ec\/lelizald\/wp-json\/wp\/v2\/pages\/173\/revisions\/174"}],"up":[{"embeddable":true,"href":"https:\/\/blog.espol.edu.ec\/lelizald\/wp-json\/wp\/v2\/pages\/112"}],"wp:attachment":[{"href":"https:\/\/blog.espol.edu.ec\/lelizald\/wp-json\/wp\/v2\/media?parent=173"}],"curies":[{"name":"wp","href":"https:\/\/api.w.org\/{rel}","templated":true}]}}