{"id":48,"date":"2009-07-05T08:53:48","date_gmt":"2009-07-05T12:53:48","guid":{"rendered":"http:\/\/blog.espol.edu.ec\/lelizald\/?page_id=48"},"modified":"2009-07-05T11:31:43","modified_gmt":"2009-07-05T15:31:43","slug":"actualidad-informatica","status":"publish","type":"page","link":"https:\/\/blog.espol.edu.ec\/lelizald\/actualidad-informatica\/","title":{"rendered":"Actualidad Inform\u00e1tica"},"content":{"rendered":"<p>El vocablo inform\u00e1tica proviene del franc\u00e9s informatique, acu\u00f1ado por el ingeniero Philippe Dreyfrus en 1962. Es un acr\u00f3nimo de las palabras information y automatique (informaci\u00f3n autom\u00e1tica). En lo que hoy d\u00eda conocemos como inform\u00e1tica confluyen muchas de las t\u00e9cnicas, procesos y m\u00e1quinas que el hombre ha desarrollado a lo largo de la historia para apoyar y potenciar su capacidad de memoria, de pensamiento y de comunicaci\u00f3n.<br \/>\nConceptualmente, se puede entender como aquella disciplina encargada del estudio de m\u00e9todos, procesos, t\u00e9cnicas, desarrollos y su utilizaci\u00f3n en ordenadores (computadores), con el fin de almacenar, procesar y transmitir informaci\u00f3n y datos en formato digital, por lo tanto la electr\u00f3nica juega un papel muy importante en la inform\u00e1tica ya que mediante esta ciencia se puede entender a plenitud el entorno de hardware y software.<br \/>\n<img loading=\"lazy\" decoding=\"async\" src=\"http:\/\/blog.espol.edu.ec\/lelizald\/files\/2009\/07\/guerra-de-navegadores1-300x284.jpg\" alt=\"guerra-de-navegadores1\" width=\"300\" height=\"284\" class=\"aligncenter size-medium wp-image-108\" srcset=\"https:\/\/blog.espol.edu.ec\/lelizald\/files\/2009\/07\/guerra-de-navegadores1-300x284.jpg 300w, https:\/\/blog.espol.edu.ec\/lelizald\/files\/2009\/07\/guerra-de-navegadores1.jpg 390w\" sizes=\"auto, (max-width: 300px) 100vw, 300px\" \/><\/p>\n","protected":false},"excerpt":{"rendered":"<p>El vocablo inform\u00e1tica proviene del franc\u00e9s informatique, acu\u00f1ado por el ingeniero Philippe Dreyfrus en 1962. Es un acr\u00f3nimo de las palabras information y automatique (informaci\u00f3n autom\u00e1tica). En lo que hoy d\u00eda conocemos como inform\u00e1tica confluyen muchas de las t\u00e9cnicas, procesos y m\u00e1quinas que el hombre ha desarrollado a lo largo de la historia para apoyar [&hellip;]<\/p>\n","protected":false},"author":2644,"featured_media":0,"parent":0,"menu_order":0,"comment_status":"open","ping_status":"open","template":"","meta":{"footnotes":""},"class_list":["post-48","page","type-page","status-publish","hentry"],"_links":{"self":[{"href":"https:\/\/blog.espol.edu.ec\/lelizald\/wp-json\/wp\/v2\/pages\/48","targetHints":{"allow":["GET"]}}],"collection":[{"href":"https:\/\/blog.espol.edu.ec\/lelizald\/wp-json\/wp\/v2\/pages"}],"about":[{"href":"https:\/\/blog.espol.edu.ec\/lelizald\/wp-json\/wp\/v2\/types\/page"}],"author":[{"embeddable":true,"href":"https:\/\/blog.espol.edu.ec\/lelizald\/wp-json\/wp\/v2\/users\/2644"}],"replies":[{"embeddable":true,"href":"https:\/\/blog.espol.edu.ec\/lelizald\/wp-json\/wp\/v2\/comments?post=48"}],"version-history":[{"count":2,"href":"https:\/\/blog.espol.edu.ec\/lelizald\/wp-json\/wp\/v2\/pages\/48\/revisions"}],"predecessor-version":[{"id":109,"href":"https:\/\/blog.espol.edu.ec\/lelizald\/wp-json\/wp\/v2\/pages\/48\/revisions\/109"}],"wp:attachment":[{"href":"https:\/\/blog.espol.edu.ec\/lelizald\/wp-json\/wp\/v2\/media?parent=48"}],"curies":[{"name":"wp","href":"https:\/\/api.w.org\/{rel}","templated":true}]}}