{"id":84,"date":"2009-07-05T09:37:14","date_gmt":"2009-07-05T13:37:14","guid":{"rendered":"http:\/\/blog.espol.edu.ec\/lelizald\/?page_id=84"},"modified":"2009-07-05T11:40:03","modified_gmt":"2009-07-05T15:40:03","slug":"31funcionamiento-y-caracteristicas","status":"publish","type":"page","link":"https:\/\/blog.espol.edu.ec\/lelizald\/actualidad-informatica\/3virus-informaticos-y-otros-agentes-daninos\/31funcionamiento-y-caracteristicas\/","title":{"rendered":"3.1Funcionamiento y Caracter\u00edsticas"},"content":{"rendered":"<p><em><strong>FUNCIONAMIENTO<\/strong><\/em><br \/>\nLos virus inform\u00e1ticos tienen, b\u00e1sicamente, la funci\u00f3n de propagarse a trav\u00e9s de un software, no se replican a s\u00ed mismos por que no tienen esa facultad como el gusano inform\u00e1tico, son muy nocivos y algunos contienen adem\u00e1s una carga da\u00f1ina (payload) con distintos objetivos, desde una simple broma hasta realizar da\u00f1os importantes en los sistemas, o bloquear las redes inform\u00e1ticas generando tr\u00e1fico in\u00fatil.<br \/>\n<img loading=\"lazy\" decoding=\"async\" src=\"http:\/\/blog.espol.edu.ec\/lelizald\/files\/2009\/07\/pic_virus-300x225.jpg\" alt=\"pic_virus\" width=\"300\" height=\"225\" class=\"aligncenter size-medium wp-image-85\" srcset=\"https:\/\/blog.espol.edu.ec\/lelizald\/files\/2009\/07\/pic_virus-300x225.jpg 300w, https:\/\/blog.espol.edu.ec\/lelizald\/files\/2009\/07\/pic_virus.jpg 800w\" sizes=\"auto, (max-width: 300px) 100vw, 300px\" \/><\/p>\n<p><em><strong>CARACTER\u00cdSTICAS<\/strong><em><br \/>\nDado que una caracter\u00edstica de los virus es el consumo de recursos, los virus ocasionan problemas tales como: p\u00e9rdida de productividad, cortes en los sistemas de informaci\u00f3n o da\u00f1os a nivel de datos.<br \/>\nUna de las caracter\u00edsticas es la posibilidad que tienen de diseminarse por medio de replicas y copias. Las redes en la actualidad ayudan a dicha propagaci\u00f3n cuando \u00e9stas no tienen la seguridad adecuada.<br \/>\nOtros da\u00f1os que los virus producen a los sistemas inform\u00e1ticos son la p\u00e9rdida de informaci\u00f3n, horas de parada productiva, tiempo de reinstalaci\u00f3n, etc.<br \/>\nHay que tener en cuenta que cada virus plantea una situaci\u00f3n diferente.<\/p>\n","protected":false},"excerpt":{"rendered":"<p>FUNCIONAMIENTO Los virus inform\u00e1ticos tienen, b\u00e1sicamente, la funci\u00f3n de propagarse a trav\u00e9s de un software, no se replican a s\u00ed mismos por que no tienen esa facultad como el gusano inform\u00e1tico, son muy nocivos y algunos contienen adem\u00e1s una carga da\u00f1ina (payload) con distintos objetivos, desde una simple broma hasta realizar da\u00f1os importantes en los [&hellip;]<\/p>\n","protected":false},"author":2644,"featured_media":0,"parent":81,"menu_order":1,"comment_status":"open","ping_status":"open","template":"","meta":{"footnotes":""},"class_list":["post-84","page","type-page","status-publish","hentry"],"_links":{"self":[{"href":"https:\/\/blog.espol.edu.ec\/lelizald\/wp-json\/wp\/v2\/pages\/84","targetHints":{"allow":["GET"]}}],"collection":[{"href":"https:\/\/blog.espol.edu.ec\/lelizald\/wp-json\/wp\/v2\/pages"}],"about":[{"href":"https:\/\/blog.espol.edu.ec\/lelizald\/wp-json\/wp\/v2\/types\/page"}],"author":[{"embeddable":true,"href":"https:\/\/blog.espol.edu.ec\/lelizald\/wp-json\/wp\/v2\/users\/2644"}],"replies":[{"embeddable":true,"href":"https:\/\/blog.espol.edu.ec\/lelizald\/wp-json\/wp\/v2\/comments?post=84"}],"version-history":[{"count":3,"href":"https:\/\/blog.espol.edu.ec\/lelizald\/wp-json\/wp\/v2\/pages\/84\/revisions"}],"predecessor-version":[{"id":111,"href":"https:\/\/blog.espol.edu.ec\/lelizald\/wp-json\/wp\/v2\/pages\/84\/revisions\/111"}],"up":[{"embeddable":true,"href":"https:\/\/blog.espol.edu.ec\/lelizald\/wp-json\/wp\/v2\/pages\/81"}],"wp:attachment":[{"href":"https:\/\/blog.espol.edu.ec\/lelizald\/wp-json\/wp\/v2\/media?parent=84"}],"curies":[{"name":"wp","href":"https:\/\/api.w.org\/{rel}","templated":true}]}}