{"id":30,"date":"2016-11-13T18:06:09","date_gmt":"2016-11-13T18:06:09","guid":{"rendered":"http:\/\/blog.espol.edu.ec\/leoenmen\/?page_id=30"},"modified":"2016-11-15T20:30:16","modified_gmt":"2016-11-15T20:30:16","slug":"rocket-league","status":"publish","type":"page","link":"https:\/\/blog.espol.edu.ec\/leoenmen\/rocket-league\/","title":{"rendered":"Rocket League"},"content":{"rendered":"<p><i><b>Rocket League<\/b><\/i> es un <a title=\"Videojuego\" href=\"https:\/\/es.wikipedia.org\/wiki\/Videojuego\">videojuego<\/a> que combina el <a title=\"F\u00fatbol\" href=\"https:\/\/es.wikipedia.org\/wiki\/F%C3%BAtbol\">f\u00fatbol<\/a> con los <a title=\"Veh\u00edculo\" href=\"https:\/\/es.wikipedia.org\/wiki\/Veh%C3%ADculo\">veh\u00edculos<\/a>. Fue desarrollado por <a class=\"new\" title=\"Psyonix (a\u00fan no redactado)\" href=\"https:\/\/es.wikipedia.org\/w\/index.php?title=Psyonix&amp;action=edit&amp;redlink=1\">Psyonix<\/a> y lanzado el <a title=\"7 de julio\" href=\"https:\/\/es.wikipedia.org\/wiki\/7_de_julio\">7 de julio<\/a> del <a title=\"2015\" href=\"https:\/\/es.wikipedia.org\/wiki\/2015\">2015<\/a>. Se encuentra disponible en <a title=\"Idioma espa\u00f1ol\" href=\"https:\/\/es.wikipedia.org\/wiki\/Idioma_espa%C3%B1ol\">espa\u00f1ol<\/a>, tiene modos de juego cooperativo, <a title=\"Videojuego de un jugador\" href=\"https:\/\/es.wikipedia.org\/wiki\/Videojuego_de_un_jugador\">de un jugador<\/a> y <a title=\"Videojuego multijugador\" href=\"https:\/\/es.wikipedia.org\/wiki\/Videojuego_multijugador\">en l\u00ednea<\/a>. Est\u00e1 disponible para <a title=\"Computadora personal\" href=\"https:\/\/es.wikipedia.org\/wiki\/Computadora_personal\">PC<\/a>, para <a title=\"PlayStation 4\" href=\"https:\/\/es.wikipedia.org\/wiki\/PlayStation_4\">PlayStation 4<\/a> y, con posterioridad a su lanzamiento inicial, para <a title=\"Xbox One\" href=\"https:\/\/es.wikipedia.org\/wiki\/Xbox_One\">Xbox One<\/a>.<\/p>\n<p>&nbsp;<\/p>\n<p>El juego se asemeja al f\u00fatbol, pero utilizando veh\u00edculos en lugar de jugadores y una pelota de gran tama\u00f1o. En los partidos pueden participar desde 1 vs 1 hasta 4 vs 4 jugadores distribuidos en dos equipos, naranja y azul. Cada veh\u00edculo puede utilizar <a title=\"\u00d3xido de nitr\u00f3geno (I)\" href=\"https:\/\/es.wikipedia.org\/wiki\/%C3%93xido_de_nitr%C3%B3geno_(I)\">propulsi\u00f3n extra<\/a>, tanto para acelerar como para desplazarse por el aire, siendo esta una caracter\u00edstica fundamental del juego. Dicha propulsi\u00f3n puede recargarse mediante packs distribuidos en el campo de juego y que reaparecen continuamente. Los partidos duran 5 minutos, disput\u00e1ndose un <a title=\"Pr\u00f3rroga (deporte)\" href=\"https:\/\/es.wikipedia.org\/wiki\/Pr%C3%B3rroga_(deporte)\">tiempo extra<\/a> indefinido en caso de empate.<\/p>\n<p>A medida que el usuario vaya ganando experiencia se le aumentar\u00e1 el nivel.<\/p>\n<h3><span id=\"Niveles_del_jugador\" class=\"mw-headline\">Niveles del jugador<\/span><span class=\"mw-editsection\"><span class=\"mw-editsection-bracket\">[<\/span><a title=\"Editar secci\u00f3n: Niveles del jugador\" href=\"https:\/\/es.wikipedia.org\/w\/index.php?title=Rocket_League&amp;action=edit&amp;section=2\">editar<\/a><span class=\"mw-editsection-bracket\">]<\/span><\/span><\/h3>\n<p>El jugador tiene diferentes niveles, cada vez que vaya sumando puntos (independientemente de si gana o pierde un partido de cualquier clase), cambiar\u00e1 su nivel de experiencia:<\/p>\n<ul>\n<li><i><b>Novato:<\/b><\/i> Niveles 1 al 9.<\/li>\n<\/ul>\n<ul>\n<li><b>Semi-profesional:<\/b> Niveles 10 al 19.<\/li>\n<\/ul>\n<ul>\n<li><b>Profesional:<\/b> Niveles 20 al 29.<\/li>\n<\/ul>\n<ul>\n<li><b>Veterano:<\/b> Niveles 30 al 39.<\/li>\n<\/ul>\n<ul>\n<li><b>Experto:<\/b> Niveles 40 al 49.<\/li>\n<\/ul>\n<ul>\n<li><b>Maestro:<\/b> A partir del nivel 50 al 59.<\/li>\n<li><b>Leyenda:<\/b> A partir del nivel 60 al 73.<\/li>\n<\/ul>\n<ul>\n<li><b>Se\u00f1or de los cohetes:<\/b> A partir del nivel 74.<\/li>\n<\/ul>\n<p>Sin embargo, esto no ofrecer\u00e1 ventaja alguna al jugador sobre sus rivales. Como el juego se caracteriza por garantizar la igualdad de condiciones a todos los jugadores, ha ganado un lugar en la escena de los <a title=\"Deportes electr\u00f3nicos\" href=\"https:\/\/es.wikipedia.org\/wiki\/Deportes_electr%C3%B3nicos\">deportes electr\u00f3nicos<\/a> o <i>esports<\/i>. Con simultaneidad a su lanzamiento, se ha incorporado en la n\u00f3mina de juegos soportados por la <i>Electronic Sports League<\/i> (<i>ESL<\/i>).<\/p>\n<h3><span id=\"Modalidades_multijugador\" class=\"mw-headline\">Modalidades multijugador<\/span><span class=\"mw-editsection\"><span class=\"mw-editsection-bracket\">[<\/span><a title=\"Editar secci\u00f3n: Modalidades multijugador\" href=\"https:\/\/es.wikipedia.org\/w\/index.php?title=Rocket_League&amp;action=edit&amp;section=3\">editar<\/a><span class=\"mw-editsection-bracket\">]<\/span><\/span><\/h3>\n<p>Psyonix ha establecido <a title=\"Servicio de alojamiento dedicado\" href=\"https:\/\/es.wikipedia.org\/wiki\/Servicio_de_alojamiento_dedicado\">servidores dedicados<\/a> en <a title=\"Estados Unidos\" href=\"https:\/\/es.wikipedia.org\/wiki\/Estados_Unidos\">Estados Unidos<\/a>, <a title=\"Europa\" href=\"https:\/\/es.wikipedia.org\/wiki\/Europa\">Europa<\/a>, <a title=\"Ocean\u00eda\" href=\"https:\/\/es.wikipedia.org\/wiki\/Ocean%C3%ADa\">Ocean\u00eda<\/a> y <a title=\"Am\u00e9rica del Sur\" href=\"https:\/\/es.wikipedia.org\/wiki\/Am%C3%A9rica_del_Sur\">Am\u00e9rica del Sur<\/a>. El juego ofrece la posibilidad de disputar en ellos partidos en modo est\u00e1ndar o en <i>ranked<\/i> (estos \u00faltimos con excepci\u00f3n de la modalidad 4 vs 4). En forma complementaria, es posible disputar partidos y torneos en la <i>Electronic Sports League<\/i>.<\/p>\n<p>Notoriamente, el juego permite organizar partidas entre jugadores de PC y PS4 <i>(cross-platform)<\/i>, caracter\u00edstica poco habitual en los t\u00edtulos multiplataforma. Sin embargo, la versi\u00f3n para Xbox One no permite la organizaci\u00f3n de partidas con otras plataformas, por restricciones impuestas por <a title=\"Microsoft\" href=\"https:\/\/es.wikipedia.org\/wiki\/Microsoft\">Microsoft<\/a>.<\/p>\n<h2><span id=\"Desarrollo_y_lanzamiento\" class=\"mw-headline\">Desarrollo y lanzamiento<\/span><span class=\"mw-editsection\"><span class=\"mw-editsection-bracket\">[<\/span><a title=\"Editar secci\u00f3n: Desarrollo y lanzamiento\" href=\"https:\/\/es.wikipedia.org\/w\/index.php?title=Rocket_League&amp;action=edit&amp;section=4\">editar<\/a><span class=\"mw-editsection-bracket\">]<\/span><\/span><\/h2>\n<p>El <a title=\"19 de febrero\" href=\"https:\/\/es.wikipedia.org\/wiki\/19_de_febrero\">19 de febrero<\/a> de 2014, <a class=\"new\" title=\"Psyonix (a\u00fan no redactado)\" href=\"https:\/\/es.wikipedia.org\/w\/index.php?title=Psyonix&amp;action=edit&amp;redlink=1\">Psyonix<\/a> confirm\u00f3 que se lanzar\u00eda una secuela de <i><a class=\"new\" title=\"Supersonic Acrobatic Rocket-Powered Battle-Cars (a\u00fan no redactado)\" href=\"https:\/\/es.wikipedia.org\/w\/index.php?title=Supersonic_Acrobatic_Rocket-Powered_Battle-Cars&amp;action=edit&amp;redlink=1\">Supersonic Acrobatic Rocket-Powered Battle-Cars<\/a><\/i> con el nombre de <i>Rocket League<\/i>. Cont\u00f3 anteriormente con una <a class=\"mw-redirect\" title=\"Fases de desarrollo\" href=\"https:\/\/es.wikipedia.org\/wiki\/Fases_de_desarrollo\">fase de pruebas<\/a> para PC y luego para <a title=\"PlayStation 4\" href=\"https:\/\/es.wikipedia.org\/wiki\/PlayStation_4\">PlayStation 4<\/a> en el mes de abril,<\/p>\n<p>El <a title=\"3 de junio\" href=\"https:\/\/es.wikipedia.org\/wiki\/3_de_junio\">3 de junio<\/a>, Psyonix anunci\u00f3 la fecha de lanzamiento <a title=\"PlayStation 4\" href=\"https:\/\/es.wikipedia.org\/wiki\/PlayStation_4\">PS4<\/a> y PC (a trav\u00e9s de la plataforma <a title=\"Steam\" href=\"https:\/\/es.wikipedia.org\/wiki\/Steam\">Steam<\/a> e inicialmente s\u00f3lo para <a title=\"Microsoft Windows\" href=\"https:\/\/es.wikipedia.org\/wiki\/Microsoft_Windows\">Microsoft Windows<\/a>, con posibles versiones compatibles con <a title=\"Macintosh\" href=\"https:\/\/es.wikipedia.org\/wiki\/Macintosh\">Mac<\/a> y <a class=\"mw-redirect\" title=\"Linux\" href=\"https:\/\/es.wikipedia.org\/wiki\/Linux\">Linux<\/a>) que ser\u00eda el <a title=\"7 de julio\" href=\"https:\/\/es.wikipedia.org\/wiki\/7_de_julio\">7 de julio<\/a>. Se revel\u00f3 tambi\u00e9n un veh\u00edculo exclusivo, el <i>Sweet Tooth<\/i> (de la serie <i>Twisted Metal<\/i>) para usuarios de <a title=\"PlayStation 4\" href=\"https:\/\/es.wikipedia.org\/wiki\/PlayStation_4\">PS4<\/a>. <i>Rocket League<\/i> se ha incluido en la <i><a title=\"PlayStation Network\" href=\"https:\/\/es.wikipedia.org\/wiki\/PlayStation_Network#Instant_Game_Collection\">Instant Game Collection<\/a><\/i> de PS4 para <a title=\"Am\u00e9rica del Norte\" href=\"https:\/\/es.wikipedia.org\/wiki\/Am%C3%A9rica_del_Norte\">Norteam\u00e9rica<\/a> y regiones de <a title=\"Ocean\u00eda\" href=\"https:\/\/es.wikipedia.org\/wiki\/Ocean%C3%ADa\">Ocean\u00eda<\/a> y <a title=\"Europa\" href=\"https:\/\/es.wikipedia.org\/wiki\/Europa\">Europa<\/a>. El juego fue lanzado en <a title=\"Xbox One\" href=\"https:\/\/es.wikipedia.org\/wiki\/Xbox_One\">Xbox One<\/a> el <a title=\"17 de febrero\" href=\"https:\/\/es.wikipedia.org\/wiki\/17_de_febrero\">17 de febrero<\/a> de 2016, incluyendo veh\u00edculos exclusivos como el <i>Warthog<\/i> de la saga <i><a title=\"Halo (serie)\" href=\"https:\/\/es.wikipedia.org\/wiki\/Halo_(serie)\">Halo<\/a><\/i> y el \"Armadillo\" de \"<a title=\"Gears of War\" href=\"https:\/\/es.wikipedia.org\/wiki\/Gears_of_War\">Gears of War<\/a>\"<\/p>\n<h2><span id=\"Contenidos_adicionales\" class=\"mw-headline\">Contenidos adicionales<\/span><span class=\"mw-editsection\"><span class=\"mw-editsection-bracket\">[<\/span><a title=\"Editar secci\u00f3n: Contenidos adicionales\" href=\"https:\/\/es.wikipedia.org\/w\/index.php?title=Rocket_League&amp;action=edit&amp;section=5\">editar<\/a><span class=\"mw-editsection-bracket\">]<\/span><\/span><\/h2>\n<p>A comienzos de <a title=\"Agosto\" href=\"https:\/\/es.wikipedia.org\/wiki\/Agosto\">agosto<\/a> de 2015, Psyonix lanz\u00f3 un DLC para PS4 y Windows llamado <i>Supersonic Fury<\/i>. Psyonix ya ha comenzado a trabajar en su segundo pack de contenido descargable para el juego. Jeremy Dunham, Vicepresidente de Marketing de Psyonix, explic\u00f3 en una entrevista que el estudio cree que a la gente le va a gustar \"mucho\" el siguiente paquete de contenido descargable. \"Estamos terminando el que acabamos de anunciar, y estamos trabajando en el siguiente, el cual nos parece que a la gente le va a gustar mucho realmente\", dijo Dunham. Dunham tambi\u00e9n mencion\u00f3 que cada paquete de contenido descargable de pago se lanzar\u00e1 al mismo tiempo que un mapa gratuito, con el fin de \"satisfacer a ambas audiencias\". El primer contenido gratuito fue lanzado simult\u00e1neamente con el DLC <i>Supersonic Fury<\/i>. \"Cada vez que lanzamos un nuevo mapa, queremos lanzar un nuevo paquete de contenido descargable con \u00e9l.\", continu\u00f3. \"Queremos satisfacer a ambas audiencias.\"<\/p>\n<h3><span id=\"Contenidos_gratuitos\" class=\"mw-headline\">Contenidos gratuitos<\/span><span class=\"mw-editsection\"><span class=\"mw-editsection-bracket\">[<\/span><a title=\"Editar secci\u00f3n: Contenidos gratuitos\" href=\"https:\/\/es.wikipedia.org\/w\/index.php?title=Rocket_League&amp;action=edit&amp;section=6\">editar<\/a><span class=\"mw-editsection-bracket\">]<\/span><\/span><\/h3>\n<h4><span id=\"Modo_Hoops_.28b.C3.A1squet.29\" class=\"mw-headline\">Modo <i>Hoops<\/i> (b\u00e1squet)<\/span><span class=\"mw-editsection\"><span class=\"mw-editsection-bracket\">[<\/span><a title=\"Editar secci\u00f3n: Modo Hoops (b\u00e1squet)\" href=\"https:\/\/es.wikipedia.org\/w\/index.php?title=Rocket_League&amp;action=edit&amp;section=7\">editar<\/a><span class=\"mw-editsection-bracket\">]<\/span><\/span><\/h4>\n<p>El <a title=\"26 de abril\" href=\"https:\/\/es.wikipedia.org\/wiki\/26_de_abril\">26 de abril<\/a> de <a title=\"2016\" href=\"https:\/\/es.wikipedia.org\/wiki\/2016\">2016<\/a> se lanz\u00f3 un parche incorporando un modo de juego inspirado en el <a class=\"mw-redirect\" title=\"B\u00e1squetbol\" href=\"https:\/\/es.wikipedia.org\/wiki\/B%C3%A1squetbol\">b\u00e1squetbol<\/a>, llamado <i>Hoopz<\/i>, con un nuevo mapa llamado \"Matelandia\" <i>(Dunkhouse)<\/i>. A diferencia de los otros modos, la pelota debe ser introducida en un aro de gran tama\u00f1o. Emulando a los partidos reales de b\u00e1squet, al momento del saque inicial, el bal\u00f3n sale impulsado al techo del campo para que los dos veh\u00edculos m\u00e1s cercanos de cada equipo intenten alcanzarlo en el aire.<\/p>\n<h3><span id=\"Contenidos_de_pago_.28DLCs.29\" class=\"mw-headline\">Contenidos de pago (DLCs)<\/span><span class=\"mw-editsection\"><span class=\"mw-editsection-bracket\">[<\/span><a title=\"Editar secci\u00f3n: Contenidos de pago (DLCs)\" href=\"https:\/\/es.wikipedia.org\/w\/index.php?title=Rocket_League&amp;action=edit&amp;section=8\">editar<\/a><span class=\"mw-editsection-bracket\">]<\/span><\/span><\/h3>\n<h4><span id=\"Supersonic_Fury\" class=\"mw-headline\"><i>Supersonic Fury<\/i><\/span><span class=\"mw-editsection\"><span class=\"mw-editsection-bracket\">[<\/span><a title=\"Editar secci\u00f3n: Supersonic Fury\" href=\"https:\/\/es.wikipedia.org\/w\/index.php?title=Rocket_League&amp;action=edit&amp;section=9\">editar<\/a><span class=\"mw-editsection-bracket\">]<\/span><\/span><\/h4>\n<p>El primer DLC introdujo dos veh\u00edculos completamente nuevos: el <i>Dominus<\/i>, un coche americano poderoso y desproporcionado, y el <i>Takumi<\/i>, un coche japon\u00e9s tuneado y destinado a las carreras callejeras. Ambos veh\u00edculos ofrecen seis <i>decals<\/i> (adhesivos) diferentes para personalizar en el garaje (12 en total).<\/p>\n<p>Junto a estos nuevos coches, el DLC tambi\u00e9n incluy\u00f3 dos <i>rocket boosts<\/i> (propulsi\u00f3n por cohetes) completamente nuevos, <i>\"Nitrous\"<\/i> y <i>\"Burnout\"<\/i>; adem\u00e1s de dos juegos de ruedas nuevos, <i>\"Cristiano\"<\/i>, inspirado en el f\u00fatbol, y <i>\"Spinner\"<\/i>; y cinco tipos de pintura nuevas: <i>\"Brushed Metal\"<\/i> (met\u00e1lico cepillado), <i>\"Carbon Fiber\"<\/i> (fibra de carbono), <i>\"Metallic Pearl\"<\/i> (perla met\u00e1lico), <i>\"Pearlescent\"<\/i> (perlado) y <i>\"Wood\"<\/i> (madera). Todo ello junto a varios trofeos nuevos para PS4.<\/p>\n<p>Este paquete se puso a la venta el <a title=\"13 de agosto\" href=\"https:\/\/es.wikipedia.org\/wiki\/13_de_agosto\">13 de agosto<\/a> a 3,99 EUR en Europa.<\/p>\n<h4><span id=\"Revenge_of_the_Battle-Cars\" class=\"mw-headline\"><i>Revenge of the Battle-Cars<\/i><\/span><span class=\"mw-editsection\"><span class=\"mw-editsection-bracket\">[<\/span><a title=\"Editar secci\u00f3n: Revenge of the Battle-Cars\" href=\"https:\/\/es.wikipedia.org\/w\/index.php?title=Rocket_League&amp;action=edit&amp;section=10\">editar<\/a><span class=\"mw-editsection-bracket\">]<\/span><\/span><\/h4>\n<p>Introdujo dos autos del anterior juego: el <i>Zippy<\/i>, un coche \u00e1gil, y el <i>Scarab<\/i>, un coche peque\u00f1o, considerado el mejor por jugadores veteranos de SARPBC. Entre los dos ofrecieron doce nuevos <i>decals<\/i> (adhesivos) diferentes para personalizar en el garaje (doce en total).<\/p>\n<p>Junto a estos coches se agregaron dos nuevos <i>rocket boosts<\/i>, <i>Accelerato<\/i> y <i>Battle-cars<\/i>; dos nuevas ruedas, <i>Zippy<\/i> y <i>Scarab<\/i>; y tres nuevos tipos de pinturas, el <i>Toon Glossy<\/i> (dibujo animado de brillante), <i>Toon Matte<\/i>(dibujo animado de mate), y <i>Toon Wood<\/i> (dibujo animado de madera). Como <i>toppers<\/i> (gorros) se incluyeron una aleta de tibur\u00f3n, unas gafas pixeladas, una gorra de caballero y una locomotora. Y por \u00faltimo dos nuevas antenas, una bola retro y una bola Utop\u00eda.<\/p>\n<p>Este paquete se puso a la venta el <a title=\"15 de octubre\" href=\"https:\/\/es.wikipedia.org\/wiki\/15_de_octubre\">15 de octubre<\/a> a 3,99 EUR en Europa.<\/p>\n<h4><span id=\"Back_to_the_Future\" class=\"mw-headline\"><i>Back to the Future<\/i><\/span><span class=\"mw-editsection\"><span class=\"mw-editsection-bracket\">[<\/span><a title=\"Editar secci\u00f3n: Back to the Future\" href=\"https:\/\/es.wikipedia.org\/w\/index.php?title=Rocket_League&amp;action=edit&amp;section=11\">editar<\/a><span class=\"mw-editsection-bracket\">]<\/span><\/span><\/h4>\n<p>El <a title=\"21 de octubre\" href=\"https:\/\/es.wikipedia.org\/wiki\/21_de_octubre\">21 de octubre<\/a> de <a title=\"2015\" href=\"https:\/\/es.wikipedia.org\/wiki\/2015\">2015<\/a> se puso a la venta un DLC inspirado en <i><a title=\"Back to the Future\" href=\"https:\/\/es.wikipedia.org\/wiki\/Back_to_the_Future\">Back to the Future<\/a><\/i>, coincidiendo con la fecha en la que se produce el viaje al futuro dentro de la segunda pel\u00edcula de la saga. Este pack incluy\u00f3 el <a title=\"DeLorean DMC-12\" href=\"https:\/\/es.wikipedia.org\/wiki\/DeLorean_DMC-12\">DeLorean<\/a> como veh\u00edculo.<\/p>\n<h4><span id=\"Batman_v_Superman:_Dawn_of_Justice\" class=\"mw-headline\"><i>Batman v Superman: Dawn of Justice<\/i><\/span><span class=\"mw-editsection\"><span class=\"mw-editsection-bracket\">[<\/span><a title=\"Editar secci\u00f3n: Batman v Superman: Dawn of Justice\" href=\"https:\/\/es.wikipedia.org\/w\/index.php?title=Rocket_League&amp;action=edit&amp;section=12\">editar<\/a><span class=\"mw-editsection-bracket\">]<\/span><\/span><\/h4>\n<p>El <a title=\"8 de marzo\" href=\"https:\/\/es.wikipedia.org\/wiki\/8_de_marzo\">8 de marzo<\/a> de <a title=\"2016\" href=\"https:\/\/es.wikipedia.org\/wiki\/2016\">2016<\/a> sali\u00f3 al mercado un DLC inspirado en el estreno de la pel\u00edcula \"<a title=\"Batman v Superman: Dawn of Justice\" href=\"https:\/\/es.wikipedia.org\/wiki\/Batman_v_Superman:_Dawn_of_Justice\">Batman v Superman: Dawn of Justice<\/a>\", que contiene el <a class=\"mw-redirect\" title=\"Batim\u00f3vil\" href=\"https:\/\/es.wikipedia.org\/wiki\/Batim%C3%B3vil\">Batim\u00f3vil<\/a> como veh\u00edculo y tres diferentes banderines alusivos.<\/p>\n<h4><span id=\"NBA_Flag_Pack\" class=\"mw-headline\"><i>NBA Flag Pack<\/i><\/span><span class=\"mw-editsection\"><span class=\"mw-editsection-bracket\">[<\/span><a title=\"Editar secci\u00f3n: NBA Flag Pack\" href=\"https:\/\/es.wikipedia.org\/w\/index.php?title=Rocket_League&amp;action=edit&amp;section=13\">editar<\/a><span class=\"mw-editsection-bracket\">]<\/span><\/span><\/h4>\n<p>Junto con el lanzamiento del parche gratuito del modo <i>Hoopz<\/i> se comenz\u00f3 a vender por Steam un DLC inspirado en la <a class=\"mw-redirect\" title=\"NBA\" href=\"https:\/\/es.wikipedia.org\/wiki\/NBA\">NBA<\/a>, que incluye las banderas de los equipos de esta liga estadounidense. El DLC se vende por 1.99 d\u00f3lares. Se trata de un paquete meramente cosm\u00e9tico, en sinton\u00eda con los dem\u00e1s lanzados anteriormente.<\/p>\n","protected":false},"excerpt":{"rendered":"<p>Rocket League es un videojuego que combina el f\u00fatbol con los veh\u00edculos. Fue desarrollado por Psyonix y lanzado el 7 de julio del 2015. Se encuentra disponible en espa\u00f1ol, tiene modos de juego cooperativo, de un jugador y en l\u00ednea. Est\u00e1 disponible para PC, para PlayStation 4 y, con posterioridad a su lanzamiento inicial, para [&hellip;]<\/p>\n","protected":false},"author":10729,"featured_media":41,"parent":0,"menu_order":0,"comment_status":"closed","ping_status":"closed","template":"","meta":{"footnotes":""},"class_list":["post-30","page","type-page","status-publish","has-post-thumbnail","hentry"],"_links":{"self":[{"href":"https:\/\/blog.espol.edu.ec\/leoenmen\/wp-json\/wp\/v2\/pages\/30","targetHints":{"allow":["GET"]}}],"collection":[{"href":"https:\/\/blog.espol.edu.ec\/leoenmen\/wp-json\/wp\/v2\/pages"}],"about":[{"href":"https:\/\/blog.espol.edu.ec\/leoenmen\/wp-json\/wp\/v2\/types\/page"}],"author":[{"embeddable":true,"href":"https:\/\/blog.espol.edu.ec\/leoenmen\/wp-json\/wp\/v2\/users\/10729"}],"replies":[{"embeddable":true,"href":"https:\/\/blog.espol.edu.ec\/leoenmen\/wp-json\/wp\/v2\/comments?post=30"}],"version-history":[{"count":2,"href":"https:\/\/blog.espol.edu.ec\/leoenmen\/wp-json\/wp\/v2\/pages\/30\/revisions"}],"predecessor-version":[{"id":72,"href":"https:\/\/blog.espol.edu.ec\/leoenmen\/wp-json\/wp\/v2\/pages\/30\/revisions\/72"}],"wp:featuredmedia":[{"embeddable":true,"href":"https:\/\/blog.espol.edu.ec\/leoenmen\/wp-json\/wp\/v2\/media\/41"}],"wp:attachment":[{"href":"https:\/\/blog.espol.edu.ec\/leoenmen\/wp-json\/wp\/v2\/media?parent=30"}],"curies":[{"name":"wp","href":"https:\/\/api.w.org\/{rel}","templated":true}]}}