{"id":24,"date":"2015-07-02T13:32:31","date_gmt":"2015-07-02T13:32:31","guid":{"rendered":"http:\/\/blog.espol.edu.ec\/lexguerrero\/?page_id=24"},"modified":"2015-07-02T13:32:31","modified_gmt":"2015-07-02T13:32:31","slug":"def-leppard-vuelve-el-cancer-de-vivian-campbell","status":"publish","type":"page","link":"https:\/\/blog.espol.edu.ec\/lexguerrero\/def-leppard-vuelve-el-cancer-de-vivian-campbell\/","title":{"rendered":"DEF LEPPARD. Vuelve el c\u00e1ncer de Vivian Campbell."},"content":{"rendered":"<p><img decoding=\"async\" src=\"http:\/\/www.metaltotal.com\/fotos\/1370868099.jpg\" alt=\"Def Leppard - Vivian Campbell\" \/><\/p>\n<p>El reconocido periodista de hard rock y heavy metal canadiense Mitch Lafon, ha anunciado que Vivian Campbell padece de nuevo c\u00e1ncer. Seg\u00fan un post a trav\u00e9s de su cuenta personal en twitter, el periodista ha afirmado que el guitarrista de <b>DEF LEPPARD <\/b>ha reca\u00eddo en la enfermedad.<\/p>\n<p>Recordemos que Campbell hab\u00eda sido afectado por una forma de c\u00e1ncer conocida cl\u00ednicamente como Linfoma de Hodgkin en 2013. Tras un tratamiento inicial, el linfoma volvi\u00f3 el a\u00f1o pasado, lo que le llev\u00f3 a apartarse de la banda y pasar por una cirug\u00eda tambi\u00e9n en 2014.<\/p>\n<p>Para cumplir los compromisos de gira que la banda tiene agendados hasta final de a\u00f1o, el grupo ha llamado al guitarrista Steve Brown, conocido a finales de los a\u00f1os 80 y principios de los 90 por su banda de pop rock <b>TRIXTER<\/b>.<\/p>\n<p>Brown es actualmente muy conocido en el circuito de bandas de versiones de Las Vegas, y su vasto repertorio de canciones de hard rock setentero y ochentero le han llevado a ser una opci\u00f3n r\u00e1pidamente viable para esta circustancia de la banda. El m\u00fasico ya ocup\u00f3 el puesto de Campbell el a\u00f1o pasado en algunas fechas a finales de 2014.<\/p>\n","protected":false},"excerpt":{"rendered":"<p>El reconocido periodista de hard rock y heavy metal canadiense Mitch Lafon, ha anunciado que Vivian Campbell padece de nuevo c\u00e1ncer. Seg\u00fan un post a trav\u00e9s de su cuenta personal en twitter, el periodista ha afirmado que el guitarrista de &hellip; <a href=\"https:\/\/blog.espol.edu.ec\/lexguerrero\/def-leppard-vuelve-el-cancer-de-vivian-campbell\/\">Sigue leyendo <span class=\"meta-nav\">&rarr;<\/span><\/a><\/p>\n","protected":false},"author":9798,"featured_media":20,"parent":0,"menu_order":0,"comment_status":"open","ping_status":"open","template":"","meta":{"footnotes":""},"class_list":["post-24","page","type-page","status-publish","has-post-thumbnail","hentry"],"_links":{"self":[{"href":"https:\/\/blog.espol.edu.ec\/lexguerrero\/wp-json\/wp\/v2\/pages\/24","targetHints":{"allow":["GET"]}}],"collection":[{"href":"https:\/\/blog.espol.edu.ec\/lexguerrero\/wp-json\/wp\/v2\/pages"}],"about":[{"href":"https:\/\/blog.espol.edu.ec\/lexguerrero\/wp-json\/wp\/v2\/types\/page"}],"author":[{"embeddable":true,"href":"https:\/\/blog.espol.edu.ec\/lexguerrero\/wp-json\/wp\/v2\/users\/9798"}],"replies":[{"embeddable":true,"href":"https:\/\/blog.espol.edu.ec\/lexguerrero\/wp-json\/wp\/v2\/comments?post=24"}],"version-history":[{"count":1,"href":"https:\/\/blog.espol.edu.ec\/lexguerrero\/wp-json\/wp\/v2\/pages\/24\/revisions"}],"predecessor-version":[{"id":25,"href":"https:\/\/blog.espol.edu.ec\/lexguerrero\/wp-json\/wp\/v2\/pages\/24\/revisions\/25"}],"wp:featuredmedia":[{"embeddable":true,"href":"https:\/\/blog.espol.edu.ec\/lexguerrero\/wp-json\/wp\/v2\/media\/20"}],"wp:attachment":[{"href":"https:\/\/blog.espol.edu.ec\/lexguerrero\/wp-json\/wp\/v2\/media?parent=24"}],"curies":[{"name":"wp","href":"https:\/\/api.w.org\/{rel}","templated":true}]}}