{"id":1,"date":"2008-10-22T17:35:02","date_gmt":"2008-10-22T21:35:02","guid":{"rendered":""},"modified":"2009-04-13T14:57:35","modified_gmt":"2009-04-13T18:57:35","slug":"about","status":"publish","type":"page","link":"https:\/\/blog.espol.edu.ec\/lgrodrig\/libros-publicados\/entre-el-y-nosotros-estan-ellos\/about\/","title":{"rendered":"De ti depende tomarlos o dejarlos pasar"},"content":{"rendered":"<p><span style=\"color: #003366\"><img loading=\"lazy\" decoding=\"async\" class=\"aligncenter size-full wp-image-378\" src=\"http:\/\/blog.espol.edu.ec\/lgrodrig\/files\/2008\/10\/angel-con-besos.gif\" alt=\"angel-con-besos\" width=\"121\" height=\"105\" \/>Ellos est\u00e1n aqui, en un punto infinito, en espera de que los busques. Han sido enviados por \u00c9l para cuidarte. Solo tienes que pedirlo.\u00a0 Int\u00e9ntalo. Ser\u00e1n tus mejores amigos y nunca te abandonar\u00e1n<\/span><\/p>\n","protected":false},"excerpt":{"rendered":"<p>Ellos est\u00e1n aqui, en un punto infinito, en espera de que los busques. Han sido enviados por \u00c9l para cuidarte. Solo tienes que pedirlo.\u00a0 Int\u00e9ntalo. Ser\u00e1n tus mejores amigos y nunca te abandonar\u00e1n<\/p>\n","protected":false},"author":247,"featured_media":0,"parent":4,"menu_order":0,"comment_status":"open","ping_status":"open","template":"","meta":{"footnotes":""},"class_list":["post-1","page","type-page","status-publish","hentry"],"aioseo_notices":[],"_links":{"self":[{"href":"https:\/\/blog.espol.edu.ec\/lgrodrig\/wp-json\/wp\/v2\/pages\/1","targetHints":{"allow":["GET"]}}],"collection":[{"href":"https:\/\/blog.espol.edu.ec\/lgrodrig\/wp-json\/wp\/v2\/pages"}],"about":[{"href":"https:\/\/blog.espol.edu.ec\/lgrodrig\/wp-json\/wp\/v2\/types\/page"}],"author":[{"embeddable":true,"href":"https:\/\/blog.espol.edu.ec\/lgrodrig\/wp-json\/wp\/v2\/users\/247"}],"replies":[{"embeddable":true,"href":"https:\/\/blog.espol.edu.ec\/lgrodrig\/wp-json\/wp\/v2\/comments?post=1"}],"version-history":[{"count":7,"href":"https:\/\/blog.espol.edu.ec\/lgrodrig\/wp-json\/wp\/v2\/pages\/1\/revisions"}],"predecessor-version":[{"id":380,"href":"https:\/\/blog.espol.edu.ec\/lgrodrig\/wp-json\/wp\/v2\/pages\/1\/revisions\/380"}],"up":[{"embeddable":true,"href":"https:\/\/blog.espol.edu.ec\/lgrodrig\/wp-json\/wp\/v2\/pages\/4"}],"wp:attachment":[{"href":"https:\/\/blog.espol.edu.ec\/lgrodrig\/wp-json\/wp\/v2\/media?parent=1"}],"curies":[{"name":"wp","href":"https:\/\/api.w.org\/{rel}","templated":true}]}}