{"id":119,"date":"2009-03-03T12:49:59","date_gmt":"2009-03-03T16:49:59","guid":{"rendered":"http:\/\/blog.espol.edu.ec\/lgrodrig\/?page_id=119"},"modified":"2009-04-02T15:22:40","modified_gmt":"2009-04-02T19:22:40","slug":"a-jose-martinez-queirolorecordandolo","status":"publish","type":"page","link":"https:\/\/blog.espol.edu.ec\/lgrodrig\/recordando\/a-jose-martinez-queirolorecordandolo\/","title":{"rendered":"Jos\u00e9 Mart\u00ednez Queirolo: La lluvia siempre muere en silencio"},"content":{"rendered":"<p class=\"MsoNormal\" style=\"margin: 0cm 0cm 0pt;text-align: justify\"><span style=\"font-size: 18pt;font-family: &quot;Arial&quot;,&quot;sans-serif&amp;quot\"><span style=\"color: #000080\">Sin duda, la conciencia tiene algo que ver con el coraz\u00f3n. Para m\u00ed, es como que ambas est\u00e1n en contubernio perenne.<span>\u00a0 <\/span>Sin embargo, cuando lleg\u00f3 a mis manos el libro de Pipo Mart\u00ednez, mi coraz\u00f3n se aceler\u00f3 y juro que no ten\u00eda nada que ver con la conciencia.<\/span><\/span><\/p>\n<p class=\"MsoNormal\" style=\"margin: 0cm 0cm 0pt;text-align: justify\"><span style=\"font-size: 18pt;font-family: &quot;Arial&quot;,&quot;sans-serif&amp;quot\"><span style=\"color: #000080\">\u00a0<\/span><\/span><\/p>\n<p class=\"MsoNormal\" style=\"margin: 0cm 0cm 0pt;text-align: justify\"><span style=\"font-size: 18pt;font-family: &quot;Arial&quot;,&quot;sans-serif&amp;quot\"><span style=\"color: #000080\">Estaba planificado.<span>\u00a0 <\/span>Esa misma noche devorar\u00eda al libro.<span>\u00a0\u00a0 <\/span><\/span><\/span><\/p>\n<p class=\"MsoNormal\" style=\"margin: 0cm 0cm 0pt;text-align: justify\"><span style=\"font-size: 18pt;font-family: &quot;Arial&quot;,&quot;sans-serif&amp;quot\"><span style=\"color: #000080\">Comenc\u00e9\u2026<\/span><\/span><\/p>\n<p class=\"MsoNormal\" style=\"margin: 0cm 0cm 0pt;text-align: justify\"><span style=\"font-size: 18pt;font-family: &quot;Arial&quot;,&quot;sans-serif&amp;quot\"><span style=\"color: #000080\">Afuera una suave y pertinaz llovizna acariciaba el mundo.<\/span><\/span><\/p>\n<p class=\"MsoNormal\" style=\"margin: 0cm 0cm 0pt;text-align: justify\"><span style=\"font-size: 18pt;font-family: &quot;Arial&quot;,&quot;sans-serif&amp;quot\"><span style=\"color: #000080\">Trat\u00e9 de tomar el hilo a la lectura, pero mi mente vol\u00f3 hac\u00eda el poeta, el dramaturgo, el relatista, el escritor\u2026<span>\u00a0 <\/span>Es que he le\u00eddo tanto de \u00e9l: La Dama meona, la casa del qu\u00e9 dir\u00e1n, Las faltas justificadas, textos que me impresionaron por su fluidez, por su sarcasmo que sin ser agresivo atina en el centro de aquellos que tienen que recibirlo y terminan en el consabido borde de luz.<\/span><\/span><\/p>\n<p class=\"MsoNormal\" style=\"margin: 0cm 0cm 0pt;text-align: justify\"><span style=\"font-size: 18pt;font-family: &quot;Arial&quot;,&quot;sans-serif&amp;quot\"><span style=\"color: #000080\">\u00a0<\/span><\/span><\/p>\n<p class=\"MsoNormal\" style=\"margin: 0cm 0cm 0pt;text-align: justify\"><span style=\"font-size: 18pt;font-family: &quot;Arial&quot;,&quot;sans-serif&amp;quot\"><span style=\"color: #000080\">Reci\u00e9n ahora comienzo a leer <strong>La lluvia muere en silencio<\/strong>, pero mi incondicional y loca cabeza, como suelo llamar a mi imaginaci\u00f3n, contin\u00faa volando y en lugar de adentrarme a conocer el personaje mudo del primer cuento, la imagen del dramaturgo est\u00e1 ah\u00ed.<span>\u00a0 <\/span>Lo imagino triste, enfermo y solo.<\/span><\/span><\/p>\n<p class=\"MsoNormal\" style=\"margin: 0cm 0cm 0pt;text-align: justify\"><span style=\"font-size: 18pt;font-family: &quot;Arial&quot;,&quot;sans-serif&amp;quot\"><span style=\"color: #000080\">\u00a0<\/span><\/span><\/p>\n<p class=\"MsoNormal\" style=\"margin: 0cm 0cm 0pt;text-align: justify\"><span style=\"font-size: 18pt;font-family: &quot;Arial&quot;,&quot;sans-serif&amp;quot\"><span style=\"color: #000080\">Varias l\u00e1grimas ruedan por mi rostro. Qu\u00e9 carajo, pens\u00e9.<span>\u00a0 <\/span>\u00c9l no est\u00e1 triste.<\/span><\/span><\/p>\n<p class=\"MsoNormal\" style=\"margin: 0cm 0cm 0pt;text-align: justify\"><span style=\"font-size: 18pt;font-family: &quot;Arial&quot;,&quot;sans-serif&amp;quot\"><span style=\"color: #000080\">Vibra con su vigorosa expresi\u00f3n dram\u00e1tica.<\/span><\/span><\/p>\n<p class=\"MsoNormal\" style=\"margin: 0cm 0cm 0pt;text-align: justify\"><span style=\"font-size: 18pt;font-family: &quot;Arial&quot;,&quot;sans-serif&amp;quot\"><span style=\"color: #000080\">\u00c9l no est\u00e1 enfermo.<span>\u00a0 <\/span>\u00c9l es libre, si, \u00e9l es libre, s\u00f3lo que est\u00e1 hastiado de los hip\u00f3critas.<\/span><\/span><\/p>\n<p class=\"MsoNormal\" style=\"margin: 0cm 0cm 0pt;text-align: justify\"><span style=\"font-size: 18pt;font-family: &quot;Arial&quot;,&quot;sans-serif&amp;quot\"><span style=\"color: #000080\">\u00c9l no est\u00e1 solo. M\u00e1s s\u00f3lo est\u00e1s t\u00fa, m\u00e1s sola estoy yo.<\/span><\/span><\/p>\n<p class=\"MsoNormal\" style=\"margin: 0cm 0cm 0pt;text-align: justify\"><span style=\"font-size: 18pt;font-family: &quot;Arial&quot;,&quot;sans-serif&amp;quot\"><span style=\"color: #000080\">En cambio \u00e9l, nos tiene a nosotros, a los que leemos y vemos sus obras de teatro; y lo principal, tiene a todos los personajes que ha creado y que lo acompa\u00f1ar\u00e1n m\u00e1s all\u00e1 del fin.<\/span><\/span><\/p>\n<p class=\"MsoNormal\" style=\"margin: 0cm 0cm 0pt;text-align: justify\"><span style=\"font-size: 18pt;font-family: &quot;Arial&quot;,&quot;sans-serif&amp;quot\"><span style=\"color: #000080\">\u00a0<\/span><\/span><\/p>\n<p class=\"MsoNormal\" style=\"margin: 0cm 0cm 0pt;text-align: justify\"><span style=\"font-size: 18pt;font-family: &quot;Arial&quot;,&quot;sans-serif&amp;quot\"><span style=\"color: #000080\">Afuera, la lluvia continua.<span>\u00a0 <\/span>Zurce el silencio en m\u00e1quina overlock.<\/span><\/span><\/p>\n<p class=\"MsoNormal\" style=\"margin: 0cm 0cm 0pt;text-align: justify\"><span style=\"font-size: 18pt;font-family: &quot;Arial&quot;,&quot;sans-serif&amp;quot\"><span style=\"color: #000080\">Mi incondicional y loca cabeza insiste: es una vida, es una vida, s\u00f3lo que a veces llueve a espaldas del Creador.<\/span><\/span><\/p>\n<p class=\"MsoNormal\" style=\"margin: 0cm 0cm 0pt;text-align: justify\"><span style=\"font-size: 18pt;font-family: &quot;Arial&quot;,&quot;sans-serif&amp;quot\"><span style=\"color: #000080\">\u00a0<\/span><\/span><\/p>\n<p class=\"MsoNormal\" style=\"margin: 0cm 0cm 0pt;text-align: justify\"><span style=\"font-size: 18pt;font-family: &quot;Arial&quot;,&quot;sans-serif&amp;quot\"><span style=\"color: #000080\">Continuar\u00e1 lloviendo en cada invierno de la vida y poco a poco se ir\u00e1n lavando los recuerdos.<span>\u00a0 <\/span>Continuar\u00e1 lloviendo siempre, porque la vida misma es un cuento, es un teatro donde nada se detiene y cuando baja el tel\u00f3n, la lluvia siempre muere en silencio.<\/span><\/span><\/p>\n<p class=\"MsoNormal\" style=\"margin: 0cm 0cm 0pt;text-align: justify\"><strong><span style=\"font-size: 12pt;font-family: &quot;Arial&quot;,&quot;sans-serif&amp;quot\"><span style=\"color: #000080\">\u00a0<\/span><\/span><\/strong><\/p>\n<p class=\"MsoNormal\" style=\"margin: 0cm 0cm 0pt;text-align: justify\"><strong><span style=\"font-size: 12pt;font-family: &quot;Arial&quot;,&quot;sans-serif&amp;quot\"><span style=\"color: #000080\">Luz Gabriela Rodr\u00edguez, tomado del libro: Testimonial de Humo,2003.<\/span><\/span><\/strong><\/p>\n","protected":false},"excerpt":{"rendered":"<p>Sin duda, la conciencia tiene algo que ver con el coraz\u00f3n. Para m\u00ed, es como que ambas est\u00e1n en contubernio perenne.\u00a0 Sin embargo, cuando lleg\u00f3 a mis manos el libro de Pipo Mart\u00ednez, mi coraz\u00f3n se aceler\u00f3 y juro que no ten\u00eda nada que ver con la conciencia. \u00a0 Estaba planificado.\u00a0 Esa misma noche devorar\u00eda [&hellip;]<\/p>\n","protected":false},"author":247,"featured_media":0,"parent":237,"menu_order":0,"comment_status":"open","ping_status":"open","template":"","meta":{"footnotes":""},"class_list":["post-119","page","type-page","status-publish","hentry"],"aioseo_notices":[],"_links":{"self":[{"href":"https:\/\/blog.espol.edu.ec\/lgrodrig\/wp-json\/wp\/v2\/pages\/119","targetHints":{"allow":["GET"]}}],"collection":[{"href":"https:\/\/blog.espol.edu.ec\/lgrodrig\/wp-json\/wp\/v2\/pages"}],"about":[{"href":"https:\/\/blog.espol.edu.ec\/lgrodrig\/wp-json\/wp\/v2\/types\/page"}],"author":[{"embeddable":true,"href":"https:\/\/blog.espol.edu.ec\/lgrodrig\/wp-json\/wp\/v2\/users\/247"}],"replies":[{"embeddable":true,"href":"https:\/\/blog.espol.edu.ec\/lgrodrig\/wp-json\/wp\/v2\/comments?post=119"}],"version-history":[{"count":6,"href":"https:\/\/blog.espol.edu.ec\/lgrodrig\/wp-json\/wp\/v2\/pages\/119\/revisions"}],"predecessor-version":[{"id":232,"href":"https:\/\/blog.espol.edu.ec\/lgrodrig\/wp-json\/wp\/v2\/pages\/119\/revisions\/232"}],"up":[{"embeddable":true,"href":"https:\/\/blog.espol.edu.ec\/lgrodrig\/wp-json\/wp\/v2\/pages\/237"}],"wp:attachment":[{"href":"https:\/\/blog.espol.edu.ec\/lgrodrig\/wp-json\/wp\/v2\/media?parent=119"}],"curies":[{"name":"wp","href":"https:\/\/api.w.org\/{rel}","templated":true}]}}