{"id":852,"date":"2009-09-10T15:05:12","date_gmt":"2009-09-10T19:05:12","guid":{"rendered":"http:\/\/blog.espol.edu.ec\/lgrodrig\/?page_id=852"},"modified":"2009-09-10T15:25:36","modified_gmt":"2009-09-10T19:25:36","slug":"quien-es-juan-luis-guerra-440","status":"publish","type":"page","link":"https:\/\/blog.espol.edu.ec\/lgrodrig\/recordando\/quien-es-juan-luis-guerra-440\/","title":{"rendered":"A JUAN LUIS GUERRA - 440"},"content":{"rendered":"<p><!--[if gte mso 9]&gt;  Normal 0   21   false false false  ES X-NONE X-NONE                           &lt;![endif]--><!--[if gte mso 9]&gt;                                                                                                                                            &lt;![endif]--><\/p>\n<p class=\"MsoNormal\" style=\"margin-bottom: 12pt;text-align: justify\"><strong><span style=\"font-size: 16pt;font-family: &quot;Verdana&quot;,&quot;sans-serif&quot;color: #0070c0\"><img loading=\"lazy\" decoding=\"async\" class=\"alignleft size-full wp-image-853\" src=\"http:\/\/blog.espol.edu.ec\/lgrodrig\/files\/2009\/09\/juanluis-guerra-5.jpg\" alt=\"juanluis-guerra-5\" width=\"345\" height=\"240\" srcset=\"https:\/\/blog.espol.edu.ec\/lgrodrig\/files\/2009\/09\/juanluis-guerra-5.jpg 345w, https:\/\/blog.espol.edu.ec\/lgrodrig\/files\/2009\/09\/juanluis-guerra-5-300x208.jpg 300w\" sizes=\"auto, (max-width: 345px) 100vw, 345px\" \/><\/span><\/strong><span style=\"color: #3366ff\"><span style=\"font-size: 14pt\">Escuch\u00e9 la canci\u00f3n <span style=\"color: #0000ff\"><strong><em>Las Avispas<\/em><\/strong> <\/span>justo en un momento de tristeza ante problemas de la vida. Lo tom\u00e9 como un mensaje y a partir de ese instante, cuando quer\u00eda defender mi posici\u00f3n, tarareaba: <\/span><\/span><\/p>\n<p class=\"MsoNormal\" style=\"margin-bottom: 12pt;text-align: center\" align=\"center\"><span style=\"color: #0000ff\"><strong><em><span style=\"font-size: 14pt\">Jes\u00fas me dijo, que me riera si el enemigo me tienta en la carrera\u2026<\/span><\/em><\/strong><\/span><\/p>\n<p class=\"MsoNormal\" style=\"margin-bottom: 12pt;text-align: justify\"><span style=\"font-size: 14pt;font-family: &quot;Verdana&quot;,&quot;sans-serif&quot;color: #0070c0\"><span style=\"color: #3366ff\">Me interes\u00e9 en su autor y descubr\u00ed que <em><span style=\"color: #0000ff\">Juan Luis Guerra<\/span><\/em>, es nada m\u00e1s,ni nada menos el artista latino que ha vendido m\u00e1s de 20 millones de discos alrededor del mundo.<\/span> <img loading=\"lazy\" decoding=\"async\" class=\"alignright size-full wp-image-854\" src=\"http:\/\/blog.espol.edu.ec\/lgrodrig\/files\/2009\/09\/juan-luis-guerra-3.jpg\" alt=\"juan-luis-guerra-3\" width=\"180\" height=\"153\" \/><\/span><\/p>\n<p class=\"MsoNormal\" style=\"margin-bottom: 12pt;text-align: justify\"><span style=\"color: #3366ff\"><span style=\"font-size: 14pt\">Despert\u00f3 mi curiosidad al leer sus originales composiciones saturadas de sarcasmo, humor y burla, que a modo de dardos, van directo a divulgar el rostro social, revelando las encrucijadas de un mundo pobre que clama y que miramos con indolencia. <\/span><\/span><\/p>\n<p class=\"MsoNormal\" style=\"margin-bottom: 12pt;text-align: justify\"><span style=\"color: #3366ff\"><span style=\"font-size: 14pt\">Evoco haber bailado al ritmo rom\u00e1ntico de <span style=\"color: #0000ff\">Burbujas de amor<\/span>, o al acelerado comp\u00e1s de <span style=\"color: #0000ff\">La bilirrubina<\/span>, pero mi curiosidad va directo a las letras de sus canciones; en <span style=\"color: #0000ff\"><strong><em>El Ni\u00e1gara en bicicleta<\/em><\/strong><\/span>, habla de las falencias en un hospital pobre, lo cual es cotidiano, o lanza con sarcasmo la jerga inform\u00e1tica en <span style=\"color: #0000ff\"><strong><em>Mi PC<\/em><\/strong><\/span>;  Y qu\u00e9 decir de <span style=\"color: #0000ff\"><strong><em>La Travesia<\/em><\/strong><\/span>, donde le canta a su esposa: <\/span><\/span><\/p>\n<p class=\"MsoNormal\" style=\"margin-bottom: 12pt;text-align: center\" align=\"center\"><span style=\"color: #0000ff\"><strong><em><span style=\"font-size: 14pt\">Como t\u00fa no hay en esta vida, como t\u00fa no hay ninguna\u2026<\/span><\/em><\/strong><\/span><\/p>\n<p class=\"MsoNormal\" style=\"margin-bottom: 12pt;text-align: justify\"><span style=\"font-size: 14pt;font-family: &quot;Verdana&quot;,&quot;sans-serif&quot;color: #0070c0\"><span style=\"color: #3366ff\"><img loading=\"lazy\" decoding=\"async\" class=\"aligncenter size-full wp-image-861\" src=\"http:\/\/blog.espol.edu.ec\/lgrodrig\/files\/2009\/09\/juan-luis-guerra2.jpg\" alt=\"juan-luis-guerra2\" width=\"400\" height=\"600\" srcset=\"https:\/\/blog.espol.edu.ec\/lgrodrig\/files\/2009\/09\/juan-luis-guerra2.jpg 400w, https:\/\/blog.espol.edu.ec\/lgrodrig\/files\/2009\/09\/juan-luis-guerra2-200x300.jpg 200w\" sizes=\"auto, (max-width: 400px) 100vw, 400px\" \/>Avanz\u00f3 en la b\u00fasqueda y veo que su vida, da un giro perfecto al reencontrarse con Dios y alabarlo en sus canciones., oteniendo mayores \u00e9xitos.\u00a0 Bien por <span style=\"color: #0000ff\"><strong><em>Juan Luis Guerra<\/em><\/strong><\/span>.<\/span><img loading=\"lazy\" decoding=\"async\" class=\"alignleft size-full wp-image-855\" src=\"http:\/\/blog.espol.edu.ec\/lgrodrig\/files\/2009\/09\/juan-luis-guerra-1.jpg\" alt=\"juan-luis-guerra-1\" width=\"78\" height=\"78\" \/><\/span><\/p>\n<p class=\"MsoNormal\" style=\"margin-bottom: 12pt;text-align: justify\"><span style=\"color: #3366ff\"><span style=\"font-size: 14pt\">Sus sue\u00f1os de ayudar a la ni\u00f1ez de este planeta, en salud, educaci\u00f3n, desnutrici\u00f3n y en especial a los\u00a0 que han sufrido quemaduras, lo llevaron a crear fundaciones que ya est\u00e1n dando frutos. <\/span><\/span><\/p>\n<p class=\"MsoNormal\" style=\"margin-bottom: 12pt;text-align: justify\"><span style=\"color: #3366ff\"><span style=\"font-size: 14pt\">Ojal\u00e1 y sirva de ejemplo entre los gobernantes de los pa\u00edses que conforman Am\u00e9rica Latina. Ayudar a la ni\u00f1ez es tratar de tener esperanzas de un mejor futuro.<\/span><\/span><\/p>\n<p><span style=\"color: #0000ff\"><strong><em><span style=\"font-size: 10pt\">Luz Gabriela Rodr\u00edguez.-<\/span><\/em><\/strong><\/span><\/p>\n<p class=\"MsoNormal\" style=\"margin-bottom: 12pt;text-align: justify\"><strong><span style=\"font-size: 16pt;font-family: &quot;Verdana&quot;,&quot;sans-serif&quot;color: #0070c0\"> <img loading=\"lazy\" decoding=\"async\" class=\"aligncenter size-full wp-image-856\" src=\"http:\/\/blog.espol.edu.ec\/lgrodrig\/files\/2009\/09\/juan-luis-guerra.jpg\" alt=\"juan-luis-guerra\" width=\"110\" height=\"110\" \/><\/span><\/strong><\/p>\n<p class=\"MsoNormal\" style=\"margin-bottom: 12pt;text-align: justify\"><span style=\"color: #993366\"><em><span style=\"font-size: 12pt\">Hace algunos a\u00f1os invit\u00e9 al Se\u00f1or Jes\u00fas a cenar conmigo. Me encontraba desalentado y lleno de problemas. Aunque ten\u00eda muchas cosas, pues la m\u00fasica me hab\u00eda dado fama y dinero, hab\u00eda tambi\u00e9n un gran vac\u00edo en mi vida. Pensaba que el \u00e9xito y los reconocimientos pod\u00edan llenarme por completo, pero no fue as\u00ed... <\/span><\/em><\/span><\/p>\n<p class=\"MsoNormal\" style=\"margin-bottom: 12pt;text-align: justify\"><span style=\"color: #993366\"><em><span style=\"font-size: 12pt\">Nada pudo darme la paz que tanto ansiaba, hasta el d\u00eda en que me hablaron de Jes\u00fas. El Se\u00f1or me dijo: \"No temas\" y mi coraz\u00f3n san\u00f3 mis heridas y me dio su salvaci\u00f3n, su amor y su paz, que sobrepasan todo entendimiento. <\/span><\/em><\/span><\/p>\n<p class=\"MsoNormal\" style=\"margin-bottom: 12pt;text-align: justify\"><span style=\"color: #993366\"><em><span style=\"font-size: 12pt\">La canci\u00f3n \"Testimonio\u201d, es un recuerdo de mi fe: \"No necesito pastillas para dormir si est\u00e1s conmigo, todos los sue\u00f1os florecen cuando me hablas al o\u00eddo. No necesito millones, ni acorralar los corazones, y solo en tu cafetera, todo el cielo enamorado, se cuela\". <\/span><\/em><em><\/em><\/span><\/p>\n<p class=\"MsoNormal\" style=\"margin-bottom: 12pt;text-align: justify\"><span style=\"color: #993366\"><em><span style=\"font-size: 12pt\"> Aun no s\u00e9 c\u00f3mo agradecerle esta vida en abundancia, pues mi m\u00e1s hermosa canci\u00f3n se derrite ante su Gracia. Es muy poco lo que puedo hacer por \u00c9l, pues \u00c9l dio toda su vida por m\u00ed... Desde que le encontr\u00e9 por primera vez, cada vez que me hablan del Se\u00f1or Jes\u00fas me brillan los ojos. \u00c9l coloc\u00f3 todas las cosas en su lugar. <\/span><\/em><\/span><\/p>\n<p class=\"MsoNormal\" style=\"margin-bottom: 12pt;text-align: justify\"><span style=\"color: #993366\"><em><span style=\"font-size: 12pt\">Puso en mi coraz\u00f3n el derecho de decir p\u00fablicamente a mi mujer que la amo, y lo importante que es, lo mismo que mi amado hijo, retrato de mi cari\u00f1o. Espiritualmente, ahora \"ni es lo mismo ni es igual\". Jes\u00fas est\u00e1 tocando a tu puerta hoy, inv\u00edtalo a cenar. Tan s\u00f3lo abre tu coraz\u00f3n, pon<\/span><\/em><em><span style=\"font-size: 12pt;font-family: &quot;Verdana&quot;,&quot;sans-serif&amp;quot&amp;quot\"> tu vida en sus manos y descansa.<\/span><\/em><\/span><strong><em><span style=\"font-size: 10pt;font-family: &quot;Verdana&quot;,&quot;sans-serif&amp;quot\"> <\/span><\/em><\/strong><strong><em><\/em><\/strong><\/p>\n<p class=\"MsoNormal\" style=\"margin-bottom: 12pt;text-align: justify\"><strong><em><span style=\"font-size: 10pt;font-family: &quot;Verdana&quot;,&quot;sans-serif&quot;color: white\"> <span style=\"color: #800080\">Juan Luis Guerra <\/span><\/span><\/em><\/strong><strong><em><\/em><\/strong><\/p>\n<p class=\"MsoNormal\" style=\"margin-bottom: 12pt;text-align: justify\"><span style=\"font-size: 10pt;font-family: &quot;Verdana&quot;,&quot;sans-serif&quot;color: #17365d\"> <img loading=\"lazy\" decoding=\"async\" class=\"alignleft size-full wp-image-857\" src=\"http:\/\/blog.espol.edu.ec\/lgrodrig\/files\/2009\/09\/biblia.gif\" alt=\"biblia\" width=\"67\" height=\"83\" \/><\/span><\/p>\n<p class=\"MsoNormal\" style=\"margin-bottom: 12pt;text-align: justify\"><span style=\"color: #800080\"><strong><em><span style=\"font-size: 10pt\">\u00bfDe d\u00f3nde sac\u00f3 Juan Luis Guerra la letra de la canci\u00f3n Las Avispas?<\/span><\/em><\/strong><strong><em><span style=\"font-size: 10pt\"><br \/>\n<\/span><\/em><\/strong><strong><em><span style=\"font-size: 10pt\">Es incre\u00edble haber juntado esas oraciones de diferentes lecturas de la<\/span><\/em><\/strong><strong><em><span style=\"font-size: 10pt\"><br \/>\n<\/span><\/em><\/strong><strong><em><span style=\"font-size: 10pt\">Biblia y sobretodo hacerlas rimar. <\/span><\/em><\/strong><strong><em><\/em><\/strong><\/span><\/p>\n<p class=\"MsoNormal\" style=\"margin-bottom: 12pt;text-align: justify\"><span style=\"color: #800080\"><strong><em><span style=\"font-size: 10pt\">Analiza la perfecci\u00f3n de la composici\u00f3n:<\/span><\/em><\/strong><\/span><strong><em><\/em><\/strong><\/p>\n<p class=\"MsoNormal\" style=\"margin-bottom: 12pt;text-align: justify\"><span style=\"color: #800080\"><strong><em><span style=\"font-size: 10pt\">Tengo un Dios admirable en los cielos <\/span><\/em><\/strong><strong><em><span style=\"font-size: 10pt\">(Isa\u00edas 9: 5)<\/span><\/em><\/strong><strong><em><\/em><\/strong><\/span><\/p>\n<p class=\"MsoNormal\" style=\"margin-bottom: 12pt;text-align: justify\"><span style=\"color: #800080\"><strong><em><span style=\"font-size: 10pt\"> Y el amor de su Esp\u00edritu Santo <\/span><\/em><\/strong><strong><em><span style=\"font-size: 10pt\">(1_Juan5: 7-8)<\/span><\/em><\/strong><strong><em><\/em><\/strong><\/span><\/p>\n<p class=\"MsoNormal\" style=\"margin-bottom: 12pt;text-align: justify\"><span style=\"color: #800080\"><strong><em><span style=\"font-size: 10pt\">Por su gracia yo soy hombre nuevo <\/span><\/em><\/strong><strong><em><span style=\"font-size: 10pt\">(Efesios 4: 22-24)<\/span><\/em><\/strong><strong><em><span style=\"font-size: 10pt\"> <\/span><\/em><\/strong><\/span><\/p>\n<p class=\"MsoNormal\" style=\"margin-bottom: 12pt;text-align: justify\"><span style=\"color: #800080\"><strong><em><span style=\"font-size: 10pt\">Y de gozo se llena mi canto <\/span><\/em><\/strong><strong><em><span style=\"font-size: 10pt\">(Proverbios 29: 6)<\/span><\/em><\/strong><strong><em><\/em><\/strong><\/span><\/p>\n<p class=\"MsoNormal\" style=\"margin-bottom: 12pt;text-align: justify\"><span style=\"color: #800080\"><strong><em><span style=\"font-size: 10pt\">De su imagen yo soy un reflejo <\/span><\/em><\/strong><strong><em><span style=\"font-size: 10pt\">(G\u00e9nesis 1: 27<\/span><\/em><\/strong><\/span><\/p>\n<p class=\"MsoNormal\" style=\"margin-bottom: 12pt;text-align: justify\"><span style=\"color: #800080\"><strong><em><span style=\"font-size: 10pt\">Que me lleva por siempre en victoria <\/span><\/em><\/strong><strong><em><span style=\"font-size: 10pt\">(1 Corintios 15: 57)<\/span><\/em><\/strong><strong><em><\/em><\/strong><\/span><\/p>\n<p class=\"MsoNormal\" style=\"margin-bottom: 12pt;text-align: justify\"><span style=\"color: #800080\"><strong><em><span style=\"font-size: 10pt\">Jehov\u00e1 me ha hecho cabeza y no cola <\/span><\/em><\/strong><strong><em><span style=\"font-size: 10pt\">(Deuteronomio 28:13-14)<\/span><\/em><\/strong><strong><em><\/em><\/strong><\/span><\/p>\n<p class=\"MsoNormal\" style=\"margin-bottom: 12pt;text-align: justify\"><span style=\"color: #800080\"><strong><em><span style=\"font-size: 10pt\">En mi Cristo yo todo lo puedo <\/span><\/em><\/strong><strong><em><span style=\"font-size: 10pt\">(Filipenses 4: 13)<\/span><\/em><\/strong><strong><em><\/em><\/strong><\/span><\/p>\n<p class=\"MsoNormal\" style=\"margin-bottom: 12pt;text-align: justify\"><span style=\"color: #800080\"><strong><em><span style=\"font-size: 10pt\">Jes\u00fas me dijo que me riera <\/span><\/em><\/strong><strong><em><span style=\"font-size: 10pt\">(Job 5: 21-23)<\/span><\/em><\/strong><strong><em><\/em><\/strong><\/span><\/p>\n<p class=\"MsoNormal\" style=\"margin-bottom: 12pt;text-align: justify\"><span style=\"color: #800080\"><strong><em><span style=\"font-size: 10pt\">Si el enemigo me tienta en la carrera <\/span><\/em><\/strong><strong><em><span style=\"font-size: 10pt\">(Hebreos 12: 1)<\/span><\/em><\/strong><strong><em><\/em><\/strong><\/span><\/p>\n<p class=\"MsoNormal\" style=\"margin-bottom: 12pt;text-align: justify\"><span style=\"color: #800080\"><strong><em><span style=\"font-size: 10pt\">Y tambi\u00e9n me dijo, no te mortifiques <\/span><\/em><\/strong><strong><em><span style=\"font-size: 10pt\">(Filipenses 4: 6)<\/span><\/em><\/strong><strong><em><\/em><\/strong><\/span><\/p>\n<p class=\"MsoNormal\" style=\"margin-bottom: 12pt;text-align: justify\"><span style=\"color: #800080\"><strong><em><span style=\"font-size: 10pt\">Que yo le env\u00edo mis avispas para que los piquen. <\/span><\/em><\/strong><strong><em><span style=\"font-size: 10pt\">(Deuteronomio 7: 20)<\/span><\/em><\/strong><\/span><\/p>\n<p class=\"MsoNormal\" style=\"margin-bottom: 12pt;text-align: justify\"><strong><em><span style=\"font-size: 10pt;font-family: &quot;Verdana&quot;,&quot;sans-serif&quot;color: #0c0c0c\"> <\/span><\/em><\/strong><\/p>\n<p class=\"MsoNormal\" style=\"margin-bottom: 12pt;text-align: justify\"><span style=\"color: #0000ff\"><strong><em><span style=\"font-size: 10pt\"><br \/>\n<\/span><\/em><\/strong><\/span><\/p>\n","protected":false},"excerpt":{"rendered":"<p>Escuch\u00e9 la canci\u00f3n Las Avispas justo en un momento de tristeza ante problemas de la vida. Lo tom\u00e9 como un mensaje y a partir de ese instante, cuando quer\u00eda defender mi posici\u00f3n, tarareaba: Jes\u00fas me dijo, que me riera si el enemigo me tienta en la carrera\u2026 Me interes\u00e9 en su autor y descubr\u00ed que [&hellip;]<\/p>\n","protected":false},"author":247,"featured_media":0,"parent":237,"menu_order":1,"comment_status":"open","ping_status":"open","template":"","meta":{"footnotes":""},"class_list":["post-852","page","type-page","status-publish","hentry"],"aioseo_notices":[],"_links":{"self":[{"href":"https:\/\/blog.espol.edu.ec\/lgrodrig\/wp-json\/wp\/v2\/pages\/852","targetHints":{"allow":["GET"]}}],"collection":[{"href":"https:\/\/blog.espol.edu.ec\/lgrodrig\/wp-json\/wp\/v2\/pages"}],"about":[{"href":"https:\/\/blog.espol.edu.ec\/lgrodrig\/wp-json\/wp\/v2\/types\/page"}],"author":[{"embeddable":true,"href":"https:\/\/blog.espol.edu.ec\/lgrodrig\/wp-json\/wp\/v2\/users\/247"}],"replies":[{"embeddable":true,"href":"https:\/\/blog.espol.edu.ec\/lgrodrig\/wp-json\/wp\/v2\/comments?post=852"}],"version-history":[{"count":7,"href":"https:\/\/blog.espol.edu.ec\/lgrodrig\/wp-json\/wp\/v2\/pages\/852\/revisions"}],"predecessor-version":[{"id":859,"href":"https:\/\/blog.espol.edu.ec\/lgrodrig\/wp-json\/wp\/v2\/pages\/852\/revisions\/859"}],"up":[{"embeddable":true,"href":"https:\/\/blog.espol.edu.ec\/lgrodrig\/wp-json\/wp\/v2\/pages\/237"}],"wp:attachment":[{"href":"https:\/\/blog.espol.edu.ec\/lgrodrig\/wp-json\/wp\/v2\/media?parent=852"}],"curies":[{"name":"wp","href":"https:\/\/api.w.org\/{rel}","templated":true}]}}