{"id":105,"date":"2015-06-28T15:39:25","date_gmt":"2015-06-28T15:39:25","guid":{"rendered":"http:\/\/blog.espol.edu.ec\/lian\/?page_id=105"},"modified":"2015-06-28T15:57:35","modified_gmt":"2015-06-28T15:57:35","slug":"ecuador","status":"publish","type":"page","link":"https:\/\/blog.espol.edu.ec\/lian\/animales-marinos-en-peligro-de-extinsion\/ecuador\/","title":{"rendered":"Ecuador"},"content":{"rendered":"<p><strong>\u00a0Tortuga Gigante de la Isla Pinta<\/strong><\/p>\n<p>La Tortuga Gigante es otro de los animales en peligro, pertenece a la especie de los Chelonoidis Abingdonii y habitan en la Isla Pinta.\u00a0Este emblem\u00e1tico animal es muy conocido como la Tortuga Gigante, es de las clase de los Sauropsida de genero Chelonoidis.<\/p>\n<p><strong>Pepinos de Mar<\/strong><\/p>\n<p>Los Pepinos de Mar son otros de los animales en peligro, pertenecen a la especie de los Holothuroidea quienes habitan en la Isla Santa Fe.\u00a0Los Pepinos de Mar son muy conocidos como Pepinos, Cohombros, Carajos de mar, son de clase Holothuroidea y de genero Eukaryota.<\/p>\n<p><a href=\"http:\/\/blog.espol.edu.ec\/lian\/files\/2015\/06\/pepino-de-mar.jpeg\"><img loading=\"lazy\" decoding=\"async\" class=\"alignnone size-medium wp-image-109\" src=\"http:\/\/blog.espol.edu.ec\/lian\/files\/2015\/06\/pepino-de-mar-300x157.jpeg\" alt=\"pepino de mar\" width=\"300\" height=\"157\" srcset=\"https:\/\/blog.espol.edu.ec\/lian\/files\/2015\/06\/pepino-de-mar-300x157.jpeg 300w, https:\/\/blog.espol.edu.ec\/lian\/files\/2015\/06\/pepino-de-mar.jpeg 310w\" sizes=\"auto, (max-width: 300px) 100vw, 300px\" \/><\/a><\/p>\n<p><strong>Lobos Marinos<\/strong><\/p>\n<p>Un estudio de diciembre de 2012 de la Direcci\u00f3n del Parque Nacional Gal\u00e1pagos, PNG, indica que la poblaci\u00f3n de lobos marinos de este archipi\u00e9lago ha disminuido en un 50 por ciento en los \u00faltimos 30 a\u00f1os.<\/p>\n<p>\u201cExiste gran preocupaci\u00f3n sobre el futuro del lobo marino de Gal\u00e1pagos\u201d, especie end\u00e9mica de este archipi\u00e9lago, incluida en la Lista Roja de la Uni\u00f3n Internacional para la Conservaci\u00f3n de la Naturaleza, UICN, se\u00f1ala el documento.<\/p>\n<p>El informe cifra la poblaci\u00f3n actual de lobos marinos en isla San Crist\u00f3bal, uno de los principales n\u00facleos de concentraci\u00f3n de estos mam\u00edferos, en 1.496 ejemplares.\u00a0El elemento esperanzador es que la cifra es algo mayor a los 1.398 que se contabilizaron en el censo de 2011.\u00a0En todo el archipi\u00e9lago se estima que podr\u00eda haber entre 14.000 y 16.000 lobos marinos, dijo el director de la Unidad T\u00e9cnica del PNG en San Crist\u00f3bal, Carlos Ortega, quien cit\u00f3 un estudio del a\u00f1o 2000.\u00a0Punta Carola, playa pr\u00f3xima al centro de Puerto Baquerizo Moreno, es uno de los lugares preferidos de estos animales, a los que tambi\u00e9n se puede ver en Bah\u00eda Naufragio, la bah\u00eda de San Crist\u00f3bal que, junto al malec\u00f3n, concentra a unos 500 o 600 ejemplares, cerca del 45 por ciento de los lobos de la isla.<\/p>\n<p><strong>Iguana Marina<\/strong><\/p>\n<p>La iguana marina, que tiene varias subespecies, habita s\u00f3lo en las Islas Gal\u00e1pagos, y se ve afectada por los efectos del cambio clim\u00e1tico que ha reducido su h\u00e1bitat y por lo tanto su alimentaci\u00f3n, explica Espinoza.<br \/>\nA esto se suma la existencia de especies introducidas en las Gal\u00e1pagos, como perros y gatos, que amenazan su existencia. As\u00ed, indica que mediante campa\u00f1as de educaci\u00f3n, se solicita a los due\u00f1os de estos animales tener mucho cuidado con los mismos, caso contrario son eliminados para que no se conviertan en un peligro para las iguanas que habitan cerca de las zonas pobladas<\/p>\n<p><a href=\"http:\/\/blog.espol.edu.ec\/lian\/files\/2015\/06\/iguana-marina1.jpg\"><img loading=\"lazy\" decoding=\"async\" class=\" size-full wp-image-108 alignright\" src=\"http:\/\/blog.espol.edu.ec\/lian\/files\/2015\/06\/iguana-marina1.jpg\" alt=\"iguana-marina\" width=\"275\" height=\"183\" \/><\/a><\/p>\n<form id=\"vozme_form_54eb59195d70e8c862a8ff66f6194d43\" method=\"post\" name=\"vozme_form_54eb59195d70e8c862a8ff66f6194d43\" target=\"54eb59195d70e8c862a8ff66f6194d43\" action=\"http:\/\/vozme.com\/text2voice.php\"><input name=\"text\" type=\"hidden\" value=\"Ecuador. \u00a0Tortuga Gigante de la Isla Pinta\nLa Tortuga Gigante es otro de los animales en peligro, pertenece a la especie de los Chelonoidis Abingdonii y habitan en la Isla Pinta.\u00a0Este emblem\u00e1tico animal es muy conocido como la Tortuga Gigante, es de las clase de los Sauropsida de genero Chelonoidis.\nPepinos de Mar\nLos Pepinos de Mar son otros de los animales en peligro, pertenecen a la especie de los Holothuroidea quienes habitan en la Isla Santa Fe.\u00a0Los Pepinos de Mar son muy conocidos como Pepinos, Cohombros, Carajos de mar, son de clase Holothuroidea y de genero Eukaryota.\n\nLobos Marinos\nUn estudio de diciembre de 2012 de la Direcci\u00f3n del Parque Nacional Gal\u00e1pagos, PNG, indica que la poblaci\u00f3n de lobos marinos de este archipi\u00e9lago ha disminuido en un 50 por ciento en los \u00faltimos 30 a\u00f1os.\n\u201cExiste gran preocupaci\u00f3n sobre el futuro del lobo marino de Gal\u00e1pagos\u201d, especie end\u00e9mica de este archipi\u00e9lago, incluida en la Lista Roja de la Uni\u00f3n Internacional para la Conservaci\u00f3n de la Naturaleza, UICN, se\u00f1ala el documento.\nEl informe cifra la poblaci\u00f3n actual de lobos marinos en isla San Crist\u00f3bal, uno de los principales n\u00facleos de concentraci\u00f3n de estos mam\u00edferos, en 1.496 ejemplares.\u00a0El elemento esperanzador es que la cifra es algo mayor a los 1.398 que se contabilizaron en el censo de 2011.\u00a0En todo el archipi\u00e9lago se estima que podr\u00eda haber entre 14.000 y 16.000 lobos marinos, dijo el director de la Unidad T\u00e9cnica del PNG en San Crist\u00f3bal, Carlos Ortega, quien cit\u00f3 un estudio del a\u00f1o 2000.\u00a0Punta Carola, playa pr\u00f3xima al centro de Puerto Baquerizo Moreno, es uno de los lugares preferidos de estos animales, a los que tambi\u00e9n se puede ver en Bah\u00eda Naufragio, la bah\u00eda de San Crist\u00f3bal que, junto al malec\u00f3n, concentra a unos 500 o 600 ejemplares, cerca del 45 por ciento de los lobos de la isla.\nIguana Marina\nLa iguana marina, que tiene varias subespecies, habita s\u00f3lo en las Islas Gal\u00e1pagos, y se ve afectada por los efectos del cambio clim\u00e1tico que ha reducido su h\u00e1bitat y por lo tanto su alimentaci\u00f3n, explica Espinoza.\nA esto se suma la existencia de especies introducidas en las Gal\u00e1pagos, como perros y gatos, que amenazan su existencia. As\u00ed, indica que mediante campa\u00f1as de educaci\u00f3n, se solicita a los due\u00f1os de estos animales tener mucho cuidado con los mismos, caso contrario son eliminados para que no se conviertan en un peligro para las iguanas que habitan cerca de las zonas pobladas\n\n\" \/><input name=\"lang\" type=\"hidden\" value=\"en\" \/><input name=\"gn\" type=\"hidden\" value=\"ml\" \/><input type=\"hidden\" id=\"interface\" name=\"interface\" value=\"full\" \/>\n\t\t\t<div style=\"margin-left:40%;\">\n\t\t\t\n\t\t\t\t<input style=\"float:left;\" type=\"image\" width=\"40\" height=\"40\" src=\"http:\/\/blog.espol.edu.ec\/lian\/wp-content\/plugins\/vozme\/img\/megaphone40x40w.gif\" alt=\"Hear this post\" onclick=\"window.open('', '54eb59195d70e8c862a8ff66f6194d43', 'width=600,height=370,scrollbars=yes,location=yes,menubar=yes,resizable=yes,status=yes,toolbar=yes');\">\n\t\t\t\t<div style=\"margin-left:48px; text-align:left;\"><a style=\"font-size:12px;\" href=\"javascript:void(0);\" onclick=\"window.open('', '54eb59195d70e8c862a8ff66f6194d43', 'width=600,height=370,scrollbars=yes,location=yes,menubar=yes,resizable=yes,status=yes,toolbar=yes'); document.getElementById('vozme_form_54eb59195d70e8c862a8ff66f6194d43').submit();\">Hear<br\/>this post<\/a><\/div>\n\t\t\t<\/div><\/form>","protected":false},"excerpt":{"rendered":"<p>\u00a0Tortuga Gigante de la Isla Pinta La Tortuga Gigante es otro de los animales en peligro, pertenece a la especie de los Chelonoidis Abingdonii y habitan en la Isla Pinta.\u00a0Este emblem\u00e1tico animal es muy conocido como la Tortuga Gigante, es de las clase de los Sauropsida de genero Chelonoidis. Pepinos de Mar Los Pepinos de [&hellip;]<\/p>\n","protected":false},"author":9686,"featured_media":0,"parent":56,"menu_order":0,"comment_status":"open","ping_status":"open","template":"","meta":{"footnotes":""},"class_list":["post-105","page","type-page","status-publish","hentry"],"_links":{"self":[{"href":"https:\/\/blog.espol.edu.ec\/lian\/wp-json\/wp\/v2\/pages\/105","targetHints":{"allow":["GET"]}}],"collection":[{"href":"https:\/\/blog.espol.edu.ec\/lian\/wp-json\/wp\/v2\/pages"}],"about":[{"href":"https:\/\/blog.espol.edu.ec\/lian\/wp-json\/wp\/v2\/types\/page"}],"author":[{"embeddable":true,"href":"https:\/\/blog.espol.edu.ec\/lian\/wp-json\/wp\/v2\/users\/9686"}],"replies":[{"embeddable":true,"href":"https:\/\/blog.espol.edu.ec\/lian\/wp-json\/wp\/v2\/comments?post=105"}],"version-history":[{"count":3,"href":"https:\/\/blog.espol.edu.ec\/lian\/wp-json\/wp\/v2\/pages\/105\/revisions"}],"predecessor-version":[{"id":112,"href":"https:\/\/blog.espol.edu.ec\/lian\/wp-json\/wp\/v2\/pages\/105\/revisions\/112"}],"up":[{"embeddable":true,"href":"https:\/\/blog.espol.edu.ec\/lian\/wp-json\/wp\/v2\/pages\/56"}],"wp:attachment":[{"href":"https:\/\/blog.espol.edu.ec\/lian\/wp-json\/wp\/v2\/media?parent=105"}],"curies":[{"name":"wp","href":"https:\/\/api.w.org\/{rel}","templated":true}]}}