{"id":56,"date":"2015-06-16T02:50:00","date_gmt":"2015-06-16T02:50:00","guid":{"rendered":"http:\/\/blog.espol.edu.ec\/lian\/?page_id=56"},"modified":"2015-06-16T02:50:00","modified_gmt":"2015-06-16T02:50:00","slug":"animales-marinos-en-peligro-de-extinsion","status":"publish","type":"page","link":"https:\/\/blog.espol.edu.ec\/lian\/animales-marinos-en-peligro-de-extinsion\/","title":{"rendered":"Animales marinos en peligro de extinsi\u00f3n"},"content":{"rendered":"<ul>\n<li><strong>Los Sir\u00e9nidos:<\/strong> Familia: pinn\u00edpedos: focas, lobos marinos, morsas, manat\u00edes (de los que existen unas 33 especies)<\/li>\n<\/ul>\n<p><a href=\"http:\/\/blog.espol.edu.ec\/lian\/files\/2015\/06\/25fok.jpg\"><img loading=\"lazy\" decoding=\"async\" class=\"  wp-image-57 aligncenter\" src=\"http:\/\/blog.espol.edu.ec\/lian\/files\/2015\/06\/25fok-300x225.jpg\" alt=\"25fok\" width=\"192\" height=\"144\" srcset=\"https:\/\/blog.espol.edu.ec\/lian\/files\/2015\/06\/25fok-300x225.jpg 300w, https:\/\/blog.espol.edu.ec\/lian\/files\/2015\/06\/25fok.jpg 448w\" sizes=\"auto, (max-width: 192px) 100vw, 192px\" \/><\/a><\/p>\n<ul>\n<li><strong>Los Cet\u00e1ceos:<\/strong> ballenas, cachalotes, belugas, narvales, marsopas, delfines (de las que se conocen unas 75 especies)<\/li>\n<\/ul>\n<p><a href=\"http:\/\/blog.espol.edu.ec\/lian\/files\/2015\/06\/Nacimiento-delfin.jpg\"><img loading=\"lazy\" decoding=\"async\" class=\"  wp-image-58 aligncenter\" src=\"http:\/\/blog.espol.edu.ec\/lian\/files\/2015\/06\/Nacimiento-delfin-300x163.jpg\" alt=\"Nacimiento-delfin\" width=\"221\" height=\"120\" srcset=\"https:\/\/blog.espol.edu.ec\/lian\/files\/2015\/06\/Nacimiento-delfin-300x163.jpg 300w, https:\/\/blog.espol.edu.ec\/lian\/files\/2015\/06\/Nacimiento-delfin.jpg 720w\" sizes=\"auto, (max-width: 221px) 100vw, 221px\" \/><\/a><\/p>\n<ul>\n<li><strong>La ballena azul:\u00a0<\/strong>es el animal m\u00e1s grande del mundo, en donde su coraz\u00f3n tiene el mismo tama\u00f1o de un autom\u00f3vil peque\u00f1o y su cerebro unas 6 veces m\u00e1s grandes que el del ser humano.<\/li>\n<\/ul>\n<p><a href=\"http:\/\/blog.espol.edu.ec\/lian\/files\/2015\/06\/descarga.jpeg\"><img loading=\"lazy\" decoding=\"async\" class=\"  wp-image-59 aligncenter\" src=\"http:\/\/blog.espol.edu.ec\/lian\/files\/2015\/06\/descarga.jpeg\" alt=\"descarga\" width=\"254\" height=\"161\" \/><\/a><\/p>\n<form id=\"vozme_form_27c6688671a27fa51acd4d9b2f591252\" method=\"post\" name=\"vozme_form_27c6688671a27fa51acd4d9b2f591252\" target=\"27c6688671a27fa51acd4d9b2f591252\" action=\"http:\/\/vozme.com\/text2voice.php\"><input name=\"text\" type=\"hidden\" value=\"Animales marinos en peligro de extinsi\u00f3n. \nLos Sir\u00e9nidos: Familia: pinn\u00edpedos: focas, lobos marinos, morsas, manat\u00edes (de los que existen unas 33 especies)\n\n\n\nLos Cet\u00e1ceos: ballenas, cachalotes, belugas, narvales, marsopas, delfines (de las que se conocen unas 75 especies)\n\n\n\nLa ballena azul:\u00a0es el animal m\u00e1s grande del mundo, en donde su coraz\u00f3n tiene el mismo tama\u00f1o de un autom\u00f3vil peque\u00f1o y su cerebro unas 6 veces m\u00e1s grandes que el del ser humano.\n\n\n\" \/><input name=\"lang\" type=\"hidden\" value=\"en\" \/><input name=\"gn\" type=\"hidden\" value=\"ml\" \/><input type=\"hidden\" id=\"interface\" name=\"interface\" value=\"full\" \/>\n\t\t\t<div style=\"margin-left:40%;\">\n\t\t\t\n\t\t\t\t<input style=\"float:left;\" type=\"image\" width=\"40\" height=\"40\" src=\"http:\/\/blog.espol.edu.ec\/lian\/wp-content\/plugins\/vozme\/img\/megaphone40x40w.gif\" alt=\"Hear this post\" onclick=\"window.open('', '27c6688671a27fa51acd4d9b2f591252', 'width=600,height=370,scrollbars=yes,location=yes,menubar=yes,resizable=yes,status=yes,toolbar=yes');\">\n\t\t\t\t<div style=\"margin-left:48px; text-align:left;\"><a style=\"font-size:12px;\" href=\"javascript:void(0);\" onclick=\"window.open('', '27c6688671a27fa51acd4d9b2f591252', 'width=600,height=370,scrollbars=yes,location=yes,menubar=yes,resizable=yes,status=yes,toolbar=yes'); document.getElementById('vozme_form_27c6688671a27fa51acd4d9b2f591252').submit();\">Hear<br\/>this post<\/a><\/div>\n\t\t\t<\/div><\/form>","protected":false},"excerpt":{"rendered":"<p>Los Sir\u00e9nidos: Familia: pinn\u00edpedos: focas, lobos marinos, morsas, manat\u00edes (de los que existen unas 33 especies) Los Cet\u00e1ceos: ballenas, cachalotes, belugas, narvales, marsopas, delfines (de las que se conocen unas 75 especies) La ballena azul:\u00a0es el animal m\u00e1s grande del mundo, en donde su coraz\u00f3n tiene el mismo tama\u00f1o de un autom\u00f3vil peque\u00f1o y su [&hellip;]<\/p>\n","protected":false},"author":9686,"featured_media":0,"parent":0,"menu_order":0,"comment_status":"open","ping_status":"open","template":"","meta":{"footnotes":""},"class_list":["post-56","page","type-page","status-publish","hentry"],"_links":{"self":[{"href":"https:\/\/blog.espol.edu.ec\/lian\/wp-json\/wp\/v2\/pages\/56","targetHints":{"allow":["GET"]}}],"collection":[{"href":"https:\/\/blog.espol.edu.ec\/lian\/wp-json\/wp\/v2\/pages"}],"about":[{"href":"https:\/\/blog.espol.edu.ec\/lian\/wp-json\/wp\/v2\/types\/page"}],"author":[{"embeddable":true,"href":"https:\/\/blog.espol.edu.ec\/lian\/wp-json\/wp\/v2\/users\/9686"}],"replies":[{"embeddable":true,"href":"https:\/\/blog.espol.edu.ec\/lian\/wp-json\/wp\/v2\/comments?post=56"}],"version-history":[{"count":1,"href":"https:\/\/blog.espol.edu.ec\/lian\/wp-json\/wp\/v2\/pages\/56\/revisions"}],"predecessor-version":[{"id":62,"href":"https:\/\/blog.espol.edu.ec\/lian\/wp-json\/wp\/v2\/pages\/56\/revisions\/62"}],"wp:attachment":[{"href":"https:\/\/blog.espol.edu.ec\/lian\/wp-json\/wp\/v2\/media?parent=56"}],"curies":[{"name":"wp","href":"https:\/\/api.w.org\/{rel}","templated":true}]}}