{"id":63,"date":"2015-06-16T03:01:11","date_gmt":"2015-06-16T03:01:11","guid":{"rendered":"http:\/\/blog.espol.edu.ec\/lian\/?page_id=63"},"modified":"2015-06-16T03:01:11","modified_gmt":"2015-06-16T03:01:11","slug":"tiburones","status":"publish","type":"page","link":"https:\/\/blog.espol.edu.ec\/lian\/tiburones\/","title":{"rendered":"Tiburones"},"content":{"rendered":"<p style=\"text-align: left\">El tibur\u00f3n es un pez\u00a0que habita principalmente en los mares\u00a0de agua c\u00e1lida. Es el predador m\u00e1s importante entre los peces por sus afilados dientes, que se reemplazan r\u00e1pidamente a medida que los va perdiendo.<\/p>\n<p style=\"text-align: left\"><a href=\"http:\/\/blog.espol.edu.ec\/lian\/files\/2015\/06\/Whale-Shark.jpg\"><img loading=\"lazy\" decoding=\"async\" class=\" size-medium wp-image-65 alignright\" src=\"http:\/\/blog.espol.edu.ec\/lian\/files\/2015\/06\/Whale-Shark-300x225.jpg\" alt=\"Whale-Shark\" width=\"300\" height=\"225\" srcset=\"https:\/\/blog.espol.edu.ec\/lian\/files\/2015\/06\/Whale-Shark-300x225.jpg 300w, https:\/\/blog.espol.edu.ec\/lian\/files\/2015\/06\/Whale-Shark.jpg 600w\" sizes=\"auto, (max-width: 300px) 100vw, 300px\" \/><\/a><\/p>\n<p style=\"text-align: left\">El tibur\u00f3n tiene aletas pectorales muy desarrolladas y una t\u00edpica aleta dorsal, ubicada detr\u00e1s del cuello, de forma triangular.\u00a0Cuando el tibur\u00f3n nada cerca de la superficie, el t\u00edpico tri\u00e1ngulo que sobresale es la aleta dorsal. Su hocico tambi\u00e9n acaba en punta.<\/p>\n<p style=\"text-align: left\">El tama\u00f1o y la peligrosidad var\u00edan seg\u00fan el tipo de tibur\u00f3n. El m\u00e1s grande es el tibur\u00f3n ballena, que alcanza los quince metros de largo y pesa hasta dieciocho toneladas,\u00a0pero que no le hace da\u00f1o a los humanos. El tibur\u00f3n blanco mide hasta cinco metros y es mucho m\u00e1s peque\u00f1o que el ballena, pero tiene una dentadura muy afilada. No ataca humanos por naturaleza, pero si \u00e9ste invade su territorio, el tibur\u00f3n puede lastimarlo gravemente. Tambi\u00e9n existen otros tipos de tiburones, como el peregrino (de doce metros de longitud), el tibur\u00f3n toro, el tibur\u00f3n sierra, el tibur\u00f3n \u00e1ngel y el tibur\u00f3n tigre, entre otros.<\/p>\n<p style=\"text-align: left\">\u00a0 <a href=\"http:\/\/blog.espol.edu.ec\/lian\/files\/2015\/06\/20070523elpepusoc_8.jpg\"><img loading=\"lazy\" decoding=\"async\" class=\"alignnone size-medium wp-image-64\" src=\"http:\/\/blog.espol.edu.ec\/lian\/files\/2015\/06\/20070523elpepusoc_8-300x221.jpg\" alt=\"20070523elpepusoc_8\" width=\"300\" height=\"221\" srcset=\"https:\/\/blog.espol.edu.ec\/lian\/files\/2015\/06\/20070523elpepusoc_8-300x221.jpg 300w, https:\/\/blog.espol.edu.ec\/lian\/files\/2015\/06\/20070523elpepusoc_8.jpg 620w\" sizes=\"auto, (max-width: 300px) 100vw, 300px\" \/><\/a>\u00a0 \u00a0 \u00a0 \u00a0\u00a0<a href=\"http:\/\/blog.espol.edu.ec\/lian\/files\/2015\/06\/cetorhinus-maximus1.jpg\"><img loading=\"lazy\" decoding=\"async\" class=\"alignnone size-medium wp-image-66\" src=\"http:\/\/blog.espol.edu.ec\/lian\/files\/2015\/06\/cetorhinus-maximus1-300x215.jpg\" alt=\"cetorhinus-maximus[1]\" width=\"300\" height=\"215\" srcset=\"https:\/\/blog.espol.edu.ec\/lian\/files\/2015\/06\/cetorhinus-maximus1-300x215.jpg 300w, https:\/\/blog.espol.edu.ec\/lian\/files\/2015\/06\/cetorhinus-maximus1.jpg 540w\" sizes=\"auto, (max-width: 300px) 100vw, 300px\" \/><\/a><\/p>\n<form id=\"vozme_form_e80db33973c44989acfa1562bd707464\" method=\"post\" name=\"vozme_form_e80db33973c44989acfa1562bd707464\" target=\"e80db33973c44989acfa1562bd707464\" action=\"http:\/\/vozme.com\/text2voice.php\"><input name=\"text\" type=\"hidden\" value=\"Tiburones. El tibur\u00f3n es un pez\u00a0que habita principalmente en los mares\u00a0de agua c\u00e1lida. Es el predador m\u00e1s importante entre los peces por sus afilados dientes, que se reemplazan r\u00e1pidamente a medida que los va perdiendo.\n\nEl tibur\u00f3n tiene aletas pectorales muy desarrolladas y una t\u00edpica aleta dorsal, ubicada detr\u00e1s del cuello, de forma triangular.\u00a0Cuando el tibur\u00f3n nada cerca de la superficie, el t\u00edpico tri\u00e1ngulo que sobresale es la aleta dorsal. Su hocico tambi\u00e9n acaba en punta.\nEl tama\u00f1o y la peligrosidad var\u00edan seg\u00fan el tipo de tibur\u00f3n. El m\u00e1s grande es el tibur\u00f3n ballena, que alcanza los quince metros de largo y pesa hasta dieciocho toneladas,\u00a0pero que no le hace da\u00f1o a los humanos. El tibur\u00f3n blanco mide hasta cinco metros y es mucho m\u00e1s peque\u00f1o que el ballena, pero tiene una dentadura muy afilada. No ataca humanos por naturaleza, pero si \u00e9ste invade su territorio, el tibur\u00f3n puede lastimarlo gravemente. Tambi\u00e9n existen otros tipos de tiburones, como el peregrino (de doce metros de longitud), el tibur\u00f3n toro, el tibur\u00f3n sierra, el tibur\u00f3n \u00e1ngel y el tibur\u00f3n tigre, entre otros.\n\u00a0 \u00a0 \u00a0 \u00a0 \u00a0\u00a0\n\" \/><input name=\"lang\" type=\"hidden\" value=\"en\" \/><input name=\"gn\" type=\"hidden\" value=\"ml\" \/><input type=\"hidden\" id=\"interface\" name=\"interface\" value=\"full\" \/>\n\t\t\t<div style=\"margin-left:40%;\">\n\t\t\t\n\t\t\t\t<input style=\"float:left;\" type=\"image\" width=\"40\" height=\"40\" src=\"http:\/\/blog.espol.edu.ec\/lian\/wp-content\/plugins\/vozme\/img\/megaphone40x40w.gif\" alt=\"Hear this post\" onclick=\"window.open('', 'e80db33973c44989acfa1562bd707464', 'width=600,height=370,scrollbars=yes,location=yes,menubar=yes,resizable=yes,status=yes,toolbar=yes');\">\n\t\t\t\t<div style=\"margin-left:48px; text-align:left;\"><a style=\"font-size:12px;\" href=\"javascript:void(0);\" onclick=\"window.open('', 'e80db33973c44989acfa1562bd707464', 'width=600,height=370,scrollbars=yes,location=yes,menubar=yes,resizable=yes,status=yes,toolbar=yes'); document.getElementById('vozme_form_e80db33973c44989acfa1562bd707464').submit();\">Hear<br\/>this post<\/a><\/div>\n\t\t\t<\/div><\/form>","protected":false},"excerpt":{"rendered":"<p>El tibur\u00f3n es un pez\u00a0que habita principalmente en los mares\u00a0de agua c\u00e1lida. Es el predador m\u00e1s importante entre los peces por sus afilados dientes, que se reemplazan r\u00e1pidamente a medida que los va perdiendo. El tibur\u00f3n tiene aletas pectorales muy desarrolladas y una t\u00edpica aleta dorsal, ubicada detr\u00e1s del cuello, de forma triangular.\u00a0Cuando el tibur\u00f3n [&hellip;]<\/p>\n","protected":false},"author":9686,"featured_media":0,"parent":0,"menu_order":0,"comment_status":"open","ping_status":"open","template":"","meta":{"footnotes":""},"class_list":["post-63","page","type-page","status-publish","hentry"],"_links":{"self":[{"href":"https:\/\/blog.espol.edu.ec\/lian\/wp-json\/wp\/v2\/pages\/63","targetHints":{"allow":["GET"]}}],"collection":[{"href":"https:\/\/blog.espol.edu.ec\/lian\/wp-json\/wp\/v2\/pages"}],"about":[{"href":"https:\/\/blog.espol.edu.ec\/lian\/wp-json\/wp\/v2\/types\/page"}],"author":[{"embeddable":true,"href":"https:\/\/blog.espol.edu.ec\/lian\/wp-json\/wp\/v2\/users\/9686"}],"replies":[{"embeddable":true,"href":"https:\/\/blog.espol.edu.ec\/lian\/wp-json\/wp\/v2\/comments?post=63"}],"version-history":[{"count":1,"href":"https:\/\/blog.espol.edu.ec\/lian\/wp-json\/wp\/v2\/pages\/63\/revisions"}],"predecessor-version":[{"id":69,"href":"https:\/\/blog.espol.edu.ec\/lian\/wp-json\/wp\/v2\/pages\/63\/revisions\/69"}],"wp:attachment":[{"href":"https:\/\/blog.espol.edu.ec\/lian\/wp-json\/wp\/v2\/media?parent=63"}],"curies":[{"name":"wp","href":"https:\/\/api.w.org\/{rel}","templated":true}]}}