{"id":200,"date":"2010-11-29T14:22:44","date_gmt":"2010-11-29T14:22:44","guid":{"rendered":"http:\/\/blog.espol.edu.ec\/libarra\/?page_id=200"},"modified":"2010-11-29T14:27:00","modified_gmt":"2010-11-29T14:27:00","slug":"para-el-alma","status":"publish","type":"page","link":"https:\/\/blog.espol.edu.ec\/libarra\/para-el-alma\/","title":{"rendered":"PARA EL ALMA"},"content":{"rendered":"<p><strong><a href=\"http:\/\/blog.espol.edu.ec\/libarra\/files\/2010\/11\/BUUUUUUUUUUUU.jpg\"><img loading=\"lazy\" decoding=\"async\" class=\"alignleft size-full wp-image-201\" title=\"BUUUUUUUUUUUU\" src=\"http:\/\/blog.espol.edu.ec\/libarra\/files\/2010\/11\/BUUUUUUUUUUUU.jpg\" alt=\"\" width=\"1024\" height=\"614\" srcset=\"https:\/\/blog.espol.edu.ec\/libarra\/files\/2010\/11\/BUUUUUUUUUUUU.jpg 1024w, https:\/\/blog.espol.edu.ec\/libarra\/files\/2010\/11\/BUUUUUUUUUUUU-300x179.jpg 300w\" sizes=\"auto, (max-width: 1024px) 100vw, 1024px\" \/><\/a>F\u00e1cil \u00a0 Vs. \u00a0Dif\u00edcil\u00a0<\/strong><strong><\/strong><strong>Por qu\u00e9 es tan dif\u00edcil decir la verdad y tan f\u00e1cil mentir<\/strong><strong>?<\/strong><strong>\u00a0<\/strong><strong><br \/>\n<\/strong><strong>\u00bfPor qu\u00e9 tenemos tanto sue\u00f1o en la iglesia, pero\u00a0<\/strong><strong><br \/>\n<strong>&gt;&gt;cuando termina el\u00a0<\/strong><\/strong><strong>Serm\u00f3n repentinamente estamos tan despiertos?\u00a0<\/strong><strong><br \/>\n<\/strong><strong>&gt;&gt;\u00a0<\/strong><strong>\u00bfPor qu\u00e9 es tan dif\u00edcil hablar de Dios y tan f\u00e1cil\u00a0<\/strong><strong><br \/>\n<\/strong><strong>decir cosas sucias?\u00a0<\/strong><strong><\/strong><strong>\u00bfPor qu\u00e9 es tan aburrido leer una revista<\/strong><strong><br \/>\n<\/strong><strong>&gt;&gt;cristiana, y tan divertido\u00a0<\/strong><strong>hojear una con contenido repugnante?\u00a0<\/strong><strong><\/strong><strong>\u00bfPor qu\u00e9 es tan f\u00e1cil borrar mensajes de\u00a0<\/strong><strong>Dios y re\u00a0<\/strong><strong>Enviar mensajes\u00a0<\/strong><strong><br \/>\n<\/strong><strong>sucios?\u00a0<\/strong><strong><\/strong><strong>Por qu\u00e9 las iglesias y templos se vuelven m\u00e1s\u00a0<\/strong><strong>peque\u00f1os mientras los\u00a0<\/strong><strong>bares y discotecas crecen en tama\u00f1o<\/strong><strong>?<\/strong><strong>\u00a0<\/strong><strong><br \/>\n<\/strong><strong>\u00bfTe das por vencido? Piensa si vas a re enviar este\u00a0<\/strong><strong>mensaje o lo vas a\u00a0<\/strong><strong><strong>borrar.\u00a0<\/strong><br \/>\n<\/strong><strong>Solo recuerda que Dios est\u00e1 observ\u00e1ndote.\u00a0<\/strong><strong><br \/>\n<\/strong><strong>\u00a0<\/strong><strong><\/strong><strong>&gt;&gt;Que Dios te guarde y te bendiga.\u00a0<\/strong><strong><\/strong>\u00a0<\/p>\n<p><strong>\u00a0<\/strong><\/p>\n<p><strong>Un d\u00eda Satan\u00e1s y Jes\u00fas estaban conversando.\u00a0<\/strong><strong><br \/>\n<\/strong><strong>Satan\u00e1s acababa de ir al\u00a0<\/strong><strong><br \/>\n<\/strong><strong>Jard\u00edn del Ed\u00e9n, y estaba mof\u00e1ndose y ri\u00e9ndose\u00a0<\/strong><strong><br \/>\n<\/strong><strong>diciendo:\u00a0<\/strong><strong><\/strong><\/p>\n<p><strong>Si Se\u00f1or. Acabo de apoderarme del mundo\u00a0<\/strong><strong><br \/>\n<\/strong><strong>lleno de gente de\u00a0<\/strong><strong><br \/>\n<\/strong><strong>all\u00e1 abajo. Les tend\u00ed una trampa, us\u00e9 cebo que\u00a0<\/strong><strong><br \/>\n<\/strong><strong>sabia que no podr\u00edan\u00a0<\/strong><strong><br \/>\n<\/strong><strong>resistir.\u00a0<\/strong><strong><br \/>\n<\/strong><strong>Cayeron todos<\/strong><strong>!<\/strong><strong>\u00a0<\/strong><strong><\/strong><\/p>\n<p><strong>\u00bfQue vas a hacer con ellos? Pregunt\u00f3\u00a0<\/strong><\/p>\n<p><strong>Jes\u00fas.\u00a0<\/strong><strong><\/strong><\/p>\n<p><strong>Ah, me voy a divertir con ellos. Respondi\u00f3\u00a0<\/strong><strong><br \/>\n<\/strong><strong>Satan\u00e1s. Les\u00a0<\/strong><strong>ense\u00f1ar\u00e9 como casarse y divorciarse, c\u00f3mo odiar y\u00a0<\/strong><strong><br \/>\n<\/strong><strong>abusar uno del otro, a beber\u00a0<\/strong><strong>y fumar y por supuesto, les ense\u00f1ar\u00e9 a inventar\u00a0<\/strong><strong><br \/>\n<\/strong><strong>armas y bombas para que\u00a0<\/strong><strong>se destruyan entre s\u00ed. Realmente me voy a divertir<\/strong><strong>!<\/strong><strong>\u00a0<\/strong><strong><\/strong><\/p>\n<p><strong>\u00bfY qu\u00e9 har\u00e1s cuando te canses de ellos? Le\u00a0<\/strong><strong>pregunt\u00f3 Jes\u00fas.\u00a0<\/strong><strong><\/strong><\/p>\n<p><strong>Ah, los matar\u00e9. Dijo Satan\u00e1s con la mirada\u00a0<\/strong><strong>llena de odio y\u00a0<\/strong><strong><strong>orgullo.\u00a0<\/strong><\/strong><\/p>\n<p><strong>\u00bfCu\u00e1nto quieres por ellos? Pregunt\u00f3 Jes\u00fas.\u00a0<\/strong><strong><\/strong><\/p>\n<p><strong>Ah, tu no quieres a esa gente. Ellos no\u00a0<\/strong><\/p>\n<p><strong>son buenos.\u00a0<\/strong><strong>\u00bf<\/strong><strong>Por qu\u00e9\u00a0<\/strong><strong>los querr\u00edas tomar.\u00a0<\/strong><strong>Tu<\/strong><strong>\u00a0los tomas y ellos te odian.\u00a0<\/strong><strong><br \/>\n<\/strong><strong>Escupir\u00e1n a tu\u00a0<\/strong><strong>rostro, te maldecir\u00e1n y te matar\u00e1n. Tu no quieres\u00a0<\/strong><strong>a esa gente<\/strong><strong>!!<\/strong><strong>\u00a0<\/strong><strong><br \/>\n<\/strong><strong>\u00bfCu\u00e1nto? Pregunt\u00f3 nuevamente Jes\u00fas.\u00a0<\/strong><strong><\/strong><\/p>\n<p><strong>Satan\u00e1s mir\u00f3 a Jes\u00fas y sarc\u00e1sticamente respondi\u00f3:\u00a0<\/strong><strong><\/strong><\/p>\n<p><strong>Toda tu sangre, tus\u00a0<\/strong><strong>lagrimas<\/strong><strong>, y tu vida.\u00a0<\/strong><strong><\/strong><\/p>\n<p><strong>Jes\u00fas dijo<\/strong><strong>:\u00a0<\/strong><strong><br \/>\nHECHO<\/strong><strong>!\u00a0<\/strong><strong><\/strong><\/p>\n<p><strong>Y as\u00ed fue como pago el precio.\u00a0<\/strong><strong>.\u00a0<\/strong><strong><\/strong><\/p>\n<p><strong>No es curioso c\u00f3mo la gente puede estar m\u00e1s\u00a0<\/strong><strong>preocupada de lo que los\u00a0<\/strong><strong>dem\u00e1s piensen de ellos que lo que piense Dios.\u00a0<\/strong><strong><br \/>\n<\/strong><\/p>\n","protected":false},"excerpt":{"rendered":"<p>F\u00e1cil \u00a0 Vs. \u00a0Dif\u00edcil\u00a0Por qu\u00e9 es tan dif\u00edcil decir la verdad y tan f\u00e1cil mentir?\u00a0 \u00bfPor qu\u00e9 tenemos tanto sue\u00f1o en la iglesia, pero\u00a0 &gt;&gt;cuando termina el\u00a0Serm\u00f3n repentinamente estamos tan despiertos?\u00a0 &gt;&gt;\u00a0\u00bfPor qu\u00e9 es tan dif\u00edcil hablar de Dios y tan f\u00e1cil\u00a0 decir cosas sucias?\u00a0\u00bfPor qu\u00e9 es tan aburrido leer una revista &gt;&gt;cristiana, y tan [&hellip;]<\/p>\n","protected":false},"author":4922,"featured_media":0,"parent":0,"menu_order":0,"comment_status":"open","ping_status":"open","template":"","meta":{"footnotes":""},"class_list":["post-200","page","type-page","status-publish","hentry"],"_links":{"self":[{"href":"https:\/\/blog.espol.edu.ec\/libarra\/wp-json\/wp\/v2\/pages\/200","targetHints":{"allow":["GET"]}}],"collection":[{"href":"https:\/\/blog.espol.edu.ec\/libarra\/wp-json\/wp\/v2\/pages"}],"about":[{"href":"https:\/\/blog.espol.edu.ec\/libarra\/wp-json\/wp\/v2\/types\/page"}],"author":[{"embeddable":true,"href":"https:\/\/blog.espol.edu.ec\/libarra\/wp-json\/wp\/v2\/users\/4922"}],"replies":[{"embeddable":true,"href":"https:\/\/blog.espol.edu.ec\/libarra\/wp-json\/wp\/v2\/comments?post=200"}],"version-history":[{"count":4,"href":"https:\/\/blog.espol.edu.ec\/libarra\/wp-json\/wp\/v2\/pages\/200\/revisions"}],"predecessor-version":[{"id":203,"href":"https:\/\/blog.espol.edu.ec\/libarra\/wp-json\/wp\/v2\/pages\/200\/revisions\/203"}],"wp:attachment":[{"href":"https:\/\/blog.espol.edu.ec\/libarra\/wp-json\/wp\/v2\/media?parent=200"}],"curies":[{"name":"wp","href":"https:\/\/api.w.org\/{rel}","templated":true}]}}