{"id":33,"date":"2009-06-30T20:14:05","date_gmt":"2009-07-01T00:14:05","guid":{"rendered":"http:\/\/blog.espol.edu.ec\/liceespi\/?page_id=33"},"modified":"2009-06-30T20:14:29","modified_gmt":"2009-07-01T00:14:29","slug":"la-tecnologia","status":"publish","type":"page","link":"https:\/\/blog.espol.edu.ec\/liceespi\/la-tecnologia\/","title":{"rendered":"lA tEcNoLoG\u00edA!!!"},"content":{"rendered":"<p>Tecnolog\u00eda es el conjunto de habilidades que permiten construir objetos y m\u00e1quinas para adaptar el medio y satisfacer nuestras necesidades. Es una palabra de origen griego, \u03c4\u03b5\u03c7\u03bd\u03bf\u03bb\u03bf\u03b3\u03bf\u03c2, formada por tekne (\u03c4\u03b5\u03c7\u03bd\u03b7, \"arte, t\u00e9cnica u oficio\") y logos (\u03bb\u03bf\u03b3\u03bf\u03c2, \"conjunto de saberes\"). Aunque hay muchas tecnolog\u00edas muy diferentes entre s\u00ed, es frecuente usar el t\u00e9rmino en singular para referirse a una cualquiera de ellas o al conjunto de todas. Cuando se lo escribe con may\u00fascula, tecnolog\u00eda puede referirse tanto a la disciplina te\u00f3rica que estudia los saberes comunes a todas las tecnolog\u00edas, como a educaci\u00f3n tecnol\u00f3gica, la disciplina escolar abocada a la familiarizaci\u00f3n con las tecnolog\u00edas m\u00e1s importantes.<\/p>\n<p>La actividad tecnol\u00f3gica influye en el progreso social y econ\u00f3mico, pero tambi\u00e9n ha producido el deterioro de nuestro entorno (biosfera). Las tecnolog\u00edas pueden ser usadas para proteger el medio ambiente y para evitar que las crecientes necesidades provoquen un agotamiento o degradaci\u00f3n de los recursos materiales y energ\u00e9ticos de nuestro planeta. Evitar estos males es tarea no s\u00f3lo de los gobiernos, sino de todos. Se requiere para ello una buena ense\u00f1anza-aprendizaje de la tecnolog\u00eda en los estudios de ense\u00f1anza media o secundaria y buena difusi\u00f3n de los problemas, diagn\u00f3sticos y propuestas de soluci\u00f3n en los medios de comunicaci\u00f3n social.<\/p>\n","protected":false},"excerpt":{"rendered":"<p>Tecnolog\u00eda es el conjunto de habilidades que permiten construir objetos y m\u00e1quinas para adaptar el medio y satisfacer nuestras necesidades. Es una palabra de origen griego, \u03c4\u03b5\u03c7\u03bd\u03bf\u03bb\u03bf\u03b3\u03bf\u03c2, formada por tekne (\u03c4\u03b5\u03c7\u03bd\u03b7, \"arte, t\u00e9cnica u oficio\") y logos (\u03bb\u03bf\u03b3\u03bf\u03c2, \"conjunto de saberes\"). Aunque hay muchas tecnolog\u00edas muy diferentes entre s\u00ed, es frecuente usar el t\u00e9rmino en [&hellip;]<\/p>\n","protected":false},"author":2624,"featured_media":0,"parent":0,"menu_order":0,"comment_status":"open","ping_status":"open","template":"","meta":{"footnotes":""},"class_list":["post-33","page","type-page","status-publish","hentry"],"_links":{"self":[{"href":"https:\/\/blog.espol.edu.ec\/liceespi\/wp-json\/wp\/v2\/pages\/33","targetHints":{"allow":["GET"]}}],"collection":[{"href":"https:\/\/blog.espol.edu.ec\/liceespi\/wp-json\/wp\/v2\/pages"}],"about":[{"href":"https:\/\/blog.espol.edu.ec\/liceespi\/wp-json\/wp\/v2\/types\/page"}],"author":[{"embeddable":true,"href":"https:\/\/blog.espol.edu.ec\/liceespi\/wp-json\/wp\/v2\/users\/2624"}],"replies":[{"embeddable":true,"href":"https:\/\/blog.espol.edu.ec\/liceespi\/wp-json\/wp\/v2\/comments?post=33"}],"version-history":[{"count":2,"href":"https:\/\/blog.espol.edu.ec\/liceespi\/wp-json\/wp\/v2\/pages\/33\/revisions"}],"predecessor-version":[{"id":35,"href":"https:\/\/blog.espol.edu.ec\/liceespi\/wp-json\/wp\/v2\/pages\/33\/revisions\/35"}],"wp:attachment":[{"href":"https:\/\/blog.espol.edu.ec\/liceespi\/wp-json\/wp\/v2\/media?parent=33"}],"curies":[{"name":"wp","href":"https:\/\/api.w.org\/{rel}","templated":true}]}}