{"id":1,"date":"2008-11-18T07:16:12","date_gmt":"2008-11-18T12:16:12","guid":{"rendered":"http:\/\/blog.espol.edu.ec\/liderazgointegral"},"modified":"2008-12-03T09:10:41","modified_gmt":"2008-12-03T14:10:41","slug":"que-es","status":"publish","type":"page","link":"https:\/\/blog.espol.edu.ec\/liderazgointegral\/que-es\/","title":{"rendered":"\u00bfQu\u00e9 es?"},"content":{"rendered":"<h3 style=\"text-align: justify\"><strong>ROMPIENDO PARADIGMAS PARA EL CAMBIO<br \/>\n<\/strong><\/h3>\n<p style=\"text-align: center\"><object width=\"425\" height=\"344\"><param name=\"allowFullScreen\" value=\"true\" \/><param name=\"allowscriptaccess\" value=\"always\" \/><param name=\"src\" value=\"http:\/\/www.youtube.com\/v\/2a6FcANZvKk&amp;hl=en&amp;fs=1\" \/><embed type=\"application\/x-shockwave-flash\" width=\"425\" height=\"344\" src=\"http:\/\/www.youtube.com\/v\/2a6FcANZvKk&amp;hl=en&amp;fs=1\"><\/embed><\/object><\/p>\n<p style=\"text-align: justify\">\n<p style=\"text-align: justify\">M\u00e1s de 150 polit\u00e9cnicos participaron en el IX Congreso de Universitarios Cat\u00f3licos el a\u00f1o pasado, cuyo tema central fue el Liderazgo Integral, y que reuni\u00f3 a m\u00e1s de 500 universitarios y profesionales de nuestra ciudad. Este a\u00f1o, profundizando sobre la tem\u00e1tica del Liderazgo Integral, el X Congreso tendr\u00e1 por lema \"Rompiendo Paradigmas para el Cambio\".<\/p>\n<p style=\"text-align: justify\">El verdadero cambio debe empezar por uno mismo para que pueda proyectarse en beneficio de los dem\u00e1s. Por ello, el Congreso busca ayudar a los participantes a identificar aquellos falsos paradigmas que limitan el desarrollo personal y social.<\/p>\n<h3 style=\"text-align: justify\"><strong>\u00bfQu\u00e9 son los PARADIGMAS personales y sociales?<\/strong><\/h3>\n<p style=\"text-align: justify\">Son aquellas creencias, experiencias y valores que influyen en la forma como las personas se perciben a s\u00ed mismas y como se aproximan a la realidad. El Congreso propondr\u00e1 algunos paradigmas personales basados en una visi\u00f3n integral del ser humano. Se analizar\u00e1n tambi\u00e9n, los paradigmas sociales que gu\u00edan nuestra proyecci\u00f3n profesional y en la sociedad, buscando plantear alternativas de cambio que sean eficaces.<\/p>\n<p style=\"text-align: justify\">\n<div id=\"attachment_2\" style=\"width: 223px\" class=\"wp-caption alignright\"><a href=\"http:\/\/blog.espol.edu.ec\/liderazgointegral\/files\/2008\/10\/afiche.jpg\" target=\"_blank\"><img loading=\"lazy\" decoding=\"async\" aria-describedby=\"caption-attachment-2\" class=\"size-medium wp-image-2\" style=\"border: 1px solid black;margin: 5px\" src=\"http:\/\/blog.espol.edu.ec\/liderazgointegral\/files\/2008\/10\/afiche-213x300.jpg\" alt=\"Rompiendo Paradigmas para el Cambio\" width=\"213\" height=\"300\" \/><\/a><p id=\"caption-attachment-2\" class=\"wp-caption-text\">Congreso de Liderazgo Integral<\/p><\/div>\n<h3 style=\"text-align: justify\"><strong>Detalles del Congreso<br \/>\n<\/strong><\/h3>\n<p><strong>Lugar: <\/strong>Centro de Convenciones de Guayaquil Sim\u00f3n Bol\u00edvar<\/p>\n<p><strong>Fecha: <\/strong>29 y 30 de Noviembre de 2008<\/p>\n<p><strong>Hora: <\/strong>9h00 a 13h30 - 14h30 a 17h30<\/p>\n<p><strong>Valor de la inversi\u00f3n: <\/strong>Universitarios $30.00 - Profesionales $40.00<\/p>\n<h3><strong>Mayor informaci\u00f3n e inscripciones:<\/strong><\/h3>\n<p>Giovanni Serrano - 097929948<\/p>\n<p>Carlos Briones - 099976556 - 088179490<\/p>\n<p>E-Mail: <a href=\"mailto:liderazgointegral@espol.edu.ec\" target=\"_blank\">liderazgointegral@espol.edu.ec<\/a><\/p>\n<p>*Indicar sus datos\u00a0<span class=\"152084322-29102007\">personales (<\/span><span class=\"152084322-29102007\">n<\/span>ombre<span class=\"152084322-29102007\">,\u00a0n\u00fam.<\/span> de matr\u00edcula<span class=\"152084322-29102007\">,\u00a0<span class=\"062230117-10112008\">facultad, carrera, <\/span>t<\/span>el\u00e9fono<span class=\"109213214-10112008\">, celular<\/span><span class=\"152084322-29102007\">,<\/span> <span class=\"152084322-29102007\">e-m<\/span>ail)<\/p>\n","protected":false},"excerpt":{"rendered":"<p>ROMPIENDO PARADIGMAS PARA EL CAMBIO M\u00e1s de 150 polit\u00e9cnicos participaron en el IX Congreso de Universitarios Cat\u00f3licos el a\u00f1o pasado, cuyo tema central fue el Liderazgo Integral, y que reuni\u00f3 a m\u00e1s de 500 universitarios y profesionales de nuestra ciudad. Este a\u00f1o, profundizando sobre la tem\u00e1tica del Liderazgo Integral, el X Congreso tendr\u00e1 por lema [&hellip;]<\/p>\n","protected":false},"author":418,"featured_media":0,"parent":0,"menu_order":1,"comment_status":"open","ping_status":"open","template":"","meta":{"footnotes":""},"class_list":["post-1","page","type-page","status-publish","hentry"],"_links":{"self":[{"href":"https:\/\/blog.espol.edu.ec\/liderazgointegral\/wp-json\/wp\/v2\/pages\/1","targetHints":{"allow":["GET"]}}],"collection":[{"href":"https:\/\/blog.espol.edu.ec\/liderazgointegral\/wp-json\/wp\/v2\/pages"}],"about":[{"href":"https:\/\/blog.espol.edu.ec\/liderazgointegral\/wp-json\/wp\/v2\/types\/page"}],"author":[{"embeddable":true,"href":"https:\/\/blog.espol.edu.ec\/liderazgointegral\/wp-json\/wp\/v2\/users\/418"}],"replies":[{"embeddable":true,"href":"https:\/\/blog.espol.edu.ec\/liderazgointegral\/wp-json\/wp\/v2\/comments?post=1"}],"version-history":[{"count":26,"href":"https:\/\/blog.espol.edu.ec\/liderazgointegral\/wp-json\/wp\/v2\/pages\/1\/revisions"}],"predecessor-version":[{"id":3,"href":"https:\/\/blog.espol.edu.ec\/liderazgointegral\/wp-json\/wp\/v2\/pages\/1\/revisions\/3"}],"wp:attachment":[{"href":"https:\/\/blog.espol.edu.ec\/liderazgointegral\/wp-json\/wp\/v2\/media?parent=1"}],"curies":[{"name":"wp","href":"https:\/\/api.w.org\/{rel}","templated":true}]}}