{"id":16,"date":"2008-11-07T10:47:09","date_gmt":"2008-11-07T17:47:09","guid":{"rendered":"http:\/\/blog.espol.edu.ec\/liderazgointegral\/?page_id=16"},"modified":"2008-11-07T14:00:09","modified_gmt":"2008-11-07T21:00:09","slug":"conferencistas-internacionales","status":"publish","type":"page","link":"https:\/\/blog.espol.edu.ec\/liderazgointegral\/conferencistas-internacionales\/","title":{"rendered":"Conferencistas Internacionales"},"content":{"rendered":"<h3><strong>MSc. Alfredo Draxl Garc\u00eda Rosell (Per\u00fa)<\/strong><\/h3>\n<ul>\n<li>M\u00e1ster en Gesti\u00f3n Directiva Acad\u00e9mica por el Centro Universitario Villanueva - Espa\u00f1a.<\/li>\n<li>Director fundador del Colegio San Pedro en Lima - Per\u00fa.<\/li>\n<li>Ha desarrollado diversos programas de investigaci\u00f3n y capacitaci\u00f3n a docentes y directivos en temas de desarrollo humano.<\/li>\n<\/ul>\n<h3><strong>MSc. Carlos Saravia Reyes (Costa Rica)<\/strong><\/h3>\n<ul>\n<li>M\u00e1ster en Administraci\u00f3n Educativa de la Universidad Latina - Costa Rica.<\/li>\n<li>Direcetor de Capacitaci\u00f3n y Consultor\u00eda de la Escuela Social Juan XXIII, ha desarrollado e implementado proyectos y procesos de mejora organizacional y humana.<\/li>\n<li>Actualmente es Director de Extensi\u00f3n profesional de la Universidad Juan Pablo II.<\/li>\n<\/ul>\n<h3><strong>Lcdo. Carlos Angulo C\u00f3rdova (Per\u00fa)<\/strong><\/h3>\n<ul>\n<li>Experto en Temas de Desarrollo Humano y Cambio Personal.<\/li>\n<li>Es Fil\u00f3sofo, Te\u00f3logo y Pedagogo por la Universidad Pontificia de Lima - Per\u00fa.<\/li>\n<li>Es miembro fundador del Instituto de Desarrollo Integral de la Persona.<\/li>\n<\/ul>\n","protected":false},"excerpt":{"rendered":"<p>MSc. Alfredo Draxl Garc\u00eda Rosell (Per\u00fa) M\u00e1ster en Gesti\u00f3n Directiva Acad\u00e9mica por el Centro Universitario Villanueva - Espa\u00f1a. Director fundador del Colegio San Pedro en Lima - Per\u00fa. Ha desarrollado diversos programas de investigaci\u00f3n y capacitaci\u00f3n a docentes y directivos en temas de desarrollo humano. MSc. Carlos Saravia Reyes (Costa Rica) M\u00e1ster en Administraci\u00f3n Educativa [&hellip;]<\/p>\n","protected":false},"author":418,"featured_media":0,"parent":0,"menu_order":3,"comment_status":"open","ping_status":"open","template":"","meta":{"footnotes":""},"class_list":["post-16","page","type-page","status-publish","hentry"],"_links":{"self":[{"href":"https:\/\/blog.espol.edu.ec\/liderazgointegral\/wp-json\/wp\/v2\/pages\/16","targetHints":{"allow":["GET"]}}],"collection":[{"href":"https:\/\/blog.espol.edu.ec\/liderazgointegral\/wp-json\/wp\/v2\/pages"}],"about":[{"href":"https:\/\/blog.espol.edu.ec\/liderazgointegral\/wp-json\/wp\/v2\/types\/page"}],"author":[{"embeddable":true,"href":"https:\/\/blog.espol.edu.ec\/liderazgointegral\/wp-json\/wp\/v2\/users\/418"}],"replies":[{"embeddable":true,"href":"https:\/\/blog.espol.edu.ec\/liderazgointegral\/wp-json\/wp\/v2\/comments?post=16"}],"version-history":[{"count":7,"href":"https:\/\/blog.espol.edu.ec\/liderazgointegral\/wp-json\/wp\/v2\/pages\/16\/revisions"}],"predecessor-version":[{"id":49,"href":"https:\/\/blog.espol.edu.ec\/liderazgointegral\/wp-json\/wp\/v2\/pages\/16\/revisions\/49"}],"wp:attachment":[{"href":"https:\/\/blog.espol.edu.ec\/liderazgointegral\/wp-json\/wp\/v2\/media?parent=16"}],"curies":[{"name":"wp","href":"https:\/\/api.w.org\/{rel}","templated":true}]}}

<h3><strong>MSc. Alfredo Draxl García Rosell (Perú)</strong></h3>
<ul>
<li>Máster en Gestión Directiva Académica por el Centro Universitario Villanueva - España.</li>
<li>Director fundador del Colegio San Pedro en Lima - Perú.</li>
<li>Ha desarrollado diversos programas de investigación y capacitación a docentes y directivos en temas de desarrollo humano.</li>
</ul>
<h3><strong>MSc. Carlos Saravia Reyes (Costa Rica)</strong></h3>
<ul>
<li>Máster en Administración Educativa de la Universidad Latina - Costa Rica.</li>
<li>Direcetor de Capacitación y Consultoría de la Escuela Social Juan XXIII, ha desarrollado e implementado proyectos y procesos de mejora organizacional y humana.</li>
<li>Actualmente es Director de Extensión profesional de la Universidad Juan Pablo II.</li>
</ul>
<h3><strong>Lcdo. Carlos Angulo Córdova (Perú)</strong></h3>
<ul>
<li>Experto en Temas de Desarrollo Humano y Cambio Personal.</li>
<li>Es Filósofo, Teólogo y Pedagogo por la Universidad Pontificia de Lima - Perú.</li>
<li>Es miembro fundador del Instituto de Desarrollo Integral de la Persona.</li>
</ul>

<p>MSc. Alfredo Draxl García Rosell (Perú) Máster en Gestión Directiva Académica por el Centro Universitario Villanueva - España. Director fundador del Colegio San Pedro en Lima - Perú. Ha desarrollado diversos programas de investigación y capacitación a docentes y directivos en temas de desarrollo humano. MSc. Carlos Saravia Reyes (Costa Rica) Máster en Administración Educativa [&hellip;]</p>
