{"id":21,"date":"2008-11-07T10:52:51","date_gmt":"2008-11-07T17:52:51","guid":{"rendered":"http:\/\/blog.espol.edu.ec\/liderazgointegral\/?page_id=21"},"modified":"2008-11-07T13:59:33","modified_gmt":"2008-11-07T20:59:33","slug":"conferencistas-nacionales","status":"publish","type":"page","link":"https:\/\/blog.espol.edu.ec\/liderazgointegral\/conferencistas-nacionales\/","title":{"rendered":"Conferencistas Nacionales"},"content":{"rendered":"<h3><strong>Dr. Nicol\u00e1s Parducci Sciacaluga<br \/>\n<\/strong><\/h3>\n<ul>\n<li>Abogado y Doctor en Jurisprudencia por la Universidad de Guayaquil.<\/li>\n<li>Docente de \u00c9tica y Comunicaci\u00f3n en la Maestr\u00eda de Comunicaci\u00f3n, de la Universidad Cat\u00f3lica de Santiago de Guayaquil.<\/li>\n<\/ul>\n<h3><strong>Ec. Rafael Lecaro Nath<\/strong><\/h3>\n<ul>\n<li>Asesor Empresarial de Comunicaci\u00f3n Externa e Interna.<\/li>\n<li>Profesor Asociado de la Universidad de Especialidades Esp\u00edritu Santo.<\/li>\n<\/ul>\n<h3><strong>Ing. Carlos Mu\u00f1oz Gallardo<\/strong><\/h3>\n<ul>\n<li>Presidente de la Fundaci\u00f3n Acci\u00f3n Solidaria.<\/li>\n<li>Miembro del Consejo Consultivo de Humane Consulting Group.<\/li>\n<li>Promotor del Instituto de Desarrollo Integral de la Persona.<\/li>\n<\/ul>\n<h3><strong>Psc. Carmen Ojeda Oquendo<\/strong><\/h3>\n<ul>\n<li>Psic\u00f3loga Cl\u00ednica por la Universidad de Guayaquil.<\/li>\n<li>Psicoterapeuta especialista en Terapia Familiar Sist\u00e9mica por la Escuela Vasco Navarra de Terapia Familiar.<\/li>\n<li>Jefa del Departamento de Psicolog\u00eda del Hospital Lorenzo Ponce.<\/li>\n<\/ul>\n<h3><strong>Dr. Mario Monteverde Rodr\u00edguez<\/strong><\/h3>\n<ul>\n<li>Doctor en Medicina y Cirug\u00eda por la Universidad Cat\u00f3lica de Santiago de Guayaquil y Diplomado en Bio\u00e9tica por la Pontificia Universidad Cat\u00f3lica de Chile.<\/li>\n<li>Profesor de \u00c9tica M\u00e9dica y Bio\u00e9tica, de la Universidad Cat\u00f3lica de Santiago de Guayaquil.<\/li>\n<\/ul>\n","protected":false},"excerpt":{"rendered":"<p>Dr. Nicol\u00e1s Parducci Sciacaluga Abogado y Doctor en Jurisprudencia por la Universidad de Guayaquil. Docente de \u00c9tica y Comunicaci\u00f3n en la Maestr\u00eda de Comunicaci\u00f3n, de la Universidad Cat\u00f3lica de Santiago de Guayaquil. Ec. Rafael Lecaro Nath Asesor Empresarial de Comunicaci\u00f3n Externa e Interna. Profesor Asociado de la Universidad de Especialidades Esp\u00edritu Santo. Ing. Carlos Mu\u00f1oz [&hellip;]<\/p>\n","protected":false},"author":418,"featured_media":0,"parent":0,"menu_order":4,"comment_status":"open","ping_status":"open","template":"","meta":{"footnotes":""},"class_list":["post-21","page","type-page","status-publish","hentry"],"_links":{"self":[{"href":"https:\/\/blog.espol.edu.ec\/liderazgointegral\/wp-json\/wp\/v2\/pages\/21","targetHints":{"allow":["GET"]}}],"collection":[{"href":"https:\/\/blog.espol.edu.ec\/liderazgointegral\/wp-json\/wp\/v2\/pages"}],"about":[{"href":"https:\/\/blog.espol.edu.ec\/liderazgointegral\/wp-json\/wp\/v2\/types\/page"}],"author":[{"embeddable":true,"href":"https:\/\/blog.espol.edu.ec\/liderazgointegral\/wp-json\/wp\/v2\/users\/418"}],"replies":[{"embeddable":true,"href":"https:\/\/blog.espol.edu.ec\/liderazgointegral\/wp-json\/wp\/v2\/comments?post=21"}],"version-history":[{"count":5,"href":"https:\/\/blog.espol.edu.ec\/liderazgointegral\/wp-json\/wp\/v2\/pages\/21\/revisions"}],"predecessor-version":[{"id":46,"href":"https:\/\/blog.espol.edu.ec\/liderazgointegral\/wp-json\/wp\/v2\/pages\/21\/revisions\/46"}],"wp:attachment":[{"href":"https:\/\/blog.espol.edu.ec\/liderazgointegral\/wp-json\/wp\/v2\/media?parent=21"}],"curies":[{"name":"wp","href":"https:\/\/api.w.org\/{rel}","templated":true}]}}

<h3><strong>Dr. Nicolás Parducci Sciacaluga<br />
</strong></h3>
<ul>
<li>Abogado y Doctor en Jurisprudencia por la Universidad de Guayaquil.</li>
<li>Docente de Ética y Comunicación en la Maestría de Comunicación, de la Universidad Católica de Santiago de Guayaquil.</li>
</ul>
<h3><strong>Ec. Rafael Lecaro Nath</strong></h3>
<ul>
<li>Asesor Empresarial de Comunicación Externa e Interna.</li>
<li>Profesor Asociado de la Universidad de Especialidades Espíritu Santo.</li>
</ul>
<h3><strong>Ing. Carlos Muñoz Gallardo</strong></h3>
<ul>
<li>Presidente de la Fundación Acción Solidaria.</li>
<li>Miembro del Consejo Consultivo de Humane Consulting Group.</li>
<li>Promotor del Instituto de Desarrollo Integral de la Persona.</li>
</ul>
<h3><strong>Psc. Carmen Ojeda Oquendo</strong></h3>
<ul>
<li>Psicóloga Clínica por la Universidad de Guayaquil.</li>
<li>Psicoterapeuta especialista en Terapia Familiar Sistémica por la Escuela Vasco Navarra de Terapia Familiar.</li>
<li>Jefa del Departamento de Psicología del Hospital Lorenzo Ponce.</li>
</ul>
<h3><strong>Dr. Mario Monteverde Rodríguez</strong></h3>
<ul>
<li>Doctor en Medicina y Cirugía por la Universidad Católica de Santiago de Guayaquil y Diplomado en Bioética por la Pontificia Universidad Católica de Chile.</li>
<li>Profesor de Ética Médica y Bioética, de la Universidad Católica de Santiago de Guayaquil.</li>
</ul>

<p>Dr. Nicolás Parducci Sciacaluga Abogado y Doctor en Jurisprudencia por la Universidad de Guayaquil. Docente de Ética y Comunicación en la Maestría de Comunicación, de la Universidad Católica de Santiago de Guayaquil. Ec. Rafael Lecaro Nath Asesor Empresarial de Comunicación Externa e Interna. Profesor Asociado de la Universidad de Especialidades Espíritu Santo. Ing. Carlos Muñoz [&hellip;]</p>
