{"id":31,"date":"2008-11-07T11:02:36","date_gmt":"2008-11-07T18:02:36","guid":{"rendered":"http:\/\/blog.espol.edu.ec\/liderazgointegral\/?page_id=31"},"modified":"2008-11-07T13:59:25","modified_gmt":"2008-11-07T20:59:25","slug":"organizadores","status":"publish","type":"page","link":"https:\/\/blog.espol.edu.ec\/liderazgointegral\/organizadores\/","title":{"rendered":"Organizadores"},"content":{"rendered":"<p>El X Congreso de Universitarios Cat\u00f3licos es organizado por el Instituto de Desarrollo Integral de la Persona (DIP) y el Movimiento de Vida Cristiana (MVC) con el objetivo de formar l\u00edderes comprometidos con un cambio personal con repercusiones en la sociedad.<\/p>\n<p>Despu\u00e9s de 9 a\u00f1os son m\u00e1s de cuatro mil universitarios ecuatorianos que han participado de este evento con muchos frutos en su vida personal y en proyectos concretos de transformaci\u00f3n social.<\/p>\n","protected":false},"excerpt":{"rendered":"<p>El X Congreso de Universitarios Cat\u00f3licos es organizado por el Instituto de Desarrollo Integral de la Persona (DIP) y el Movimiento de Vida Cristiana (MVC) con el objetivo de formar l\u00edderes comprometidos con un cambio personal con repercusiones en la sociedad. Despu\u00e9s de 9 a\u00f1os son m\u00e1s de cuatro mil universitarios ecuatorianos que han participado [&hellip;]<\/p>\n","protected":false},"author":418,"featured_media":0,"parent":0,"menu_order":5,"comment_status":"open","ping_status":"open","template":"","meta":{"footnotes":""},"class_list":["post-31","page","type-page","status-publish","hentry"],"_links":{"self":[{"href":"https:\/\/blog.espol.edu.ec\/liderazgointegral\/wp-json\/wp\/v2\/pages\/31","targetHints":{"allow":["GET"]}}],"collection":[{"href":"https:\/\/blog.espol.edu.ec\/liderazgointegral\/wp-json\/wp\/v2\/pages"}],"about":[{"href":"https:\/\/blog.espol.edu.ec\/liderazgointegral\/wp-json\/wp\/v2\/types\/page"}],"author":[{"embeddable":true,"href":"https:\/\/blog.espol.edu.ec\/liderazgointegral\/wp-json\/wp\/v2\/users\/418"}],"replies":[{"embeddable":true,"href":"https:\/\/blog.espol.edu.ec\/liderazgointegral\/wp-json\/wp\/v2\/comments?post=31"}],"version-history":[{"count":3,"href":"https:\/\/blog.espol.edu.ec\/liderazgointegral\/wp-json\/wp\/v2\/pages\/31\/revisions"}],"predecessor-version":[{"id":45,"href":"https:\/\/blog.espol.edu.ec\/liderazgointegral\/wp-json\/wp\/v2\/pages\/31\/revisions\/45"}],"wp:attachment":[{"href":"https:\/\/blog.espol.edu.ec\/liderazgointegral\/wp-json\/wp\/v2\/media?parent=31"}],"curies":[{"name":"wp","href":"https:\/\/api.w.org\/{rel}","templated":true}]}}

<p>El X Congreso de Universitarios Católicos es organizado por el Instituto de Desarrollo Integral de la Persona (DIP) y el Movimiento de Vida Cristiana (MVC) con el objetivo de formar líderes comprometidos con un cambio personal con repercusiones en la sociedad.</p>
<p>Después de 9 años son más de cuatro mil universitarios ecuatorianos que han participado de este evento con muchos frutos en su vida personal y en proyectos concretos de transformación social.</p>

<p>El X Congreso de Universitarios Católicos es organizado por el Instituto de Desarrollo Integral de la Persona (DIP) y el Movimiento de Vida Cristiana (MVC) con el objetivo de formar líderes comprometidos con un cambio personal con repercusiones en la sociedad. Después de 9 años son más de cuatro mil universitarios ecuatorianos que han participado [&hellip;]</p>
