{"id":64,"date":"2008-12-03T09:12:30","date_gmt":"2008-12-03T14:12:30","guid":{"rendered":"http:\/\/blog.espol.edu.ec\/liderazgointegral\/?page_id=64"},"modified":"2008-12-03T11:27:58","modified_gmt":"2008-12-03T16:27:58","slug":"actividades-proyectos","status":"publish","type":"page","link":"https:\/\/blog.espol.edu.ec\/liderazgointegral\/actividades-proyectos\/","title":{"rendered":"Actividades y Proyectos"},"content":{"rendered":"<h3><strong>ACTIVIDADES Y PROYECTOS POST CONGRESO<\/strong><\/h3>\n<p style=\"text-align: center\"><object width=\"425\" height=\"344\"><param name=\"allowFullScreen\" value=\"true\" \/><param name=\"src\" value=\"http:\/\/www.youtube.com\/v\/BKNn7uEbqXM&amp;color1=0xb1b1b1&amp;color2=0xcfcfcf&amp;hl=en&amp;feature=player_embedded&amp;fs=1\" \/><embed type=\"application\/x-shockwave-flash\" width=\"425\" height=\"344\" src=\"http:\/\/www.youtube.com\/v\/BKNn7uEbqXM&amp;color1=0xb1b1b1&amp;color2=0xcfcfcf&amp;hl=en&amp;feature=player_embedded&amp;fs=1\"><\/embed><\/object><\/p>\n<p style=\"text-align: justify\">\n<p style=\"text-align: justify\">Alrededor de <strong>150 polit\u00e9cnicos<\/strong> participaron en el X Congreso de Universitarios Cat\u00f3licos, cuyo lema fue \"Rompiendo Paradigmas para el Cambio\".<\/p>\n<p style=\"text-align: justify\">Como medios concretos para poner en pr\u00e1ctica los temas reflexionados, se propusieron actividades y proyectos como: Navidad es Jes\u00fas, Retiro Espiritual, Seamos Esperanza y Misiones.<\/p>\n<h3 style=\"text-align: justify\"><strong>Navidad es Jes\u00fas<\/strong><\/h3>\n<p style=\"text-align: justify\"><a href=\"http:\/\/blog.espol.edu.ec\/navidadesjesus\/\" target=\"_blank\"><img loading=\"lazy\" decoding=\"async\" class=\"size-medium wp-image-74 alignright\" src=\"http:\/\/blog.espol.edu.ec\/liderazgointegral\/files\/2008\/12\/logo-navidadesjesus-253x300.jpg\" alt=\"Navidad es Jes\u00fas\" width=\"121\" height=\"144\" \/><\/a>La campa\u00f1a <strong>Navidad es Jes\u00fas<\/strong> es un proyecto que llega a sectores pobres del Ecuador con el objetivo de rescatar en muchas familias el verdadero sentido de la Navidad y suministrarles lo necesario para que la celebraci\u00f3n de este nacimiento, se vea reflejada en una mesa en la que no falten alimentos.<\/p>\n<p style=\"text-align: justify\">En oportunidades previas, gracias a la solidaridad de muchas personas e instituciones, hemos logrado llegar a m\u00e1s de 10,000 familias; para este a\u00f1o nos hemos propuesto alcanzar la meta de 15,000 canastas solidarias. Son muchos los voluntarios que se unen a esta campa\u00f1a con el deseo de ser protagonistas de un cambio para los m\u00e1s necesitados.<\/p>\n<p style=\"text-align: justify\">En la <strong>ESPOL<\/strong>, tenemos la meta de armar <strong>1,000 canastas solidarias<\/strong>. Para m\u00e1s informaci\u00f3n visita: <strong><a href=\"http:\/\/blog.espol.edu.ec\/navidadesjesus\/\" target=\"_blank\">http:\/\/blog.espol.edu.ec\/navidadesjesus\/<\/a><\/strong><\/p>\n<h3 style=\"text-align: justify\"><strong>Retiro Espiritual<\/strong><\/h3>\n<p style=\"text-align: justify\"><img loading=\"lazy\" decoding=\"async\" class=\"alignright size-medium wp-image-75\" src=\"http:\/\/blog.espol.edu.ec\/liderazgointegral\/files\/2008\/12\/logo-retiro.jpg\" alt=\"Retiro Espiritual\" width=\"180\" height=\"94\" \/>En medio de las actividades del d\u00eda a d\u00eda, te proponemos este espacio \u00fanico en el que tendr\u00e1s la oportunidad de encontrarte con Dios y contigo mismo y redescubrir as\u00ed el sentido de tu esfuerzo y las prioridades de tu vida, para poder generar un cambio que repercuta en todos los \u00e1mbitos de tu vida personal: la familia, la universidad, el trabajo, la cultura y la sociedad. Tendremos un retiro a fines de febrero.<\/p>\n<h3 style=\"text-align: justify\"><strong>Seamos esperanza<\/strong><\/h3>\n<p style=\"text-align: justify\"><img loading=\"lazy\" decoding=\"async\" class=\"alignright size-medium wp-image-76\" src=\"http:\/\/blog.espol.edu.ec\/liderazgointegral\/files\/2008\/12\/logo-seamos-esperanza.jpg\" alt=\"Seamos Esperanza\" width=\"171\" height=\"89\" \/>El proyecto <strong>Seamos Esperanza<\/strong> surge a ra\u00edz de la campa\u00f1a de emergencia para atender alas necesidades b\u00e1sicas de las zonas afectadas por las inundaciones, llegando as\u00ed a 15,000 familias en muchos recintos de Daule y Samborond\u00f3n. En esta nueva etapa, buscamos profesionales y universitarios que pongan sus capacidades al servicio de 15 de estos recintos, desarrollando proyectos orientados al \u00e1rea de salud, educaci\u00f3n, desarrollo humano, vivienda, agricultura y microempresas que sean autosustentables.<\/p>\n<p style=\"text-align: justify\">El proyecto comenzar\u00e1 el s\u00e1bado 13 de diciembre con una entrega de canastas navide\u00f1as en dichos recintos.<\/p>\n<h3 style=\"text-align: justify\"><strong>Misiones<\/strong><\/h3>\n<p style=\"text-align: justify\"><img loading=\"lazy\" decoding=\"async\" class=\"alignright size-medium wp-image-73\" src=\"http:\/\/blog.espol.edu.ec\/liderazgointegral\/files\/2008\/12\/logo-misiones.jpg\" alt=\"Misiones\" width=\"167\" height=\"86\" \/><strong>Misiones<\/strong> consiste en llevar un mensaje de esperanza y alegr\u00eda a trav\u00e9s del anuncio del Se\u00f1or Jes\u00fas a personas de la sierra ecuatoriana muy necesitadas, en lugares en los que la asistencia de sacerdotes es muy espor\u00e1dica y que en muchos casos ni siquiera tienen una buena infraestructura. Durante las misiones se realizan talleres y actividades para ni\u00f1os, j\u00f3venes y adultos con los que se logra una cercan\u00eda muy profunda. Adem\u00e1s se conocen lugares con una naturaleza impresionante, lo que hace que sea una experiencia inolvidable.<\/p>\n<p style=\"text-align: justify\">Las misiones se realizar\u00e1n entre los meses de febrero y marzo, para ello se forman grupos de misioneros que se preparan para poder llevar este mensaje de alegr\u00eda y esperanza.<\/p>\n<p style=\"text-align: justify\">\n<p style=\"text-align: justify\"><strong>*Para mayor informaci\u00f3n de proyectos y actividades llamar al: 2240324 - 2245123<\/strong><\/p>\n<p style=\"text-align: justify\">\n","protected":false},"excerpt":{"rendered":"<p>ACTIVIDADES Y PROYECTOS POST CONGRESO Alrededor de 150 polit\u00e9cnicos participaron en el X Congreso de Universitarios Cat\u00f3licos, cuyo lema fue \"Rompiendo Paradigmas para el Cambio\". Como medios concretos para poner en pr\u00e1ctica los temas reflexionados, se propusieron actividades y proyectos como: Navidad es Jes\u00fas, Retiro Espiritual, Seamos Esperanza y Misiones. Navidad es Jes\u00fas La campa\u00f1a [&hellip;]<\/p>\n","protected":false},"author":418,"featured_media":0,"parent":0,"menu_order":6,"comment_status":"open","ping_status":"open","template":"","meta":{"footnotes":""},"class_list":["post-64","page","type-page","status-publish","hentry"],"_links":{"self":[{"href":"https:\/\/blog.espol.edu.ec\/liderazgointegral\/wp-json\/wp\/v2\/pages\/64","targetHints":{"allow":["GET"]}}],"collection":[{"href":"https:\/\/blog.espol.edu.ec\/liderazgointegral\/wp-json\/wp\/v2\/pages"}],"about":[{"href":"https:\/\/blog.espol.edu.ec\/liderazgointegral\/wp-json\/wp\/v2\/types\/page"}],"author":[{"embeddable":true,"href":"https:\/\/blog.espol.edu.ec\/liderazgointegral\/wp-json\/wp\/v2\/users\/418"}],"replies":[{"embeddable":true,"href":"https:\/\/blog.espol.edu.ec\/liderazgointegral\/wp-json\/wp\/v2\/comments?post=64"}],"version-history":[{"count":14,"href":"https:\/\/blog.espol.edu.ec\/liderazgointegral\/wp-json\/wp\/v2\/pages\/64\/revisions"}],"predecessor-version":[{"id":68,"href":"https:\/\/blog.espol.edu.ec\/liderazgointegral\/wp-json\/wp\/v2\/pages\/64\/revisions\/68"}],"wp:attachment":[{"href":"https:\/\/blog.espol.edu.ec\/liderazgointegral\/wp-json\/wp\/v2\/media?parent=64"}],"curies":[{"name":"wp","href":"https:\/\/api.w.org\/{rel}","templated":true}]}}

<h3><strong>ACTIVIDADES Y PROYECTOS POST CONGRESO</strong></h3>
<p style="text-align: center"><object width="425" height="344"><param name="allowFullScreen" value="true" /><param name="src" value="http://www.youtube.com/v/BKNn7uEbqXM&amp;color1=0xb1b1b1&amp;color2=0xcfcfcf&amp;hl=en&amp;feature=player_embedded&amp;fs=1" /><embed type="application/x-shockwave-flash" width="425" height="344" src="http://www.youtube.com/v/BKNn7uEbqXM&amp;color1=0xb1b1b1&amp;color2=0xcfcfcf&amp;hl=en&amp;feature=player_embedded&amp;fs=1"></embed></object></p>
<p style="text-align: justify">
<p style="text-align: justify">Alrededor de <strong>150 politécnicos</strong> participaron en el X Congreso de Universitarios Católicos, cuyo lema fue "Rompiendo Paradigmas para el Cambio".</p>
<p style="text-align: justify">Como medios concretos para poner en práctica los temas reflexionados, se propusieron actividades y proyectos como: Navidad es Jesús, Retiro Espiritual, Seamos Esperanza y Misiones.</p>
<h3 style="text-align: justify"><strong>Navidad es Jesús</strong></h3>
<p style="text-align: justify"><a href="http://blog.espol.edu.ec/navidadesjesus/" target="_blank"><img loading="lazy" decoding="async" class="size-medium wp-image-74 alignright" src="http://blog.espol.edu.ec/liderazgointegral/files/2008/12/logo-navidadesjesus-253x300.jpg" alt="Navidad es Jesús" width="121" height="144" /></a>La campaña <strong>Navidad es Jesús</strong> es un proyecto que llega a sectores pobres del Ecuador con el objetivo de rescatar en muchas familias el verdadero sentido de la Navidad y suministrarles lo necesario para que la celebración de este nacimiento, se vea reflejada en una mesa en la que no falten alimentos.</p>
<p style="text-align: justify">En oportunidades previas, gracias a la solidaridad de muchas personas e instituciones, hemos logrado llegar a más de 10,000 familias; para este año nos hemos propuesto alcanzar la meta de 15,000 canastas solidarias. Son muchos los voluntarios que se unen a esta campaña con el deseo de ser protagonistas de un cambio para los más necesitados.</p>
<p style="text-align: justify">En la <strong>ESPOL</strong>, tenemos la meta de armar <strong>1,000 canastas solidarias</strong>. Para más información visita: <strong><a href="http://blog.espol.edu.ec/navidadesjesus/" target="_blank">http://blog.espol.edu.ec/navidadesjesus/</a></strong></p>
<h3 style="text-align: justify"><strong>Retiro Espiritual</strong></h3>
<p style="text-align: justify"><img loading="lazy" decoding="async" class="alignright size-medium wp-image-75" src="http://blog.espol.edu.ec/liderazgointegral/files/2008/12/logo-retiro.jpg" alt="Retiro Espiritual" width="180" height="94" />En medio de las actividades del día a día, te proponemos este espacio único en el que tendrás la oportunidad de encontrarte con Dios y contigo mismo y redescubrir así el sentido de tu esfuerzo y las prioridades de tu vida, para poder generar un cambio que repercuta en todos los ámbitos de tu vida personal: la familia, la universidad, el trabajo, la cultura y la sociedad. Tendremos un retiro a fines de febrero.</p>
<h3 style="text-align: justify"><strong>Seamos esperanza</strong></h3>
<p style="text-align: justify"><img loading="lazy" decoding="async" class="alignright size-medium wp-image-76" src="http://blog.espol.edu.ec/liderazgointegral/files/2008/12/logo-seamos-esperanza.jpg" alt="Seamos Esperanza" width="171" height="89" />El proyecto <strong>Seamos Esperanza</strong> surge a raíz de la campaña de emergencia para atender alas necesidades básicas de las zonas afectadas por las inundaciones, llegando así a 15,000 familias en muchos recintos de Daule y Samborondón. En esta nueva etapa, buscamos profesionales y universitarios que pongan sus capacidades al servicio de 15 de estos recintos, desarrollando proyectos orientados al área de salud, educación, desarrollo humano, vivienda, agricultura y microempresas que sean autosustentables.</p>
<p style="text-align: justify">El proyecto comenzará el sábado 13 de diciembre con una entrega de canastas navideñas en dichos recintos.</p>
<h3 style="text-align: justify"><strong>Misiones</strong></h3>
<p style="text-align: justify"><img loading="lazy" decoding="async" class="alignright size-medium wp-image-73" src="http://blog.espol.edu.ec/liderazgointegral/files/2008/12/logo-misiones.jpg" alt="Misiones" width="167" height="86" /><strong>Misiones</strong> consiste en llevar un mensaje de esperanza y alegría a través del anuncio del Señor Jesús a personas de la sierra ecuatoriana muy necesitadas, en lugares en los que la asistencia de sacerdotes es muy esporádica y que en muchos casos ni siquiera tienen una buena infraestructura. Durante las misiones se realizan talleres y actividades para niños, jóvenes y adultos con los que se logra una cercanía muy profunda. Además se conocen lugares con una naturaleza impresionante, lo que hace que sea una experiencia inolvidable.</p>
<p style="text-align: justify">Las misiones se realizarán entre los meses de febrero y marzo, para ello se forman grupos de misioneros que se preparan para poder llevar este mensaje de alegría y esperanza.</p>
<p style="text-align: justify">
<p style="text-align: justify"><strong>*Para mayor información de proyectos y actividades llamar al: 2240324 - 2245123</strong></p>
<p style="text-align: justify">

<p>ACTIVIDADES Y PROYECTOS POST CONGRESO Alrededor de 150 politécnicos participaron en el X Congreso de Universitarios Católicos, cuyo lema fue "Rompiendo Paradigmas para el Cambio". Como medios concretos para poner en práctica los temas reflexionados, se propusieron actividades y proyectos como: Navidad es Jesús, Retiro Espiritual, Seamos Esperanza y Misiones. Navidad es Jesús La campaña [&hellip;]</p>
