{"id":89,"date":"2009-08-08T19:07:10","date_gmt":"2009-08-08T23:07:10","guid":{"rendered":"http:\/\/blog.espol.edu.ec\/linaleon\/?page_id=89"},"modified":"2009-08-29T20:48:02","modified_gmt":"2009-08-30T00:48:02","slug":"problemas-alimenticios","status":"publish","type":"page","link":"https:\/\/blog.espol.edu.ec\/linaleon\/problemas-alimenticios\/","title":{"rendered":"Problemas Alimenticios"},"content":{"rendered":"<p>En la actualidad se habla mucho del desorden alimenticio que sufren muchas j\u00f3venes, gran parte de esto se debe al bombardeo de los medios por presentarnos un estereotipo de\u00a0 mujer modelo.<\/p>\n<p>A continuaci\u00f3n hablar\u00e9 un poco m\u00e1s de esto.<\/p>\n<h2 style=\"text-align: center\">&gt;&gt;AUTOESTIMA&lt;&lt;<\/h2>\n<p>Aunque muchas personas no lo noten la principal causa de este problema es la baja autoestima, pero \u00bfQu\u00e9 significa tener alta autoestima?<\/p>\n<p>La Autoestima es el amor por uno mismo, es aceptarse con sus defectos y virtudes,\u00a0 tener un concepto claro de qui\u00e9nes somos y cu\u00e1nto valemos y NO PERMITIR QUE NOS AFECTE LA OPINI\u00d3N DE LOS DEM\u00c1S. Es un conjunto de necesidades, tales como:<\/p>\n<ul>\n<li>Seguridad<\/li>\n<li>Ser amado y aceptado<\/li>\n<li>Pertenecer a un grupo<\/li>\n<li>Reconocimiento, aprobaci\u00f3n<\/li>\n<\/ul>\n<p><a href=\"http:\/\/blog.espol.edu.ec\/linaleon\/files\/2009\/08\/images.jpg\"><img loading=\"lazy\" decoding=\"async\" class=\"aligncenter size-full wp-image-94\" src=\"http:\/\/blog.espol.edu.ec\/linaleon\/files\/2009\/08\/images.jpg\" alt=\"autoestima\" width=\"94\" height=\"131\" \/><\/a><\/p>\n<p>El modo en que nos sentimos con nosotros mismos afecta de manera decisiva a todos lo s aspectos de nuestra vida: estudios, trabajo, relaciones familiares e interpersonales.<\/p>\n<p>Tener alta autoestima\u00a0 significa que nos respetamos , valoramos, nos sentimos seguros, capaces, confiados\u00a0y\u00a0con sentido de pertenencia. Nos convierte en personas motivadas y productivas.<\/p>\n<p>El tener la autoestima baja trae consigo algunas terribles consecuencias como depresi\u00f3n, aislamiento y algunas m\u00e1s peligrosas como los des\u00f3rdenes alimenticios<\/p>\n<h2 style=\"text-align: center\">&gt;&gt;El Principio :(&lt;&lt;<!-- by linaleon --><\/h2>\n<div class=\"entry\">\n<p>Los des\u00f3rdenes alimenticios son comunes en una cultura obsesionada con la comida r\u00e1pida, dieta y la imagen corporal. La insatisfacci\u00f3n con el cuerpo y las dietas usualmente llevan a conductas alimenticias peligrosas y poco sanas. Algunas veces, estos patrones alimenticios pueden convertirse en des\u00f3rdenes de la alimentaci\u00f3n.[1]<\/p>\n<p>Los m\u00e1s comunes son la anorexia y la bulimia.<\/p>\n<p><a href=\"http:\/\/blog.espol.edu.ec\/linaleon\/files\/2009\/08\/3.jpg\"><img loading=\"lazy\" decoding=\"async\" class=\"aligncenter size-full wp-image-104\" src=\"http:\/\/blog.espol.edu.ec\/linaleon\/files\/2009\/08\/3.jpg\" alt=\"Anorexia\" width=\"114\" height=\"118\" \/><\/a><\/p>\n<p><a href=\"http:\/\/blog.espol.edu.ec\/linaleon\/files\/2009\/08\/sim.jpg\"><img loading=\"lazy\" decoding=\"async\" class=\"aligncenter size-full wp-image-105\" src=\"http:\/\/blog.espol.edu.ec\/linaleon\/files\/2009\/08\/sim.jpg\" alt=\"comer excesivamente\" width=\"130\" height=\"124\" \/><\/a><\/div>\n<h2 style=\"text-align: center\">&gt;&gt;LA AnOrExIa&lt;&lt;<!-- by linaleon --><\/h2>\n<div class=\"entry\">\n<p>Es un desorden alimenticio por el que una persona empieza\u00a0 a dejar de comer.\u00a0 Las chicas que sufren de anorexia nunca se ven delgadas (as\u00ed lo est\u00e9n) y esto las lleva a sentirse frustradas y deprimidas. Una anor\u00e9xica puede pasar d\u00edas sin probar bocado con tal de bajar de peso.<\/p>\n<p><a href=\"http:\/\/blog.espol.edu.ec\/linaleon\/files\/2009\/08\/images1.jpg\"><img loading=\"lazy\" decoding=\"async\" class=\"aligncenter size-full wp-image-111\" src=\"http:\/\/blog.espol.edu.ec\/linaleon\/files\/2009\/08\/images1.jpg\" alt=\"Estoy Gorda!\" width=\"89\" height=\"119\" \/><\/a><\/p>\n<p><a href=\"http:\/\/blog.espol.edu.ec\/linaleon\/files\/2009\/08\/nooo.jpg\"><img loading=\"lazy\" decoding=\"async\" class=\"aligncenter size-full wp-image-112\" src=\"http:\/\/blog.espol.edu.ec\/linaleon\/files\/2009\/08\/nooo.jpg\" alt=\"Depesi\u00f3n\" width=\"89\" height=\"122\" \/><\/a><\/p>\n<p>La anorexia afecta mayormente a mujeres j\u00f3venes. Las ni\u00f1as con anorexia no comen lo suficiente para mantener sus cuerpos trabajando apropiadamente. Las anor\u00e9xicas pierden mucho peso por lo que se vuelven d\u00e9biles y poco sanas debido a una dieta pobre. Usualmente, la gente con anorexia ejercita mucho tratando de quemar calor\u00edas. Se \u201csienten gordas\u201d a pesar de estar perdiendo peso. As\u00ed mismo, la anorexia tiene muchos aspectos emocionales y psicol\u00f3gicos como baja autoestima. La gente con anorexia se convence a s\u00ed misma y a los que las rodean de que no tienen hambre.<\/p>\n<p><a href=\"http:\/\/blog.espol.edu.ec\/linaleon\/files\/2009\/08\/an2.jpg\"><img loading=\"lazy\" decoding=\"async\" class=\"aligncenter size-full wp-image-110\" src=\"http:\/\/blog.espol.edu.ec\/linaleon\/files\/2009\/08\/an2.jpg\" alt=\"Anor\u00e9xica\" width=\"90\" height=\"130\" \/><\/a><\/p>\n<p>Las ni\u00f1as con anorexia pueden tener mareos, problemas card\u00edacos, presi\u00f3n arterial baja, temperatura corporal baja, y desmayos. La anorexia causa que el cabello y las u\u00f1as se vuelvan fr\u00e1giles y que ocurra una gran p\u00e9rdida del cabello. Otros s\u00edntomas de anorexia son piel seca, deshidrataci\u00f3n.\u00a0 Puede dar por resultado un crecimiento interrumpido o retardado. La anorexia puede causar que cesen los per\u00edodos menstruales ya que no existe suficiente estr\u00f3geno para mantener la funci\u00f3n normal del cuerpo.[1]<\/p>\n<p><a href=\"http:\/\/blog.espol.edu.ec\/linaleon\/files\/2009\/08\/be.jpg\"><img loading=\"lazy\" decoding=\"async\" class=\"aligncenter size-full wp-image-113\" src=\"http:\/\/blog.espol.edu.ec\/linaleon\/files\/2009\/08\/be.jpg\" alt=\"P\u00e9rdida de cabello\" width=\"129\" height=\"84\" \/><\/a><\/div>\n<h2 style=\"text-align: center\">&gt;&gt;BuLiMia<span style=\"font-size: x-small\">&lt;&lt;\u00a0<!-- by linaleon --><\/span><\/h2>\n<div class=\"entry\">\n<p>La Bulimia lleva a una persona a comer desmedidamente, para luego vomitar, a\u00fan cuando no tengan hambre y sienten que no pueden controlarlo. La bulimia hace que la gente desee deshacerse de las calor\u00edas y comida que ha ingerido a trav\u00e9s del v\u00f3mito o del ejercicio.<\/p>\n<p><a href=\"http:\/\/blog.espol.edu.ec\/linaleon\/files\/2009\/08\/buuu.jpg\"><img loading=\"lazy\" decoding=\"async\" class=\"aligncenter size-full wp-image-121\" src=\"http:\/\/blog.espol.edu.ec\/linaleon\/files\/2009\/08\/buuu.jpg\" alt=\"vomitar\" width=\"130\" height=\"87\" \/><\/a><\/p>\n<p>La gente con bulimia usualmente siente que no tiene control sobre lo que comen; tienden a comer en privado y esconden lo que comen de los dem\u00e1s o comen hasta que se sienten inc\u00f3modos y exhaustos. Una joven bul\u00edmica\u00a0 llega a sentir verg\u00fcenza por su ansiedad\u00a0de comer, lo que provoca en ella un aislamiento.<\/p>\n<p><img loading=\"lazy\" decoding=\"async\" class=\"aligncenter size-full wp-image-119\" src=\"http:\/\/blog.espol.edu.ec\/linaleon\/files\/2009\/08\/bulimia.jpg\" alt=\"bulimia\" width=\"104\" height=\"131\" \/><\/p>\n<p>La bulimia es dif\u00edcil de detectar con tan solo ver a la persona, ya que los problemas de salud no son tan obvios como en la anorexia. Por ejemplo, alguien puede tener un peso normal, pero a\u00fan as\u00ed tener bulimia.\u00a0 Sin embargo, la bulimia tambi\u00e9n es una enfermedad muy seria. Puede causar da\u00f1o permanente a los dientes, intestinos, est\u00f3mago, coraz\u00f3n, nervios y metabolismo.[2]<\/p>\n<p><a href=\"http:\/\/blog.espol.edu.ec\/linaleon\/files\/2009\/08\/edfectos.jpg\"><img loading=\"lazy\" decoding=\"async\" class=\"aligncenter size-full wp-image-120\" src=\"http:\/\/blog.espol.edu.ec\/linaleon\/files\/2009\/08\/edfectos.jpg\" alt=\"consecuencias de la bulimia\" width=\"76\" height=\"143\" \/><\/a><\/div>\n<h2 style=\"text-align: center\">&gt;&gt;\u00bfTendr\u00e9 alg\u00fan trastorno alimenticio?&lt;&lt;<!-- by linaleon --><\/h2>\n<div class=\"entry\">\n<p>A continuaci\u00f3n un test para identificarlo:<\/p>\n<ol>\n<li>\u00bfLe importa demasido lo que los dem\u00e1s digan de su f\u00edsico?<\/li>\n<li>\u00bfSe preocupa demasiado por como se ve?<\/li>\n<li>\u00bfHace dietas estrictas?<\/li>\n<li>\u00bfHace ejercicio de manera compulsiva?<\/li>\n<li>\u00bfDuerme poco?<\/li>\n<li>\u00bfSiempre dice que ya comi\u00f3 cuando no\u00a0 ha comido?<\/li>\n<li>\u00bfSi come lo hace compulsivamente?<\/li>\n<li>\u00bfCasi no sale y se deprime con facilidad?<\/li>\n<li>\u00bfSe siente con sobrepeso todo el tiempo?<\/li>\n<li>\u00bfSe obliga a vomitar porque se siente inc\u00f3modamente llena?<\/li>\n<li>\u00bfSe preocupa por haber perdido el control sobre cu\u00e1nto come?<\/li>\n<li>\u00bfSe ve usted gorda cuando los dem\u00e1s les dicen lo contrario?<\/li>\n<\/ol>\n<p>Si su respuesta fue s\u00ed a la mayor parte de las preguntas le aconsejo visitar el siguiente link<\/p>\n<p><a title=\"Centro de Salud para mujeres j\u00f3venes\" href=\"http:\/\/www.youngwomenshealth.org\" target=\"_blank\">www.youngwomenshealth.org<\/a><\/p>\n<h2 style=\"text-align: center\">&gt;&gt;\u00a1Formemos parte de la soluci\u00f3n!&lt;&lt;<!-- by linaleon --><\/h2>\n<div class=\"entry\">\n<p>Si bien es cierto solucionar estos trastornos no es muy sencillo, se requiere de mucha ayuda psicol\u00f3gica y sobretodo apoyo familiar.<\/p>\n<p>Pero podemos contribuir a que la soluci\u00f3n est\u00e9 cada vez m\u00e1s cerca.<\/p>\n<p>He aqu\u00ed unos tips:<\/p>\n<ul>\n<li>Cuando te mires al espejo mira solo\u00a0lo que te gusta de tu cuerpo, no centres tu atenci\u00f3n en tus defectos.<\/li>\n<li>No te compares con nadie !todas somos \u00fanicas y diferentes!<\/li>\n<li>Pi\u00e9nsalo dos veces antes de criticar el cuerpo de alguien.<\/li>\n<li>A la moda.. \u00a1pero siempre c\u00f3moda!<\/li>\n<li>Recuerda casi todas las modelos de las revistas tienen \u201cayuda\u201d digital.<\/li>\n<li>Cuando describas a una persona hazlo siempre por su personalidad m\u00e1s no por como se ve.<\/li>\n<li>Date cuenta que nadie es perfecto\u2026 \u00a1la perfecci\u00f3n no existe!<\/li>\n<li>Recuerda siempre que cualquier problema que tengas no se va a quedar eternamente en tu vida.<\/li>\n<li>Y sobretodo aprende a valorar tu verdadera belleza, esa que viene de adentro.<\/li>\n<\/ul>\n<p><a href=\"http:\/\/blog.espol.edu.ec\/linaleon\/files\/2009\/08\/amor.jpg\"><img loading=\"lazy\" decoding=\"async\" class=\"aligncenter size-full wp-image-134\" src=\"http:\/\/blog.espol.edu.ec\/linaleon\/files\/2009\/08\/amor.jpg\" alt=\"Quererse!\" width=\"130\" height=\"120\" \/><\/a><\/p>\n<p style=\"text-align: left\"><strong>&gt;&gt;*REFERENCIAS BIBLIOGR\u00c1FICAS*&lt;&lt;<\/strong><\/p>\n<ol>\n<li>\n<p style=\"text-align: left\">CENTRO DE SALUD PARA MUJERES J\u00d3VENES (2001), \"Informaci\u00f3n acerca de des\u00f3rdenes de la alimentaci\u00f3n\", Obtenido el 8 de agosto de 2009, desde: http:\/\/www.youngwomenshealth.org\/speating_disorders.html, Guayaquil - Ecuador.<\/p>\n<\/li>\n<li>WIKIPEDIA (2009), \"Des\u00f3rdenes Alimenticios\", Obtenido el 8 de agosto de 2009, desde: http:\/\/es.wikipedia.org\/wiki\/Des%C3%B3rdenes_alimenticios, Guayaquil - Ecuador.<\/li>\n<\/ol>\n<\/div>\n<\/div>\n","protected":false},"excerpt":{"rendered":"<p>En la actualidad se habla mucho del desorden alimenticio que sufren muchas j\u00f3venes, gran parte de esto se debe al bombardeo de los medios por presentarnos un estereotipo de\u00a0 mujer modelo. A continuaci\u00f3n hablar\u00e9 un poco m\u00e1s de esto. &gt;&gt;AUTOESTIMA&lt;&lt; Aunque muchas personas no lo noten la principal causa de este problema es la baja [&hellip;]<\/p>\n","protected":false},"author":1698,"featured_media":0,"parent":0,"menu_order":1,"comment_status":"open","ping_status":"open","template":"","meta":{"footnotes":""},"class_list":["post-89","page","type-page","status-publish","hentry"],"_links":{"self":[{"href":"https:\/\/blog.espol.edu.ec\/linaleon\/wp-json\/wp\/v2\/pages\/89","targetHints":{"allow":["GET"]}}],"collection":[{"href":"https:\/\/blog.espol.edu.ec\/linaleon\/wp-json\/wp\/v2\/pages"}],"about":[{"href":"https:\/\/blog.espol.edu.ec\/linaleon\/wp-json\/wp\/v2\/types\/page"}],"author":[{"embeddable":true,"href":"https:\/\/blog.espol.edu.ec\/linaleon\/wp-json\/wp\/v2\/users\/1698"}],"replies":[{"embeddable":true,"href":"https:\/\/blog.espol.edu.ec\/linaleon\/wp-json\/wp\/v2\/comments?post=89"}],"version-history":[{"count":9,"href":"https:\/\/blog.espol.edu.ec\/linaleon\/wp-json\/wp\/v2\/pages\/89\/revisions"}],"predecessor-version":[{"id":92,"href":"https:\/\/blog.espol.edu.ec\/linaleon\/wp-json\/wp\/v2\/pages\/89\/revisions\/92"}],"wp:attachment":[{"href":"https:\/\/blog.espol.edu.ec\/linaleon\/wp-json\/wp\/v2\/media?parent=89"}],"curies":[{"name":"wp","href":"https:\/\/api.w.org\/{rel}","templated":true}]}}

<p>En la actualidad se habla mucho del desorden alimenticio que sufren muchas jóvenes, gran parte de esto se debe al bombardeo de los medios por presentarnos un estereotipo de  mujer modelo.</p>
<p>A continuación hablaré un poco más de esto.</p>
<h2 style="text-align: center">&gt;&gt;AUTOESTIMA&lt;&lt;</h2>
<p>Aunque muchas personas no lo noten la principal causa de este problema es la baja autoestima, pero ¿Qué significa tener alta autoestima?</p>
<p>La Autoestima es el amor por uno mismo, es aceptarse con sus defectos y virtudes,  tener un concepto claro de quiénes somos y cuánto valemos y NO PERMITIR QUE NOS AFECTE LA OPINIÓN DE LOS DEMÁS. Es un conjunto de necesidades, tales como:</p>
<ul>
<li>Seguridad</li>
<li>Ser amado y aceptado</li>
<li>Pertenecer a un grupo</li>
<li>Reconocimiento, aprobación</li>
</ul>
<p><a href="http://blog.espol.edu.ec/linaleon/files/2009/08/images.jpg"><img loading="lazy" decoding="async" class="aligncenter size-full wp-image-94" src="http://blog.espol.edu.ec/linaleon/files/2009/08/images.jpg" alt="autoestima" width="94" height="131" /></a></p>
<p>El modo en que nos sentimos con nosotros mismos afecta de manera decisiva a todos lo s aspectos de nuestra vida: estudios, trabajo, relaciones familiares e interpersonales.</p>
<p>Tener alta autoestima  significa que nos respetamos , valoramos, nos sentimos seguros, capaces, confiados y con sentido de pertenencia. Nos convierte en personas motivadas y productivas.</p>
<p>El tener la autoestima baja trae consigo algunas terribles consecuencias como depresión, aislamiento y algunas más peligrosas como los desórdenes alimenticios</p>
<h2 style="text-align: center">&gt;&gt;El Principio :(&lt;&lt;<!-- by linaleon --></h2>
<div class="entry">
<p>Los desórdenes alimenticios son comunes en una cultura obsesionada con la comida rápida, dieta y la imagen corporal. La insatisfacción con el cuerpo y las dietas usualmente llevan a conductas alimenticias peligrosas y poco sanas. Algunas veces, estos patrones alimenticios pueden convertirse en desórdenes de la alimentación.[1]</p>
<p>Los más comunes son la anorexia y la bulimia.</p>
<p><a href="http://blog.espol.edu.ec/linaleon/files/2009/08/3.jpg"><img loading="lazy" decoding="async" class="aligncenter size-full wp-image-104" src="http://blog.espol.edu.ec/linaleon/files/2009/08/3.jpg" alt="Anorexia" width="114" height="118" /></a></p>
<p><a href="http://blog.espol.edu.ec/linaleon/files/2009/08/sim.jpg"><img loading="lazy" decoding="async" class="aligncenter size-full wp-image-105" src="http://blog.espol.edu.ec/linaleon/files/2009/08/sim.jpg" alt="comer excesivamente" width="130" height="124" /></a></div>
<h2 style="text-align: center">&gt;&gt;LA AnOrExIa&lt;&lt;<!-- by linaleon --></h2>
<div class="entry">
<p>Es un desorden alimenticio por el que una persona empieza  a dejar de comer.  Las chicas que sufren de anorexia nunca se ven delgadas (así lo estén) y esto las lleva a sentirse frustradas y deprimidas. Una anoréxica puede pasar días sin probar bocado con tal de bajar de peso.</p>
<p><a href="http://blog.espol.edu.ec/linaleon/files/2009/08/images1.jpg"><img loading="lazy" decoding="async" class="aligncenter size-full wp-image-111" src="http://blog.espol.edu.ec/linaleon/files/2009/08/images1.jpg" alt="Estoy Gorda!" width="89" height="119" /></a></p>
<p><a href="http://blog.espol.edu.ec/linaleon/files/2009/08/nooo.jpg"><img loading="lazy" decoding="async" class="aligncenter size-full wp-image-112" src="http://blog.espol.edu.ec/linaleon/files/2009/08/nooo.jpg" alt="Depesión" width="89" height="122" /></a></p>
<p>La anorexia afecta mayormente a mujeres jóvenes. Las niñas con anorexia no comen lo suficiente para mantener sus cuerpos trabajando apropiadamente. Las anoréxicas pierden mucho peso por lo que se vuelven débiles y poco sanas debido a una dieta pobre. Usualmente, la gente con anorexia ejercita mucho tratando de quemar calorías. Se “sienten gordas” a pesar de estar perdiendo peso. Así mismo, la anorexia tiene muchos aspectos emocionales y psicológicos como baja autoestima. La gente con anorexia se convence a sí misma y a los que las rodean de que no tienen hambre.</p>
<p><a href="http://blog.espol.edu.ec/linaleon/files/2009/08/an2.jpg"><img loading="lazy" decoding="async" class="aligncenter size-full wp-image-110" src="http://blog.espol.edu.ec/linaleon/files/2009/08/an2.jpg" alt="Anoréxica" width="90" height="130" /></a></p>
<p>Las niñas con anorexia pueden tener mareos, problemas cardíacos, presión arterial baja, temperatura corporal baja, y desmayos. La anorexia causa que el cabello y las uñas se vuelvan frágiles y que ocurra una gran pérdida del cabello. Otros síntomas de anorexia son piel seca, deshidratación.  Puede dar por resultado un crecimiento interrumpido o retardado. La anorexia puede causar que cesen los períodos menstruales ya que no existe suficiente estrógeno para mantener la función normal del cuerpo.[1]</p>
<p><a href="http://blog.espol.edu.ec/linaleon/files/2009/08/be.jpg"><img loading="lazy" decoding="async" class="aligncenter size-full wp-image-113" src="http://blog.espol.edu.ec/linaleon/files/2009/08/be.jpg" alt="Pérdida de cabello" width="129" height="84" /></a></div>
<h2 style="text-align: center">&gt;&gt;BuLiMia<span style="font-size: x-small">&lt;&lt; <!-- by linaleon --></span></h2>
<div class="entry">
<p>La Bulimia lleva a una persona a comer desmedidamente, para luego vomitar, aún cuando no tengan hambre y sienten que no pueden controlarlo. La bulimia hace que la gente desee deshacerse de las calorías y comida que ha ingerido a través del vómito o del ejercicio.</p>
<p><a href="http://blog.espol.edu.ec/linaleon/files/2009/08/buuu.jpg"><img loading="lazy" decoding="async" class="aligncenter size-full wp-image-121" src="http://blog.espol.edu.ec/linaleon/files/2009/08/buuu.jpg" alt="vomitar" width="130" height="87" /></a></p>
<p>La gente con bulimia usualmente siente que no tiene control sobre lo que comen; tienden a comer en privado y esconden lo que comen de los demás o comen hasta que se sienten incómodos y exhaustos. Una joven bulímica  llega a sentir vergüenza por su ansiedad de comer, lo que provoca en ella un aislamiento.</p>
<p><img loading="lazy" decoding="async" class="aligncenter size-full wp-image-119" src="http://blog.espol.edu.ec/linaleon/files/2009/08/bulimia.jpg" alt="bulimia" width="104" height="131" /></p>
<p>La bulimia es difícil de detectar con tan solo ver a la persona, ya que los problemas de salud no son tan obvios como en la anorexia. Por ejemplo, alguien puede tener un peso normal, pero aún así tener bulimia.  Sin embargo, la bulimia también es una enfermedad muy seria. Puede causar daño permanente a los dientes, intestinos, estómago, corazón, nervios y metabolismo.[2]</p>
<p><a href="http://blog.espol.edu.ec/linaleon/files/2009/08/edfectos.jpg"><img loading="lazy" decoding="async" class="aligncenter size-full wp-image-120" src="http://blog.espol.edu.ec/linaleon/files/2009/08/edfectos.jpg" alt="consecuencias de la bulimia" width="76" height="143" /></a></div>
<h2 style="text-align: center">&gt;&gt;¿Tendré algún trastorno alimenticio?&lt;&lt;<!-- by linaleon --></h2>
<div class="entry">
<p>A continuación un test para identificarlo:</p>
<ol>
<li>¿Le importa demasido lo que los demás digan de su físico?</li>
<li>¿Se preocupa demasiado por como se ve?</li>
<li>¿Hace dietas estrictas?</li>
<li>¿Hace ejercicio de manera compulsiva?</li>
<li>¿Duerme poco?</li>
<li>¿Siempre dice que ya comió cuando no  ha comido?</li>
<li>¿Si come lo hace compulsivamente?</li>
<li>¿Casi no sale y se deprime con facilidad?</li>
<li>¿Se siente con sobrepeso todo el tiempo?</li>
<li>¿Se obliga a vomitar porque se siente incómodamente llena?</li>
<li>¿Se preocupa por haber perdido el control sobre cuánto come?</li>
<li>¿Se ve usted gorda cuando los demás les dicen lo contrario?</li>
</ol>
<p>Si su respuesta fue sí a la mayor parte de las preguntas le aconsejo visitar el siguiente link</p>
<p><a title="Centro de Salud para mujeres jóvenes" href="http://www.youngwomenshealth.org" target="_blank">www.youngwomenshealth.org</a></p>
<h2 style="text-align: center">&gt;&gt;¡Formemos parte de la solución!&lt;&lt;<!-- by linaleon --></h2>
<div class="entry">
<p>Si bien es cierto solucionar estos trastornos no es muy sencillo, se requiere de mucha ayuda psicológica y sobretodo apoyo familiar.</p>
<p>Pero podemos contribuir a que la solución esté cada vez más cerca.</p>
<p>He aquí unos tips:</p>
<ul>
<li>Cuando te mires al espejo mira solo lo que te gusta de tu cuerpo, no centres tu atención en tus defectos.</li>
<li>No te compares con nadie !todas somos únicas y diferentes!</li>
<li>Piénsalo dos veces antes de criticar el cuerpo de alguien.</li>
<li>A la moda.. ¡pero siempre cómoda!</li>
<li>Recuerda casi todas las modelos de las revistas tienen “ayuda” digital.</li>
<li>Cuando describas a una persona hazlo siempre por su personalidad más no por como se ve.</li>
<li>Date cuenta que nadie es perfecto… ¡la perfección no existe!</li>
<li>Recuerda siempre que cualquier problema que tengas no se va a quedar eternamente en tu vida.</li>
<li>Y sobretodo aprende a valorar tu verdadera belleza, esa que viene de adentro.</li>
</ul>
<p><a href="http://blog.espol.edu.ec/linaleon/files/2009/08/amor.jpg"><img loading="lazy" decoding="async" class="aligncenter size-full wp-image-134" src="http://blog.espol.edu.ec/linaleon/files/2009/08/amor.jpg" alt="Quererse!" width="130" height="120" /></a></p>
<p style="text-align: left"><strong>&gt;&gt;*REFERENCIAS BIBLIOGRÁFICAS*&lt;&lt;</strong></p>
<ol>
<li>
<p style="text-align: left">CENTRO DE SALUD PARA MUJERES JÓVENES (2001), "Información acerca de desórdenes de la alimentación", Obtenido el 8 de agosto de 2009, desde: http://www.youngwomenshealth.org/speating_disorders.html, Guayaquil - Ecuador.</p>
</li>
<li>WIKIPEDIA (2009), "Desórdenes Alimenticios", Obtenido el 8 de agosto de 2009, desde: http://es.wikipedia.org/wiki/Des%C3%B3rdenes_alimenticios, Guayaquil - Ecuador.</li>
</ol>
</div>
</div>

<p>En la actualidad se habla mucho del desorden alimenticio que sufren muchas jóvenes, gran parte de esto se debe al bombardeo de los medios por presentarnos un estereotipo de  mujer modelo. A continuación hablaré un poco más de esto. &gt;&gt;AUTOESTIMA&lt;&lt; Aunque muchas personas no lo noten la principal causa de este problema es la baja [&hellip;]</p>
