{"id":16,"date":"2016-11-07T21:15:45","date_gmt":"2016-11-07T21:15:45","guid":{"rendered":"http:\/\/blog.espol.edu.ec\/liveguti\/?page_id=16"},"modified":"2016-11-12T18:23:19","modified_gmt":"2016-11-12T18:23:19","slug":"comedia","status":"publish","type":"page","link":"https:\/\/blog.espol.edu.ec\/liveguti\/comedia\/","title":{"rendered":"Comedia"},"content":{"rendered":"<pre style=\"text-align: justify\">Hola, les doy la bienvenida a la secci\u00f3n de doramas c\u00f3micos, y les presento mi lista de los doramas que yo he visto, son muy buenos y recomendables, an\u00edmate a ver uno, y ver\u00e1s como quedas enganchado!!<\/pre>\n<h1 style=\"text-align: center\"><\/h1>\n<h1 style=\"text-align: center\"><\/h1>\n<h1 style=\"text-align: center\"><span style=\"color: #800080\"><strong>MI ADORABLE SAM SOON\u00a0<\/strong><\/span><\/h1>\n<p>&nbsp;<\/p>\n<p><a href=\"https:\/\/www.youtube.com\/watch?v=PnLV9jLV-Dg\">https:\/\/www.youtube.com\/watch?v=PnLV9jLV-Dg<\/a><\/p>\n<p><em>Kim Sam soon es una repostera, cuyo novio le es infiel una noche de navidad,decepcionada y con el coraz\u00f3n roto, ingresa al ba\u00f1o de los hombres, donde conoce a su futuro jefe, Jin Huyn, un arrogante e infantil empresario, due\u00f1o de su propio restaurante. Jin Hyun contrata a Sam Soon, y a cambio de un pr\u00e9stamo, le pide a Sam soon que finja ser tu novia delante de su familia. \u00bfSer\u00e1 a caso que surgir\u00e1 el amor entre ellos, por medio de un contrato falso? .<\/em><\/p>\n<p><em>Opini\u00f3n: Mi adorable Sam Soon es un dorama muy c\u00f3mico, generalmente en los doramas tenemos la percepci\u00f3n de una chica t\u00edmida y fr\u00e1gil, pero este dorama rompe el esquema, te invito a que lo veas...!!<\/em><\/p>\n<p>&nbsp;<\/p>\n<hr \/>\n<hr \/>\n<h1 style=\"text-align: center\"><\/h1>\n<h1 style=\"text-align: center\"><\/h1>\n<h1 style=\"text-align: center\"><span style=\"color: #800080\"><strong>A GENTLEMAN'S DIGNITY<\/strong><\/span><\/h1>\n<p>&nbsp;<\/p>\n<p><iframe loading=\"lazy\" title=\"Teaser - A Gentleman&#039;s Dignity\" width=\"580\" height=\"326\" src=\"https:\/\/www.youtube.com\/embed\/yOJ8YEl2GFQ?feature=oembed\" frameborder=\"0\" allow=\"accelerometer; autoplay; clipboard-write; encrypted-media; gyroscope; picture-in-picture; web-share\" referrerpolicy=\"strict-origin-when-cross-origin\" allowfullscreen><\/iframe><\/p>\n<p style=\"text-align: justify\"><em>Es un drama, cuyos protagonistas, son unos realizados hombres cuarentones, quienes se devuelven en conflictos amorosos. D\u00eda\u00a0a d\u00eda\u00a0viven experiencias que seg\u00fan\u00a0ellos les permite \"madurar\".<\/em><\/p>\n<p style=\"text-align: left\"><em>Opinion: Sinceramente creo que es uno de los mejores doramas que he visto, te lo recomiendo, reir\u00e1s mucho.<\/em><\/p>\n<hr \/>\n<hr \/>\n<h1 style=\"text-align: center\"><\/h1>\n<h1 style=\"text-align: center\"><span style=\"color: #800080\"><strong>SHE WAS PRETTY<\/strong><\/span><\/h1>\n<p>&nbsp;<\/p>\n<p><iframe loading=\"lazy\" title=\"Recomendacion De Doramas : Ella Era Bonita !!\" width=\"580\" height=\"326\" src=\"https:\/\/www.youtube.com\/embed\/U0DLgY4jzwY?feature=oembed\" frameborder=\"0\" allow=\"accelerometer; autoplay; clipboard-write; encrypted-media; gyroscope; picture-in-picture; web-share\" referrerpolicy=\"strict-origin-when-cross-origin\" allowfullscreen><\/iframe><\/p>\n<p>\u00bf<em>Puedes olvidar a un amor de la infancia?\u00a0Kim Hye Jin era una ni\u00f1a muy bonita y popular, que conoce a\u00a0Ji Sung Joon, un ni\u00f1o de baja autoestima, a quien sus compa\u00f1eros lo molestaban, se hacen grandes amigos e incluso el se enamora de ella. El ni\u00f1o se marcha al extranjero, y transcurrido 15 a\u00f1os, el vuelve por ella, con la ilusi\u00f3n\u00a0de encontrarse a la misma ni\u00f1a guapa y popular, lo que no sabe es que la vida de Hye Jin cambi\u00f3 completamente, convirti\u00e9ndola\u00a0en una mujer \"algo\" desarreglada.\u00a0<\/em><\/p>\n<p><em>Opini\u00f3n: Es realmente interesante la trama, es como si pensaras que el amor de tu vida esta tan cerca de ti, pero tu no lo sabes, y eso a trav\u00e9s del drama, hace que el espectador se vuelva mas curioso y adictivo.<\/em><\/p>\n","protected":false},"excerpt":{"rendered":"<p>Hola, les doy la bienvenida a la secci\u00f3n de doramas c\u00f3micos, y les presento mi lista de los doramas que yo he visto, son muy buenos y recomendables, an\u00edmate a ver uno, y ver\u00e1s como quedas enganchado!! MI ADORABLE SAM SOON\u00a0 &nbsp; Kim Sam soon es una repostera, cuyo novio le es infiel una noche [&hellip;]<\/p>\n","protected":false},"author":10657,"featured_media":0,"parent":0,"menu_order":0,"comment_status":"closed","ping_status":"closed","template":"","meta":{"footnotes":""},"class_list":["post-16","page","type-page","status-publish","hentry"],"_links":{"self":[{"href":"https:\/\/blog.espol.edu.ec\/liveguti\/wp-json\/wp\/v2\/pages\/16","targetHints":{"allow":["GET"]}}],"collection":[{"href":"https:\/\/blog.espol.edu.ec\/liveguti\/wp-json\/wp\/v2\/pages"}],"about":[{"href":"https:\/\/blog.espol.edu.ec\/liveguti\/wp-json\/wp\/v2\/types\/page"}],"author":[{"embeddable":true,"href":"https:\/\/blog.espol.edu.ec\/liveguti\/wp-json\/wp\/v2\/users\/10657"}],"replies":[{"embeddable":true,"href":"https:\/\/blog.espol.edu.ec\/liveguti\/wp-json\/wp\/v2\/comments?post=16"}],"version-history":[{"count":9,"href":"https:\/\/blog.espol.edu.ec\/liveguti\/wp-json\/wp\/v2\/pages\/16\/revisions"}],"predecessor-version":[{"id":64,"href":"https:\/\/blog.espol.edu.ec\/liveguti\/wp-json\/wp\/v2\/pages\/16\/revisions\/64"}],"wp:attachment":[{"href":"https:\/\/blog.espol.edu.ec\/liveguti\/wp-json\/wp\/v2\/media?parent=16"}],"curies":[{"name":"wp","href":"https:\/\/api.w.org\/{rel}","templated":true}]}}