{"id":25,"date":"2011-12-16T15:22:30","date_gmt":"2011-12-16T15:22:30","guid":{"rendered":"http:\/\/blog.espol.edu.ec\/ljrivade\/?page_id=25"},"modified":"2011-12-16T15:26:28","modified_gmt":"2011-12-16T15:26:28","slug":"bunguee-y-swing","status":"publish","type":"page","link":"https:\/\/blog.espol.edu.ec\/ljrivade\/bunguee-y-swing\/","title":{"rendered":"Bunguee y swing"},"content":{"rendered":"<p align=\"center\"><strong><span style=\"color: #ff0000;font-size: medium\">Bungee<\/span><\/strong><\/p>\n<p align=\"justify\">El bungee es lanzarse al vac\u00edo sujetado con cuerdas por los pies o la cintura con un el\u00e1stico especialmente dise\u00f1ado para estos efectos. En cuanto a la altura puede ser variable, puede ser desde los 30 a 50 metros. La cuerda con se segueta y el arn\u00e9s son implementos de seguridad que se otorga cuando la persona se anima a lanzarse en el bungee. Una vez que la persona se lance y experimente el primer susto de adrenalina, podr\u00e1 sentirte seguro para seguir con el lanzamiento y perfeccionar su brinco las veces que m\u00e1s quiera.<\/p>\n<p align=\"center\"><span style=\"font-size: medium\"><strong><span style=\"color: #ff0000\">Swing o P\u00e9ndulo<\/span><\/strong> <\/span><\/p>\n<p align=\"justify\">Esta disciplina tambi\u00e9n hay vuelo a m\u00e1s de 100 kil\u00f3metros por hora de velocidad. Consiste en una especie de hamaca donde se recuestan los deportistas. Una cuerda sostiene a 50 metros de altura a m\u00e1ximo 3 personas. Y como los trapecistas, desde una plataforma, se lanzan disparados por los aires. Es algo as\u00ed como el barco pirata. Caes, subes y bajas. Movimiento pendular que se repite hasta que no hay m\u00e1s velocidad. En esta disciplina se puede experimentar la sensaci\u00f3n de volar.<\/p>\n<p align=\"justify\"><img loading=\"lazy\" decoding=\"async\" src=\"http:\/\/2.bp.blogspot.com\/__eTsKB_zms4\/S60KZoPog1I\/AAAAAAAAAG4\/jgsVXFFZmgw\/s1600\/bungee1.jpg\" alt=\"\" width=\"450\" height=\"312\" \/><\/p>\n","protected":false},"excerpt":{"rendered":"<p>Bungee El bungee es lanzarse al vac\u00edo sujetado con cuerdas por los pies o la cintura con un el\u00e1stico especialmente dise\u00f1ado para estos efectos. En cuanto a la altura puede ser variable, puede ser desde los 30 a 50 metros. La cuerda con se segueta y el arn\u00e9s son implementos de seguridad que se otorga [&hellip;]<\/p>\n","protected":false},"author":7022,"featured_media":0,"parent":0,"menu_order":0,"comment_status":"open","ping_status":"open","template":"","meta":{"footnotes":""},"class_list":["post-25","page","type-page","status-publish","hentry"],"_links":{"self":[{"href":"https:\/\/blog.espol.edu.ec\/ljrivade\/wp-json\/wp\/v2\/pages\/25","targetHints":{"allow":["GET"]}}],"collection":[{"href":"https:\/\/blog.espol.edu.ec\/ljrivade\/wp-json\/wp\/v2\/pages"}],"about":[{"href":"https:\/\/blog.espol.edu.ec\/ljrivade\/wp-json\/wp\/v2\/types\/page"}],"author":[{"embeddable":true,"href":"https:\/\/blog.espol.edu.ec\/ljrivade\/wp-json\/wp\/v2\/users\/7022"}],"replies":[{"embeddable":true,"href":"https:\/\/blog.espol.edu.ec\/ljrivade\/wp-json\/wp\/v2\/comments?post=25"}],"version-history":[{"count":2,"href":"https:\/\/blog.espol.edu.ec\/ljrivade\/wp-json\/wp\/v2\/pages\/25\/revisions"}],"predecessor-version":[{"id":33,"href":"https:\/\/blog.espol.edu.ec\/ljrivade\/wp-json\/wp\/v2\/pages\/25\/revisions\/33"}],"wp:attachment":[{"href":"https:\/\/blog.espol.edu.ec\/ljrivade\/wp-json\/wp\/v2\/media?parent=25"}],"curies":[{"name":"wp","href":"https:\/\/api.w.org\/{rel}","templated":true}]}}