{"id":2,"date":"2010-11-28T02:56:55","date_gmt":"2010-11-28T02:56:55","guid":{"rendered":""},"modified":"2010-11-30T21:08:28","modified_gmt":"2010-11-30T21:08:28","slug":"about","status":"publish","type":"page","link":"https:\/\/blog.espol.edu.ec\/lucho\/about\/","title":{"rendered":"APplE"},"content":{"rendered":"<p><strong>Apple Inc.<\/strong> es una empresa multinacional\u00a0estadounidense que dise\u00f1a y produce\u00a0equipos electronicos\u00a0y\u00a0software. Entre los productos de\u00a0hardware m\u00e1s conocidos de la empresa se cuenta con equiposMacintosh, el\u00a0iPod e,l\u00a0IPhone y el iPad. Entre el software de Apple se encuentran el sistema operativo Mac OS X, el sistema operativo iOS, el explorador de contenido multimedia iTunes, la suite iLife (software de creatividad y multimedia), la suite iWork (software de productividad), Final Cut Studio (una suite de edici\u00f3n de v\u00eddeo profesional), Logic Studio (software para edici\u00f3n de audio en pistas de audio), Aperture (software para editar im\u00e1genes RAW), y el navegador web Safari.<\/p>\n<p>La empresa opera m\u00e1s de 300 tiendas propias en nueve pa\u00edses, miles de distribuidores (destac\u00e1ndose los distribuidores premium o <em>Apple Premium Resellers<\/em>) y una tienda en l\u00ednea (disponible en varios pa\u00edses) donde se venden sus productos y se presta asesor\u00eda t\u00e9cnica.<img loading=\"lazy\" decoding=\"async\" class=\"alignright\" src=\"http:\/\/www.ohmygeek.net\/wp-content\/uploads\/2009\/05\/apple1.jpg\" alt=\"\" width=\"400\" height=\"466\" \/><a href=\"http:\/\/blog.espol.edu.ec\/lucho\/files\/2010\/11\/apple.pptx\">apple<\/a><\/p>\n","protected":false},"excerpt":{"rendered":"<p>Apple Inc. es una empresa multinacional\u00a0estadounidense que dise\u00f1a y produce\u00a0equipos electronicos\u00a0y\u00a0software. Entre los productos de\u00a0hardware m\u00e1s conocidos de la empresa se cuenta con equiposMacintosh, el\u00a0iPod e,l\u00a0IPhone y el iPad. Entre el software de Apple se encuentran el sistema operativo Mac OS X, el sistema operativo iOS, el explorador de contenido multimedia iTunes, la suite iLife [&hellip;]<\/p>\n","protected":false},"author":5576,"featured_media":0,"parent":0,"menu_order":0,"comment_status":"open","ping_status":"open","template":"","meta":{"footnotes":""},"class_list":["post-2","page","type-page","status-publish","hentry"],"_links":{"self":[{"href":"https:\/\/blog.espol.edu.ec\/lucho\/wp-json\/wp\/v2\/pages\/2","targetHints":{"allow":["GET"]}}],"collection":[{"href":"https:\/\/blog.espol.edu.ec\/lucho\/wp-json\/wp\/v2\/pages"}],"about":[{"href":"https:\/\/blog.espol.edu.ec\/lucho\/wp-json\/wp\/v2\/types\/page"}],"author":[{"embeddable":true,"href":"https:\/\/blog.espol.edu.ec\/lucho\/wp-json\/wp\/v2\/users\/5576"}],"replies":[{"embeddable":true,"href":"https:\/\/blog.espol.edu.ec\/lucho\/wp-json\/wp\/v2\/comments?post=2"}],"version-history":[{"count":5,"href":"https:\/\/blog.espol.edu.ec\/lucho\/wp-json\/wp\/v2\/pages\/2\/revisions"}],"predecessor-version":[{"id":29,"href":"https:\/\/blog.espol.edu.ec\/lucho\/wp-json\/wp\/v2\/pages\/2\/revisions\/29"}],"wp:attachment":[{"href":"https:\/\/blog.espol.edu.ec\/lucho\/wp-json\/wp\/v2\/media?parent=2"}],"curies":[{"name":"wp","href":"https:\/\/api.w.org\/{rel}","templated":true}]}}