{"id":58,"date":"2010-11-30T20:24:35","date_gmt":"2010-11-30T20:24:35","guid":{"rendered":"http:\/\/blog.espol.edu.ec\/lucho\/?page_id=58"},"modified":"2010-11-30T20:24:35","modified_gmt":"2010-11-30T20:24:35","slug":"hp","status":"publish","type":"page","link":"https:\/\/blog.espol.edu.ec\/lucho\/hp\/","title":{"rendered":"Hp"},"content":{"rendered":"<p><a href=\"http:\/\/blog.espol.edu.ec\/lucho\/files\/2010\/11\/Hewlett_-_Packard.pptx\">Hp<\/a>\u00a0entr\u00f3 al campo de las computadoras en 1966 con la 2116A, la primera de la serie HP 1000 dise\u00f1ada para reunir y analizar los datos producidos por instrumentos de HP. Las computadoras HP 1000 son utilizadas para aplicaciones CIM, tales como supervisi\u00f3n y control de procesos, administraci\u00f3n de alarmas y supervisi\u00f3n de m\u00e1quinas.<\/p>\n<p>En 1972, HP se ramific\u00f3, entrando en la inform\u00e1tica comercial con la serie 3000, un sistema multiusuario que se hizo muy conocido por su extremadamente alta fiabilidad, especialmente para esa \u00e9poca. La serie 3000, de gran \u00e9xito, ha continuado siendo la principal serie de computadoras de HP y ha evolucionado hacia una familia completa de computadoras desde micro hasta macrocomputadoras. Tambi\u00e9n en 1972, present\u00f3 la primera calculadora de mano cient\u00edfica, la HP-35, reemplazando la regla de c\u00e1lculo e iniciando una nueva era de calculadoras de bolsillo. En 1982, fue presentada la primera estaci\u00f3n de trabajo HP 9000.<\/p>\n<p>La primera computadora personal de HP fue la Touchscreen 150, una computadora personal con MS-DOS que obtuvo solamente una aceptaci\u00f3n modesta. En 1985, present\u00f3 la VECTRA, una m\u00e1quina basada en el 286 que fue la primera de una l\u00ednea completa de PC compatibles con IBM.<\/p>\n<p>En 1984, HP revolucion\u00f3 el mercado de las impresoras co<img loading=\"lazy\" decoding=\"async\" class=\"alignright\" src=\"http:\/\/www.portatiles4u.com\/wp-content\/uploads\/2008\/01\/hp-pavilion-dv2700.jpg\" alt=\"\" width=\"353\" height=\"318\" \/>n su impresora LaserJet destinada al uso en oficinas, la cual ha establecido el est\u00e1ndar para la industria.<\/p>\n<p>En 1986, present\u00f3 un nuevo dise\u00f1o interno para sus familias 3000 y 9000 que condujo a la compa\u00f1\u00eda a los a\u00f1os 90. La nueva HP Precision Architecture proporciona un importante aumento en el rendimiento.<\/p>\n","protected":false},"excerpt":{"rendered":"<p>Hp\u00a0entr\u00f3 al campo de las computadoras en 1966 con la 2116A, la primera de la serie HP 1000 dise\u00f1ada para reunir y analizar los datos producidos por instrumentos de HP. Las computadoras HP 1000 son utilizadas para aplicaciones CIM, tales como supervisi\u00f3n y control de procesos, administraci\u00f3n de alarmas y supervisi\u00f3n de m\u00e1quinas. En 1972, [&hellip;]<\/p>\n","protected":false},"author":5576,"featured_media":0,"parent":0,"menu_order":0,"comment_status":"open","ping_status":"open","template":"","meta":{"footnotes":""},"class_list":["post-58","page","type-page","status-publish","hentry"],"_links":{"self":[{"href":"https:\/\/blog.espol.edu.ec\/lucho\/wp-json\/wp\/v2\/pages\/58","targetHints":{"allow":["GET"]}}],"collection":[{"href":"https:\/\/blog.espol.edu.ec\/lucho\/wp-json\/wp\/v2\/pages"}],"about":[{"href":"https:\/\/blog.espol.edu.ec\/lucho\/wp-json\/wp\/v2\/types\/page"}],"author":[{"embeddable":true,"href":"https:\/\/blog.espol.edu.ec\/lucho\/wp-json\/wp\/v2\/users\/5576"}],"replies":[{"embeddable":true,"href":"https:\/\/blog.espol.edu.ec\/lucho\/wp-json\/wp\/v2\/comments?post=58"}],"version-history":[{"count":1,"href":"https:\/\/blog.espol.edu.ec\/lucho\/wp-json\/wp\/v2\/pages\/58\/revisions"}],"predecessor-version":[{"id":60,"href":"https:\/\/blog.espol.edu.ec\/lucho\/wp-json\/wp\/v2\/pages\/58\/revisions\/60"}],"wp:attachment":[{"href":"https:\/\/blog.espol.edu.ec\/lucho\/wp-json\/wp\/v2\/media?parent=58"}],"curies":[{"name":"wp","href":"https:\/\/api.w.org\/{rel}","templated":true}]}}