{"id":73,"date":"2011-01-23T22:14:58","date_gmt":"2011-01-23T22:14:58","guid":{"rendered":"http:\/\/blog.espol.edu.ec\/lucho\/?page_id=73"},"modified":"2011-01-23T23:49:03","modified_gmt":"2011-01-23T23:49:03","slug":"gis","status":"publish","type":"page","link":"https:\/\/blog.espol.edu.ec\/lucho\/gis\/","title":{"rendered":"GiS"},"content":{"rendered":"<p>Un <strong>Sistema de Informaci\u00f3n Geogr\u00e1fica<\/strong> (<strong>SIG<\/strong> o <strong>GIS<\/strong>, en su acr\u00f3nimo ingl\u00e9s [Geographic Information System]) es una integraci\u00f3n organizada de <em>hardware<\/em>, <em>software<\/em> y datos geogr\u00e1ficos dise\u00f1ada para capturar, almacenar, manipular, analizar y desplegar en todas sus formas la informaci\u00f3n geogr\u00e1ficamente referenciada con el fin de <strong>resolver problemas complejos de planificaci\u00f3n y gesti\u00f3n<\/strong>. Tambi\u00e9n puede definirse como un modelo de una parte de la realidad referido a un sistema de coordenadas terrestre y construido para satisfacer unas necesidades concretas de informaci\u00f3n. En el sentido m\u00e1s estricto, es cualquier sistema de informaci\u00f3n capaz de integrar, almacenar, editar, analizar, compartir y mostrar la informaci\u00f3n geogr\u00e1ficamente referenciada. En un sentido m\u00e1s gen\u00e9rico, los SIG son herramientas que permiten a los usuarios crear consultas interactivas, analizar la informaci\u00f3n espacial, editar datos, mapas y presentar los resultados de todas estas operaciones.<\/p>\n<p>La tecnolog\u00eda de los Sistemas de Informaci\u00f3n Geogr\u00e1fica puede ser utilizada para investigaciones cient\u00edficas, la gesti\u00f3n de los recursos, gesti\u00f3n de activos, la arqueolog\u00eda, la evaluaci\u00f3n del impacto ambiental, la planificaci\u00f3n urbana, la cartograf\u00eda, la sociolog\u00eda, la geograf\u00eda hist\u00f3rica, el marketing, la log\u00edstica por nombrar unos pocos. Por ejemplo, un SIG podr\u00eda permitir a los grupos de emergencia calcular f\u00e1cilmente los tiempos de respuesta en caso de un desastre natural, el SIG puede ser usado para encontrar los humedales que necesitan protecci\u00f3n contra la contaminaci\u00f3n, o pueden ser utilizados por una empresa para ubicar un nuevo negocio y aprovechar las ventajas de una zona de mercado con escasa competencia.<img loading=\"lazy\" decoding=\"async\" class=\"alignright\" title=\"Gis\" src=\"http:\/\/ssnds.uwo.ca\/sscnetworkupdate\/2006winter\/images\/gis.jpg\" alt=\"\" width=\"548\" height=\"607\" \/><\/p>\n<p>TIPOS DE SOFTWARE:<\/p>\n<p><a href=\"http:\/\/blog.espol.edu.ec\/lucho\/files\/2011\/01\/GEOserver+EXPO.pptx\">GEOSERVER<\/a><\/p>\n<p><a href=\"http:\/\/blog.espol.edu.ec\/lucho\/files\/2011\/01\/GIS+-+ILWIS.pptx\">ILWIS<\/a><\/p>\n<p><a href=\"http:\/\/blog.espol.edu.ec\/lucho\/files\/2011\/01\/Kosmo+%281%29.pptx\">KOSMO<\/a><\/p>\n<p><a href=\"http:\/\/blog.espol.edu.ec\/lucho\/files\/2011\/01\/LocalGIS.ppt\">LOCALGIS<\/a><\/p>\n<p><a href=\"http:\/\/blog.espol.edu.ec\/lucho\/files\/2011\/01\/MAPSERVER.pptx\">MAPSERVER<\/a><\/p>\n<p><a href=\"http:\/\/blog.espol.edu.ec\/lucho\/files\/2011\/01\/SAGA+GIS+%28Figueroa%2C+Salgado%2C+Quinto%29.pptx\">SAGA1<\/a>; <a href=\"http:\/\/blog.espol.edu.ec\/lucho\/files\/2011\/01\/Software+SAGA.pptx\">SAGA2<\/a><\/p>\n","protected":false},"excerpt":{"rendered":"<p>Un Sistema de Informaci\u00f3n Geogr\u00e1fica (SIG o GIS, en su acr\u00f3nimo ingl\u00e9s [Geographic Information System]) es una integraci\u00f3n organizada de hardware, software y datos geogr\u00e1ficos dise\u00f1ada para capturar, almacenar, manipular, analizar y desplegar en todas sus formas la informaci\u00f3n geogr\u00e1ficamente referenciada con el fin de resolver problemas complejos de planificaci\u00f3n y gesti\u00f3n. Tambi\u00e9n puede definirse [&hellip;]<\/p>\n","protected":false},"author":5576,"featured_media":0,"parent":0,"menu_order":0,"comment_status":"open","ping_status":"open","template":"","meta":{"footnotes":""},"class_list":["post-73","page","type-page","status-publish","hentry"],"_links":{"self":[{"href":"https:\/\/blog.espol.edu.ec\/lucho\/wp-json\/wp\/v2\/pages\/73","targetHints":{"allow":["GET"]}}],"collection":[{"href":"https:\/\/blog.espol.edu.ec\/lucho\/wp-json\/wp\/v2\/pages"}],"about":[{"href":"https:\/\/blog.espol.edu.ec\/lucho\/wp-json\/wp\/v2\/types\/page"}],"author":[{"embeddable":true,"href":"https:\/\/blog.espol.edu.ec\/lucho\/wp-json\/wp\/v2\/users\/5576"}],"replies":[{"embeddable":true,"href":"https:\/\/blog.espol.edu.ec\/lucho\/wp-json\/wp\/v2\/comments?post=73"}],"version-history":[{"count":5,"href":"https:\/\/blog.espol.edu.ec\/lucho\/wp-json\/wp\/v2\/pages\/73\/revisions"}],"predecessor-version":[{"id":76,"href":"https:\/\/blog.espol.edu.ec\/lucho\/wp-json\/wp\/v2\/pages\/73\/revisions\/76"}],"wp:attachment":[{"href":"https:\/\/blog.espol.edu.ec\/lucho\/wp-json\/wp\/v2\/media?parent=73"}],"curies":[{"name":"wp","href":"https:\/\/api.w.org\/{rel}","templated":true}]}}