{"id":128,"date":"2010-07-15T02:26:31","date_gmt":"2010-07-15T02:26:31","guid":{"rendered":"http:\/\/blog.espol.edu.ec\/luisleal\/?page_id=128"},"modified":"2010-07-15T02:26:31","modified_gmt":"2010-07-15T02:26:31","slug":"escojamos-la-camisa-de-emelec","status":"publish","type":"page","link":"https:\/\/blog.espol.edu.ec\/luisleal\/escojamos-la-camisa-de-emelec\/","title":{"rendered":"Escojamos la camisa de Emelec"},"content":{"rendered":"<p>Siguiendo el mismo m\u00e9todo con que se escogi\u00f3 la actual camiseta del \u201cbombillo\u201d, nuevamente el Club Sport Emelec invita a su hinchada a que eliga la pr\u00f3xima \u201cpiel\u201d emelecista.<\/p>\n<p>S\u00f3lo tienes que dar click en el banner que aparece en la parte inferior de esta noticia y se abrir\u00e1 una ventana donde se mostrar\u00e1n, esta vez, 5 opciones con sus respectivos botones para que voten por el que m\u00e1s les agrada, automaticamente se registrara tu elecci\u00f3n en la<a title=\"pagina oficial\" href=\"http:\/\/www.emelec.com.ec\/\"> p\u00e1gina oficial del club<\/a><\/p>\n<p>Los resultados se ir\u00e1n publicando en tiempo real y la camiseta ganadora ser\u00e1 utilizada oficialmente por Emelec.<br \/>\n<a href=\"http:\/\/www.emelec.com.ec\/banner_camisetas_next.php\" target=\"_blank\"><img loading=\"lazy\" decoding=\"async\" src=\"http:\/\/img149.imageshack.us\/img149\/3787\/camisetaemelec2011.jpg\" alt=\"\" width=\"495\" height=\"275\" \/><\/a><\/p>\n","protected":false},"excerpt":{"rendered":"<p>Siguiendo el mismo m\u00e9todo con que se escogi\u00f3 la actual camiseta del \u201cbombillo\u201d, nuevamente el Club Sport Emelec invita a su hinchada a que eliga la pr\u00f3xima \u201cpiel\u201d emelecista. S\u00f3lo tienes que dar click en el banner que aparece en la parte inferior de esta noticia y se abrir\u00e1 una ventana donde se mostrar\u00e1n, esta [&hellip;]<\/p>\n","protected":false},"author":4458,"featured_media":0,"parent":0,"menu_order":0,"comment_status":"open","ping_status":"open","template":"","meta":{"footnotes":""},"class_list":["post-128","page","type-page","status-publish","hentry"],"_links":{"self":[{"href":"https:\/\/blog.espol.edu.ec\/luisleal\/wp-json\/wp\/v2\/pages\/128","targetHints":{"allow":["GET"]}}],"collection":[{"href":"https:\/\/blog.espol.edu.ec\/luisleal\/wp-json\/wp\/v2\/pages"}],"about":[{"href":"https:\/\/blog.espol.edu.ec\/luisleal\/wp-json\/wp\/v2\/types\/page"}],"author":[{"embeddable":true,"href":"https:\/\/blog.espol.edu.ec\/luisleal\/wp-json\/wp\/v2\/users\/4458"}],"replies":[{"embeddable":true,"href":"https:\/\/blog.espol.edu.ec\/luisleal\/wp-json\/wp\/v2\/comments?post=128"}],"version-history":[{"count":2,"href":"https:\/\/blog.espol.edu.ec\/luisleal\/wp-json\/wp\/v2\/pages\/128\/revisions"}],"predecessor-version":[{"id":130,"href":"https:\/\/blog.espol.edu.ec\/luisleal\/wp-json\/wp\/v2\/pages\/128\/revisions\/130"}],"wp:attachment":[{"href":"https:\/\/blog.espol.edu.ec\/luisleal\/wp-json\/wp\/v2\/media?parent=128"}],"curies":[{"name":"wp","href":"https:\/\/api.w.org\/{rel}","templated":true}]}}