{"id":256,"date":"2010-05-20T11:25:03","date_gmt":"2010-05-20T15:25:03","guid":{"rendered":"http:\/\/blog.espol.edu.ec\/maad\/?page_id=256"},"modified":"2010-05-20T17:03:42","modified_gmt":"2010-05-20T21:03:42","slug":"pu2","status":"publish","type":"page","link":"https:\/\/blog.espol.edu.ec\/maad\/pu2\/","title":{"rendered":"PU2"},"content":{"rendered":"<p style=\"text-align: justify\">Apartado creado para los estudiantes de la materia Programas Utilitarios II. En dicho apartado pondr\u00e9 a disposici\u00f3n el material de apoyo, videos tutoriales y dem\u00e1s recursos \u00fatiles para el aprendizaje de la materia.<\/p>\n<h2><strong>Introducci\u00f3n a Microsoft Access 2007.<\/strong><\/h2>\n<p><object width=\"480\" height=\"385\"><param name=\"allowFullScreen\" value=\"true\" \/><param name=\"allowscriptaccess\" value=\"always\" \/><param name=\"src\" value=\"http:\/\/www.youtube.com\/v\/qui2ZCI73mQ&amp;hl=es_ES&amp;fs=1&amp;\" \/><param name=\"allowfullscreen\" value=\"true\" \/><embed type=\"application\/x-shockwave-flash\" width=\"480\" height=\"385\" src=\"http:\/\/www.youtube.com\/v\/qui2ZCI73mQ&amp;hl=es_ES&amp;fs=1&amp;\"><\/embed><\/object><\/p>\n<h2><strong>\u00bfPor qu\u00e9 necesitamos las Bases de Datos?<\/strong><\/h2>\n<p><object width=\"480\" height=\"385\"><param name=\"allowFullScreen\" value=\"true\" \/><param name=\"allowscriptaccess\" value=\"always\" \/><param name=\"src\" value=\"http:\/\/www.youtube.com\/v\/cfh52xDIuRg&amp;hl=es_ES&amp;fs=1&amp;\" \/><param name=\"allowfullscreen\" value=\"true\" \/><embed type=\"application\/x-shockwave-flash\" width=\"480\" height=\"385\" src=\"http:\/\/www.youtube.com\/v\/cfh52xDIuRg&amp;hl=es_ES&amp;fs=1&amp;\"><\/embed><\/object><\/p>\n<h2><strong>Abrir Access y una nueva base de datos.<\/strong><\/h2>\n<p><object width=\"480\" height=\"385\"><param name=\"allowFullScreen\" value=\"true\" \/><param name=\"allowscriptaccess\" value=\"always\" \/><param name=\"src\" value=\"http:\/\/www.youtube.com\/v\/IwEvLT9YfLU&amp;hl=es_ES&amp;fs=1&amp;\" \/><param name=\"allowfullscreen\" value=\"true\" \/><embed type=\"application\/x-shockwave-flash\" width=\"480\" height=\"385\" src=\"http:\/\/www.youtube.com\/v\/IwEvLT9YfLU&amp;hl=es_ES&amp;fs=1&amp;\"><\/embed><\/object><\/p>\n<h2><strong>Crear una nueva Tabla en vista de dise\u00f1o.<\/strong><\/h2>\n<p><object width=\"480\" height=\"385\"><param name=\"allowFullScreen\" value=\"true\" \/><param name=\"allowscriptaccess\" value=\"always\" \/><param name=\"src\" value=\"http:\/\/www.youtube.com\/v\/vjLzGT8xKAg&amp;hl=es_ES&amp;fs=1&amp;\" \/><param name=\"allowfullscreen\" value=\"true\" \/><embed type=\"application\/x-shockwave-flash\" width=\"480\" height=\"385\" src=\"http:\/\/www.youtube.com\/v\/vjLzGT8xKAg&amp;hl=es_ES&amp;fs=1&amp;\"><\/embed><\/object><\/p>\n<h2><strong>Configurar Tablas y Campos.<\/strong><\/h2>\n<p><object width=\"480\" height=\"385\"><param name=\"allowFullScreen\" value=\"true\" \/><param name=\"allowscriptaccess\" value=\"always\" \/><param name=\"src\" value=\"http:\/\/www.youtube.com\/v\/aKUsJvqB9gk&amp;hl=es_ES&amp;fs=1&amp;\" \/><param name=\"allowfullscreen\" value=\"true\" \/><embed type=\"application\/x-shockwave-flash\" width=\"480\" height=\"385\" src=\"http:\/\/www.youtube.com\/v\/aKUsJvqB9gk&amp;hl=es_ES&amp;fs=1&amp;\"><\/embed><\/object><\/p>\n<h2><strong>Construyendo Relaciones entre Tablas.<\/strong><\/h2>\n<p><object width=\"480\" height=\"385\"><param name=\"allowFullScreen\" value=\"true\" \/><param name=\"allowscriptaccess\" value=\"always\" \/><param name=\"src\" value=\"http:\/\/www.youtube.com\/v\/eblsNxBM3mo&amp;hl=es_ES&amp;fs=1&amp;\" \/><param name=\"allowfullscreen\" value=\"true\" \/><embed type=\"application\/x-shockwave-flash\" width=\"480\" height=\"385\" src=\"http:\/\/www.youtube.com\/v\/eblsNxBM3mo&amp;hl=es_ES&amp;fs=1&amp;\"><\/embed><\/object><\/p>\n<h2><strong>Ingresar y Editar Datos en Tablas.<\/strong><\/h2>\n<p><object width=\"480\" height=\"385\"><param name=\"allowFullScreen\" value=\"true\" \/><param name=\"allowscriptaccess\" value=\"always\" \/><param name=\"src\" value=\"http:\/\/www.youtube.com\/v\/JsDc-bB2Als&amp;hl=es_ES&amp;fs=1&amp;\" \/><param name=\"allowfullscreen\" value=\"true\" \/><embed type=\"application\/x-shockwave-flash\" width=\"480\" height=\"385\" src=\"http:\/\/www.youtube.com\/v\/JsDc-bB2Als&amp;hl=es_ES&amp;fs=1&amp;\"><\/embed><\/object><\/p>\n<h2><strong>Crear y Usar Formularios.<\/strong><\/h2>\n<p><object width=\"480\" height=\"385\"><param name=\"allowFullScreen\" value=\"true\" \/><param name=\"allowscriptaccess\" value=\"always\" \/><param name=\"src\" value=\"http:\/\/www.youtube.com\/v\/WgoC1bN8r9o&amp;hl=es_ES&amp;fs=1&amp;\" \/><param name=\"allowfullscreen\" value=\"true\" \/><embed type=\"application\/x-shockwave-flash\" width=\"480\" height=\"385\" src=\"http:\/\/www.youtube.com\/v\/WgoC1bN8r9o&amp;hl=es_ES&amp;fs=1&amp;\"><\/embed><\/object><\/p>\n<h2><strong>Crear Formularios m\u00e1s \u00datiles con Controles.<\/strong><\/h2>\n<p><object width=\"480\" height=\"385\"><param name=\"allowFullScreen\" value=\"true\" \/><param name=\"allowscriptaccess\" value=\"always\" \/><param name=\"src\" value=\"http:\/\/www.youtube.com\/v\/IZUvg3xJ2Fo&amp;hl=es_ES&amp;fs=1&amp;\" \/><param name=\"allowfullscreen\" value=\"true\" \/><embed type=\"application\/x-shockwave-flash\" width=\"480\" height=\"385\" src=\"http:\/\/www.youtube.com\/v\/IZUvg3xJ2Fo&amp;hl=es_ES&amp;fs=1&amp;\"><\/embed><\/object><\/p>\n<h2><strong>Crear Formularios m\u00e1s Atractivos.<\/strong><\/h2>\n<p><object width=\"480\" height=\"385\"><param name=\"allowFullScreen\" value=\"true\" \/><param name=\"allowscriptaccess\" value=\"always\" \/><param name=\"src\" value=\"http:\/\/www.youtube.com\/v\/yf8z2OOvU9s&amp;hl=es_ES&amp;fs=1&amp;\" \/><param name=\"allowfullscreen\" value=\"true\" \/><embed type=\"application\/x-shockwave-flash\" width=\"480\" height=\"385\" src=\"http:\/\/www.youtube.com\/v\/yf8z2OOvU9s&amp;hl=es_ES&amp;fs=1&amp;\"><\/embed><\/object><\/p>\n<h2><strong>Organizar Registros.<\/strong><\/h2>\n<p><object width=\"480\" height=\"385\"><param name=\"allowFullScreen\" value=\"true\" \/><param name=\"allowscriptaccess\" value=\"always\" \/><param name=\"src\" value=\"http:\/\/www.youtube.com\/v\/c2x1CnRsGI0&amp;hl=es_ES&amp;fs=1&amp;\" \/><param name=\"allowfullscreen\" value=\"true\" \/><embed type=\"application\/x-shockwave-flash\" width=\"480\" height=\"385\" src=\"http:\/\/www.youtube.com\/v\/c2x1CnRsGI0&amp;hl=es_ES&amp;fs=1&amp;\"><\/embed><\/object><\/p>\n<h2><strong>Filtrar Registros.<\/strong><\/h2>\n<p><object width=\"480\" height=\"385\"><param name=\"allowFullScreen\" value=\"true\" \/><param name=\"allowscriptaccess\" value=\"always\" \/><param name=\"src\" value=\"http:\/\/www.youtube.com\/v\/NxCu_1Rnt0Y&amp;hl=es_ES&amp;fs=1&amp;\" \/><param name=\"allowfullscreen\" value=\"true\" \/><embed type=\"application\/x-shockwave-flash\" width=\"480\" height=\"385\" src=\"http:\/\/www.youtube.com\/v\/NxCu_1Rnt0Y&amp;hl=es_ES&amp;fs=1&amp;\"><\/embed><\/object><\/p>\n<h2><strong>Consultas con Sentido Para Usted (1 Parte).<\/strong><\/h2>\n<p><object width=\"480\" height=\"385\"><param name=\"allowFullScreen\" value=\"true\" \/><param name=\"allowscriptaccess\" value=\"always\" \/><param name=\"src\" value=\"http:\/\/www.youtube.com\/v\/Igrasu5RVzI&amp;hl=es_ES&amp;fs=1&amp;\" \/><param name=\"allowfullscreen\" value=\"true\" \/><embed type=\"application\/x-shockwave-flash\" width=\"480\" height=\"385\" src=\"http:\/\/www.youtube.com\/v\/Igrasu5RVzI&amp;hl=es_ES&amp;fs=1&amp;\"><\/embed><\/object><\/p>\n<h2><strong>Consultas con Sentido Para Usted (2 Parte).<\/strong><\/h2>\n<p><object width=\"480\" height=\"385\"><param name=\"allowFullScreen\" value=\"true\" \/><param name=\"allowscriptaccess\" value=\"always\" \/><param name=\"src\" value=\"http:\/\/www.youtube.com\/v\/RVHJlogdNbo&amp;hl=es_ES&amp;fs=1&amp;\" \/><param name=\"allowfullscreen\" value=\"true\" \/><embed type=\"application\/x-shockwave-flash\" width=\"480\" height=\"385\" src=\"http:\/\/www.youtube.com\/v\/RVHJlogdNbo&amp;hl=es_ES&amp;fs=1&amp;\"><\/embed><\/object><\/p>\n<h2><strong>C\u00f3mo hacer Reportes.<\/strong><\/h2>\n<p><object width=\"480\" height=\"385\"><param name=\"allowFullScreen\" value=\"true\" \/><param name=\"allowscriptaccess\" value=\"always\" \/><param name=\"src\" value=\"http:\/\/www.youtube.com\/v\/MJmFqDKbjPw&amp;hl=es_ES&amp;fs=1&amp;\" \/><param name=\"allowfullscreen\" value=\"true\" \/><embed type=\"application\/x-shockwave-flash\" width=\"480\" height=\"385\" src=\"http:\/\/www.youtube.com\/v\/MJmFqDKbjPw&amp;hl=es_ES&amp;fs=1&amp;\"><\/embed><\/object><\/p>\n","protected":false},"excerpt":{"rendered":"<p>Apartado creado para los estudiantes de la materia Programas Utilitarios II. En dicho apartado pondr\u00e9 a disposici\u00f3n el material de apoyo, videos tutoriales y dem\u00e1s recursos \u00fatiles para el aprendizaje de la materia. Introducci\u00f3n a Microsoft Access 2007. \u00bfPor qu\u00e9 necesitamos las Bases de Datos? Abrir Access y una nueva base de datos. Crear una [&hellip;]<\/p>\n","protected":false},"author":1477,"featured_media":0,"parent":0,"menu_order":4,"comment_status":"open","ping_status":"open","template":"","meta":{"footnotes":""},"class_list":["post-256","page","type-page","status-publish","hentry"],"_links":{"self":[{"href":"https:\/\/blog.espol.edu.ec\/maad\/wp-json\/wp\/v2\/pages\/256","targetHints":{"allow":["GET"]}}],"collection":[{"href":"https:\/\/blog.espol.edu.ec\/maad\/wp-json\/wp\/v2\/pages"}],"about":[{"href":"https:\/\/blog.espol.edu.ec\/maad\/wp-json\/wp\/v2\/types\/page"}],"author":[{"embeddable":true,"href":"https:\/\/blog.espol.edu.ec\/maad\/wp-json\/wp\/v2\/users\/1477"}],"replies":[{"embeddable":true,"href":"https:\/\/blog.espol.edu.ec\/maad\/wp-json\/wp\/v2\/comments?post=256"}],"version-history":[{"count":17,"href":"https:\/\/blog.espol.edu.ec\/maad\/wp-json\/wp\/v2\/pages\/256\/revisions"}],"predecessor-version":[{"id":258,"href":"https:\/\/blog.espol.edu.ec\/maad\/wp-json\/wp\/v2\/pages\/256\/revisions\/258"}],"wp:attachment":[{"href":"https:\/\/blog.espol.edu.ec\/maad\/wp-json\/wp\/v2\/media?parent=256"}],"curies":[{"name":"wp","href":"https:\/\/api.w.org\/{rel}","templated":true}]}}