{"id":2,"date":"2015-06-10T16:52:53","date_gmt":"2015-06-10T16:52:53","guid":{"rendered":"http:\/\/blog.espol.edu.ec\/macampan\/?page_id=2"},"modified":"2015-06-26T03:56:46","modified_gmt":"2015-06-26T03:56:46","slug":"generosmusicales","status":"publish","type":"page","link":"https:\/\/blog.espol.edu.ec\/macampan\/generosmusicales\/","title":{"rendered":"G\u00e9neros Musicales"},"content":{"rendered":"<p style=\"text-align: justify\">Hablemos del famoso Rock n' Roll: La palabra \"Rock\", hace referencia a un g\u00e9nero de m\u00fasica muy marcado. Nace en la \u00e9poca de 1950 de la mezcla del blues con el country y otros estilos. Hoy por hoy se utiliza el t\u00e9rmino \"Rock\" para referirse a los g\u00e9neros modernos de esta rama. Uno de los artistas m\u00e1s conocidos de este g\u00e9nero musical es el recordad\u00edsimo \"Rey del Rock and Roll\", Elvis Presley (1935-1977)<\/p>\n<p style=\"text-align: justify\">Pop: Nace en Inglaterra, a inicios de la d\u00e9cada del sesenta. Caracterizado por tener una estructura sencilla, llena de melod\u00eda y con mucho apego ante los o\u00eddos. Modalidad: Verso-Estribillo-Verso. El mejor representante de este g\u00e9nero, una leyenda, Michael Jackson, El Rey Del Pop.<\/p>\n<p style=\"text-align: justify\">Rap: Desde la mitad del siglo XX a la actualidad, Estados Unidos ha dado vida a uno de los g\u00e9neros m\u00e1s contradictorios y pegajosos de todos los tiempos. Una recitado de letras con un ritmo, que demuestran historias, hechos, situaciones, de todo... Ha sido mayormente asociado con la raza negra, pero en el mundo globalizado hasta los Koreanos rapean. De los artistas destacados en la actualidad aunque son varios y varios... tenemos a Eminen y Snoop-Dog.<\/p>\n<p style=\"text-align: justify\">Reggae: Jamaica tiene su representante en el \u00e1mbito de la m\u00fasica, este ritmo jamaiquino ha sido muy pegajoso y admirado por el mundo de los rastas. Un ritmo repetitivo que atrapa. Bob Marley, otra leyenda con su respectivo g\u00e9nero.<\/p>\n<p style=\"text-align: justify\">Salsa: Si lo que quieres es bailar, la salsa es uno de los g\u00e9neros preferidos sobretodo en Am\u00e9rica latina para encender las fiestas. Nacido en pa\u00edses del Caribe como Cuba, Puerto Rico y Rep\u00fablica Dominicana. El uso de instrumentos tropicales proporcionan un excelente ritmo para bailar de forma exquisita.<\/p>\n<p>&nbsp;<\/p>\n<p><a href=\"http:\/\/blog.espol.edu.ec\/macampan\/files\/2015\/06\/iG5eVduy49b3K.jpg\"><img loading=\"lazy\" decoding=\"async\" class=\" size-medium wp-image-6 aligncenter\" src=\"http:\/\/blog.espol.edu.ec\/macampan\/files\/2015\/06\/iG5eVduy49b3K-300x188.jpg\" alt=\"iG5eVduy49b3K\" width=\"300\" height=\"188\" srcset=\"https:\/\/blog.espol.edu.ec\/macampan\/files\/2015\/06\/iG5eVduy49b3K-300x188.jpg 300w, https:\/\/blog.espol.edu.ec\/macampan\/files\/2015\/06\/iG5eVduy49b3K-1024x640.jpg 1024w, https:\/\/blog.espol.edu.ec\/macampan\/files\/2015\/06\/iG5eVduy49b3K.jpg 1152w\" sizes=\"auto, (max-width: 300px) 100vw, 300px\" \/><\/a><\/p>\n","protected":false},"excerpt":{"rendered":"<p>Hablemos del famoso Rock n' Roll: La palabra \"Rock\", hace referencia a un g\u00e9nero de m\u00fasica muy marcado. Nace en la \u00e9poca de 1950 de la mezcla del blues con el country y otros estilos. Hoy por hoy se utiliza &hellip; <a href=\"https:\/\/blog.espol.edu.ec\/macampan\/generosmusicales\/\">Sigue leyendo <span class=\"meta-nav\">&rarr;<\/span><\/a><\/p>\n","protected":false},"author":9793,"featured_media":0,"parent":0,"menu_order":0,"comment_status":"open","ping_status":"open","template":"","meta":{"footnotes":""},"class_list":["post-2","page","type-page","status-publish","hentry"],"_links":{"self":[{"href":"https:\/\/blog.espol.edu.ec\/macampan\/wp-json\/wp\/v2\/pages\/2","targetHints":{"allow":["GET"]}}],"collection":[{"href":"https:\/\/blog.espol.edu.ec\/macampan\/wp-json\/wp\/v2\/pages"}],"about":[{"href":"https:\/\/blog.espol.edu.ec\/macampan\/wp-json\/wp\/v2\/types\/page"}],"author":[{"embeddable":true,"href":"https:\/\/blog.espol.edu.ec\/macampan\/wp-json\/wp\/v2\/users\/9793"}],"replies":[{"embeddable":true,"href":"https:\/\/blog.espol.edu.ec\/macampan\/wp-json\/wp\/v2\/comments?post=2"}],"version-history":[{"count":2,"href":"https:\/\/blog.espol.edu.ec\/macampan\/wp-json\/wp\/v2\/pages\/2\/revisions"}],"predecessor-version":[{"id":15,"href":"https:\/\/blog.espol.edu.ec\/macampan\/wp-json\/wp\/v2\/pages\/2\/revisions\/15"}],"wp:attachment":[{"href":"https:\/\/blog.espol.edu.ec\/macampan\/wp-json\/wp\/v2\/media?parent=2"}],"curies":[{"name":"wp","href":"https:\/\/api.w.org\/{rel}","templated":true}]}}